66.249.70.130 - - [20/May/2026:00:22:55 +0000] "GET /?goods/116035185 HTTP/1.1" 200 6 "-" "Mozilla/5.0 (Linux; Android 6.0.1; Nexus 5X Build/MMB29P) AppleWebKit/537.36 (KHTML, like Gecko) Chrome/148.0.7778.96 Mobile Safari/537.36 (compatible; Googlebot/2.1; +http://www.google.com/bot.html)"
66.249.64.130 - - [20/May/2026:00:22:55 +0000] "GET /q-~91w2RE0m5fyVbeHRlXYeWSHSnvoB6Kdj266/ HTTP/1.1" 200 6 "-" "Mozilla/5.0 (Linux; Android 6.0.1; Nexus 5X Build/MMB29P) AppleWebKit/537.36 (KHTML, like Gecko) Chrome/148.0.7778.96 Mobile Safari/537.36 (compatible; Googlebot/2.1; +http://www.google.com/bot.html)"
66.249.70.129 - - [20/May/2026:00:22:55 +0000] "GET /?goods/081028035 HTTP/1.1" 200 6 "-" "Mozilla/5.0 (Linux; Android 6.0.1; Nexus 5X Build/MMB29P) AppleWebKit/537.36 (KHTML, like Gecko) Chrome/148.0.7778.96 Mobile Safari/537.36 (compatible; Googlebot/2.1; +http://www.google.com/bot.html)"
66.249.64.130 - - [20/May/2026:00:23:18 +0000] "GET /136002266 HTTP/1.1" 200 6 "-" "Mozilla/5.0 (Linux; Android 6.0.1; Nexus 5X Build/MMB29P) AppleWebKit/537.36 (KHTML, like Gecko) Chrome/148.0.7778.96 Mobile Safari/537.36 (compatible; Googlebot/2.1; +http://www.google.com/bot.html)"
157.55.39.59 - - [20/May/2026:00:23:31 +0000] "GET /725268942?product=0724516770 HTTP/1.1" 200 6 "-" "Mozilla/5.0 AppleWebKit/537.36 (KHTML, like Gecko; compatible; bingbot/2.0; +http://www.bing.com/bingbot.htm) Chrome/116.0.1938.76 Safari/537.36"
207.46.13.155 - - [20/May/2026:00:23:39 +0000] "GET /3215303371?product=3211965494 HTTP/1.1" 200 6 "-" "Mozilla/5.0 AppleWebKit/537.36 (KHTML, like Gecko; compatible; bingbot/2.0; +http://www.bing.com/bingbot.htm) Chrome/116.0.1938.76 Safari/537.36"
66.249.70.130 - - [20/May/2026:00:23:40 +0000] "GET /q-~157GLtYtZi6fWEKMVlWFKGNeIkVNyV2bH45434/ HTTP/1.1" 200 6 "-" "Mozilla/5.0 (Linux; Android 6.0.1; Nexus 5X Build/MMB29P) AppleWebKit/537.36 (KHTML, like Gecko) Chrome/148.0.7778.96 Mobile Safari/537.36 (compatible; Googlebot/2.1; +http://www.google.com/bot.html)"
52.167.144.189 - - [20/May/2026:00:23:45 +0000] "GET /542148389?product=0541586374 HTTP/1.1" 200 6 "-" "Mozilla/5.0 AppleWebKit/537.36 (KHTML, like Gecko; compatible; bingbot/2.0; +http://www.bing.com/bingbot.htm) Chrome/116.0.1938.76 Safari/537.36"
66.249.64.132 - - [20/May/2026:00:24:02 +0000] "GET /?goods/013017625 HTTP/1.1" 200 6 "-" "Mozilla/5.0 (Linux; Android 6.0.1; Nexus 5X Build/MMB29P) AppleWebKit/537.36 (KHTML, like Gecko) Chrome/148.0.7778.96 Mobile Safari/537.36 (compatible; Googlebot/2.1; +http://www.google.com/bot.html)"
66.249.70.129 - - [20/May/2026:00:24:02 +0000] "GET /japan-ds-048-4987035617310t HTTP/1.1" 200 6 "-" "Mozilla/5.0 (Linux; Android 6.0.1; Nexus 5X Build/MMB29P) AppleWebKit/537.36 (KHTML, like Gecko) Chrome/148.0.7778.96 Mobile Safari/537.36 (compatible; Googlebot/2.1; +http://www.google.com/bot.html)"
66.249.64.131 - - [20/May/2026:00:24:02 +0000] "GET /?detail/0340095928592 HTTP/1.1" 200 6 "-" "Mozilla/5.0 (Linux; Android 6.0.1; Nexus 5X Build/MMB29P) AppleWebKit/537.36 (KHTML, like Gecko) Chrome/148.0.7778.96 Mobile Safari/537.36 (compatible; Googlebot/2.1; +http://www.google.com/bot.html)"
66.249.64.130 - - [20/May/2026:00:24:03 +0000] "GET /?jp/177037461.html HTTP/1.1" 200 6 "-" "Mozilla/5.0 (Linux; Android 6.0.1; Nexus 5X Build/MMB29P) AppleWebKit/537.36 (KHTML, like Gecko) Chrome/148.0.7778.96 Mobile Safari/537.36 (compatible; Googlebot/2.1; +http://www.google.com/bot.html)"
66.249.64.130 - - [20/May/2026:00:24:25 +0000] "GET /?jp/042000060.html HTTP/1.1" 200 6 "-" "Mozilla/5.0 (Linux; Android 6.0.1; Nexus 5X Build/MMB29P) AppleWebKit/537.36 (KHTML, like Gecko) Chrome/148.0.7778.96 Mobile Safari/537.36 (compatible; Googlebot/2.1; +http://www.google.com/bot.html)"
66.249.70.129 - - [20/May/2026:00:24:25 +0000] "GET /q-~256dfrGyUTWYBHLn1qPTk3h5L14x6PZRA34629/ HTTP/1.1" 200 6 "-" "Mozilla/5.0 (Linux; Android 6.0.1; Nexus 5X Build/MMB29P) AppleWebKit/537.36 (KHTML, like Gecko) Chrome/148.0.7778.96 Mobile Safari/537.36 (compatible; Googlebot/2.1; +http://www.google.com/bot.html)"
66.249.64.131 - - [20/May/2026:00:24:25 +0000] "GET /?jp/181011784.html HTTP/1.1" 200 6 "-" "Mozilla/5.0 (Linux; Android 6.0.1; Nexus 5X Build/MMB29P) AppleWebKit/537.36 (KHTML, like Gecko) Chrome/148.0.7778.96 Mobile Safari/537.36 (compatible; Googlebot/2.1; +http://www.google.com/bot.html)"
66.249.70.129 - - [20/May/2026:00:24:48 +0000] "GET /thebeautyclub-347231 HTTP/1.1" 200 6 "-" "Mozilla/5.0 (Linux; Android 6.0.1; Nexus 5X Build/MMB29P) AppleWebKit/537.36 (KHTML, like Gecko) Chrome/148.0.7778.96 Mobile Safari/537.36 (compatible; Googlebot/2.1; +http://www.google.com/bot.html)"
66.249.70.129 - - [20/May/2026:00:25:10 +0000] "GET /1352252560?product=1350849314 HTTP/1.1" 200 6 "-" "Mozilla/5.0 (Linux; Android 6.0.1; Nexus 5X Build/MMB29P) AppleWebKit/537.36 (KHTML, like Gecko) Chrome/148.0.7778.96 Mobile Safari/537.36 (compatible; Googlebot/2.1; +http://www.google.com/bot.html)"
66.249.64.132 - - [20/May/2026:00:25:10 +0000] "GET /262001372 HTTP/1.1" 200 6 "-" "Mozilla/5.0 (Linux; Android 6.0.1; Nexus 5X Build/MMB29P) AppleWebKit/537.36 (KHTML, like Gecko) Chrome/148.0.7778.96 Mobile Safari/537.36 (compatible; Googlebot/2.1; +http://www.google.com/bot.html)"
66.249.64.131 - - [20/May/2026:00:25:10 +0000] "GET /?goods/220032089 HTTP/1.1" 200 6 "-" "Mozilla/5.0 (Linux; Android 6.0.1; Nexus 5X Build/MMB29P) AppleWebKit/537.36 (KHTML, like Gecko) Chrome/148.0.7778.96 Mobile Safari/537.36 (compatible; Googlebot/2.1; +http://www.google.com/bot.html)"
66.249.70.130 - - [20/May/2026:00:25:22 +0000] "GET /seiyushop01-6p7a7u7il5esexa7nkmcxhv4ka-smp-1 HTTP/1.1" 200 6 "-" "Mozilla/5.0 (Linux; Android 6.0.1; Nexus 5X Build/MMB29P) AppleWebKit/537.36 (KHTML, like Gecko) Chrome/148.0.7778.96 Mobile Safari/537.36 (compatible; Googlebot/2.1; +http://www.google.com/bot.html)"
66.249.64.130 - - [20/May/2026:00:25:33 +0000] "GET /?detail/01102157347142 HTTP/1.1" 200 6 "-" "Mozilla/5.0 (Linux; Android 6.0.1; Nexus 5X Build/MMB29P) AppleWebKit/537.36 (KHTML, like Gecko) Chrome/148.0.7778.96 Mobile Safari/537.36 (compatible; Googlebot/2.1; +http://www.google.com/bot.html)"
66.249.70.129 - - [20/May/2026:00:25:44 +0000] "GET /s-kimono-72-2288-16 HTTP/1.1" 200 6 "-" "Mozilla/5.0 (Linux; Android 6.0.1; Nexus 5X Build/MMB29P) AppleWebKit/537.36 (KHTML, like Gecko) Chrome/148.0.7778.96 Mobile Safari/537.36 (compatible; Googlebot/2.1; +http://www.google.com/bot.html)"
66.249.70.131 - - [20/May/2026:00:26:06 +0000] "GET /097004657 HTTP/1.1" 200 6 "-" "Mozilla/5.0 (Linux; Android 6.0.1; Nexus 5X Build/MMB29P) AppleWebKit/537.36 (KHTML, like Gecko) Chrome/148.0.7778.96 Mobile Safari/537.36 (compatible; Googlebot/2.1; +http://www.google.com/bot.html)"
66.249.64.131 - - [20/May/2026:00:26:07 +0000] "GET /?goods/023015254 HTTP/1.1" 200 6 "-" "Mozilla/5.0 (Linux; Android 6.0.1; Nexus 5X Build/MMB29P) AppleWebKit/537.36 (KHTML, like Gecko) Chrome/148.0.7778.96 Mobile Safari/537.36 (compatible; Googlebot/2.1; +http://www.google.com/bot.html)"
52.167.144.189 - - [20/May/2026:00:26:14 +0000] "GET /479709588?product=0479212410 HTTP/1.1" 200 6 "-" "Mozilla/5.0 AppleWebKit/537.36 (KHTML, like Gecko; compatible; bingbot/2.0; +http://www.bing.com/bingbot.htm) Chrome/116.0.1938.76 Safari/537.36"
40.77.167.235 - - [20/May/2026:00:26:19 +0000] "GET /786480040?product=0785664306 HTTP/1.1" 200 6 "-" "Mozilla/5.0 AppleWebKit/537.36 (KHTML, like Gecko; compatible; bingbot/2.0; +http://www.bing.com/bingbot.htm) Chrome/116.0.1938.76 Safari/537.36"
142.44.220.175 - - [20/May/2026:00:26:28 +0000] "GET /372570956?product=0372185034 HTTP/1.1" 200 6 "-" "Mozilla/5.0 (compatible; AhrefsBot/7.0; +http://ahrefs.com/robot/)"
66.249.70.130 - - [20/May/2026:00:26:29 +0000] "GET /q-~182vOptvlZcfHFo2En1f4ddX5eGsTtIyy39591/ HTTP/1.1" 200 6 "-" "Mozilla/5.0 (Linux; Android 6.0.1; Nexus 5X Build/MMB29P) AppleWebKit/537.36 (KHTML, like Gecko) Chrome/148.0.7778.96 Mobile Safari/537.36 (compatible; Googlebot/2.1; +http://www.google.com/bot.html)"
66.249.70.129 - - [20/May/2026:00:26:51 +0000] "GET /ecjungle-set-6-1432-1414 HTTP/1.1" 200 6 "-" "Mozilla/5.0 (Linux; Android 6.0.1; Nexus 5X Build/MMB29P) AppleWebKit/537.36 (KHTML, like Gecko) Chrome/148.0.7778.96 Mobile Safari/537.36 (compatible; Googlebot/2.1; +http://www.google.com/bot.html)"
66.249.64.132 - - [20/May/2026:00:27:02 +0000] "GET /?goods/013011524 HTTP/1.1" 200 6 "-" "Mozilla/5.0 (Linux; Android 6.0.1; Nexus 5X Build/MMB29P) AppleWebKit/537.36 (KHTML, like Gecko) Chrome/148.0.7778.96 Mobile Safari/537.36 (compatible; Googlebot/2.1; +http://www.google.com/bot.html)"
15.235.27.15 - - [20/May/2026:00:27:09 +0000] "GET /372566592?product=0372180674 HTTP/1.1" 200 6 "-" "Mozilla/5.0 (compatible; AhrefsBot/7.0; +http://ahrefs.com/robot/)"
66.249.70.130 - - [20/May/2026:00:27:14 +0000] "GET /auc-gg-mall-zx284 HTTP/1.1" 200 6 "-" "Mozilla/5.0 (Linux; Android 6.0.1; Nexus 5X Build/MMB29P) AppleWebKit/537.36 (KHTML, like Gecko) Chrome/148.0.7778.96 Mobile Safari/537.36 (compatible; Googlebot/2.1; +http://www.google.com/bot.html)"
66.249.70.130 - - [20/May/2026:00:27:25 +0000] "GET /?jp/267002522.html HTTP/1.1" 200 6 "-" "Mozilla/5.0 (Linux; Android 6.0.1; Nexus 5X Build/MMB29P) AppleWebKit/537.36 (KHTML, like Gecko) Chrome/148.0.7778.96 Mobile Safari/537.36 (compatible; Googlebot/2.1; +http://www.google.com/bot.html)"
207.46.13.141 - - [20/May/2026:00:27:27 +0000] "GET /765392339?product=0764598502 HTTP/1.1" 200 6 "-" "Mozilla/5.0 AppleWebKit/537.36 (KHTML, like Gecko; compatible; bingbot/2.0; +http://www.bing.com/bingbot.htm) Chrome/116.0.1938.76 Safari/537.36"
66.249.70.129 - - [20/May/2026:00:27:36 +0000] "GET /dcmonline-408341 HTTP/1.1" 200 6 "-" "Mozilla/5.0 (Linux; Android 6.0.1; Nexus 5X Build/MMB29P) AppleWebKit/537.36 (KHTML, like Gecko) Chrome/148.0.7778.96 Mobile Safari/537.36 (compatible; Googlebot/2.1; +http://www.google.com/bot.html)"
66.249.64.131 - - [20/May/2026:00:27:36 +0000] "GET /jyusetsupro-1575026732 HTTP/1.1" 200 6 "-" "Mozilla/5.0 (Linux; Android 6.0.1; Nexus 5X Build/MMB29P) AppleWebKit/537.36 (KHTML, like Gecko) Chrome/148.0.7778.96 Mobile Safari/537.36 (compatible; Googlebot/2.1; +http://www.google.com/bot.html)"
66.249.64.131 - - [20/May/2026:00:27:36 +0000] "GET /?jp/277004873.html HTTP/1.1" 200 6 "-" "Mozilla/5.0 (Linux; Android 6.0.1; Nexus 5X Build/MMB29P) AppleWebKit/537.36 (KHTML, like Gecko) Chrome/148.0.7778.96 Mobile Safari/537.36 (compatible; Googlebot/2.1; +http://www.google.com/bot.html)"
66.249.64.130 - - [20/May/2026:00:27:38 +0000] "GET /?goods/092015198 HTTP/1.1" 200 6 "-" "Mozilla/5.0 (Linux; Android 6.0.1; Nexus 5X Build/MMB29P) AppleWebKit/537.36 (KHTML, like Gecko) Chrome/148.0.7778.96 Mobile Safari/537.36 (compatible; Googlebot/2.1; +http://www.google.com/bot.html)"
15.235.98.179 - - [20/May/2026:00:27:42 +0000] "GET /372486793?product=0372100958 HTTP/1.1" 200 6 "-" "Mozilla/5.0 (compatible; AhrefsBot/7.0; +http://ahrefs.com/robot/)"
66.249.70.129 - - [20/May/2026:00:27:50 +0000] "GET /100046338 HTTP/1.1" 200 6 "-" "Mozilla/5.0 (Linux; Android 6.0.1; Nexus 5X Build/MMB29P) AppleWebKit/537.36 (KHTML, like Gecko) Chrome/148.0.7778.96 Mobile Safari/537.36 (compatible; Googlebot/2.1; +http://www.google.com/bot.html)"
66.249.64.130 - - [20/May/2026:00:28:18 +0000] "GET /?detail/272042073718 HTTP/1.1" 200 6 "-" "Mozilla/5.0 (Linux; Android 6.0.1; Nexus 5X Build/MMB29P) AppleWebKit/537.36 (KHTML, like Gecko) Chrome/148.0.7778.96 Mobile Safari/537.36 (compatible; Googlebot/2.1; +http://www.google.com/bot.html)"
148.113.128.25 - - [20/May/2026:00:28:31 +0000] "GET /372320645?product=0371934982 HTTP/1.1" 200 6 "-" "Mozilla/5.0 (compatible; AhrefsBot/7.0; +http://ahrefs.com/robot/)"
66.249.64.131 - - [20/May/2026:00:28:40 +0000] "GET /?goods/151028848 HTTP/1.1" 200 6 "-" "Mozilla/5.0 (Linux; Android 6.0.1; Nexus 5X Build/MMB29P) AppleWebKit/537.36 (KHTML, like Gecko) Chrome/148.0.7778.96 Mobile Safari/537.36 (compatible; Googlebot/2.1; +http://www.google.com/bot.html)"
66.249.64.131 - - [20/May/2026:00:28:40 +0000] "GET /?goods/285031722 HTTP/1.1" 200 6 "-" "Mozilla/5.0 (Linux; Android 6.0.1; Nexus 5X Build/MMB29P) AppleWebKit/537.36 (KHTML, like Gecko) Chrome/148.0.7778.96 Mobile Safari/537.36 (compatible; Googlebot/2.1; +http://www.google.com/bot.html)"
40.77.167.243 - - [20/May/2026:00:28:43 +0000] "GET /945505437?product=0944524566 HTTP/1.1" 200 6 "-" "Mozilla/5.0 AppleWebKit/537.36 (KHTML, like Gecko; compatible; bingbot/2.0; +http://www.bing.com/bingbot.htm) Chrome/116.0.1938.76 Safari/537.36"
66.249.64.131 - - [20/May/2026:00:29:03 +0000] "GET /?goods/283001731 HTTP/1.1" 200 6 "-" "Mozilla/5.0 (Linux; Android 6.0.1; Nexus 5X Build/MMB29P) AppleWebKit/537.36 (KHTML, like Gecko) Chrome/148.0.7778.96 Mobile Safari/537.36 (compatible; Googlebot/2.1; +http://www.google.com/bot.html)"
207.46.13.107 - - [20/May/2026:00:29:04 +0000] "GET /3174602816?product=3171307202 HTTP/1.1" 200 6 "-" "Mozilla/5.0 AppleWebKit/537.36 (KHTML, like Gecko; compatible; bingbot/2.0; +http://www.bing.com/bingbot.htm) Chrome/116.0.1938.76 Safari/537.36"
148.113.130.72 - - [20/May/2026:00:29:11 +0000] "GET /372162132?product=0371776634 HTTP/1.1" 200 6 "-" "Mozilla/5.0 (compatible; AhrefsBot/7.0; +http://ahrefs.com/robot/)"
66.249.64.131 - - [20/May/2026:00:29:14 +0000] "GET /026000586 HTTP/1.1" 200 6 "-" "Mozilla/5.0 (Linux; Android 6.0.1; Nexus 5X Build/MMB29P) AppleWebKit/537.36 (KHTML, like Gecko) Chrome/148.0.7778.96 Mobile Safari/537.36 (compatible; Googlebot/2.1; +http://www.google.com/bot.html)"
66.249.70.129 - - [20/May/2026:00:29:25 +0000] "GET /007000057 HTTP/1.1" 200 6 "-" "Mozilla/5.0 (Linux; Android 6.0.1; Nexus 5X Build/MMB29P) AppleWebKit/537.36 (KHTML, like Gecko) Chrome/148.0.7778.96 Mobile Safari/537.36 (compatible; Googlebot/2.1; +http://www.google.com/bot.html)"
66.249.64.130 - - [20/May/2026:00:29:25 +0000] "GET /?jp/190027913.html HTTP/1.1" 200 6 "-" "Mozilla/5.0 (Linux; Android 6.0.1; Nexus 5X Build/MMB29P) AppleWebKit/537.36 (KHTML, like Gecko) Chrome/148.0.7778.96 Mobile Safari/537.36 (compatible; Googlebot/2.1; +http://www.google.com/bot.html)"
66.249.70.129 - - [20/May/2026:00:29:26 +0000] "GET /q-~58ZzKbZycAeCpIzDx4QCwwUgvgmJAT8m319/ HTTP/1.1" 200 6 "-" "Mozilla/5.0 (Linux; Android 6.0.1; Nexus 5X Build/MMB29P) AppleWebKit/537.36 (KHTML, like Gecko) Chrome/148.0.7778.96 Mobile Safari/537.36 (compatible; Googlebot/2.1; +http://www.google.com/bot.html)"
54.39.0.250 - - [20/May/2026:00:29:41 +0000] "GET /372086835?product=0371701414 HTTP/1.1" 200 6 "-" "Mozilla/5.0 (compatible; AhrefsBot/7.0; +http://ahrefs.com/robot/)"
66.249.70.129 - - [20/May/2026:00:29:46 +0000] "GET /q-~94uvagOjwgDXJRrOZnQgS6F72Vc5Ti4B437/ HTTP/1.1" 200 6 "-" "Mozilla/5.0 (Linux; Android 6.0.1; Nexus 5X Build/MMB29P) AppleWebKit/537.36 (KHTML, like Gecko) Chrome/148.0.7778.96 Mobile Safari/537.36 (compatible; Googlebot/2.1; +http://www.google.com/bot.html)"
66.249.64.130 - - [20/May/2026:00:29:57 +0000] "GET /?goods/032034550 HTTP/1.1" 200 6 "-" "Mozilla/5.0 (Linux; Android 6.0.1; Nexus 5X Build/MMB29P) AppleWebKit/537.36 (KHTML, like Gecko) Chrome/148.0.7778.96 Mobile Safari/537.36 (compatible; Googlebot/2.1; +http://www.google.com/bot.html)"
66.249.64.130 - - [20/May/2026:00:29:57 +0000] "GET /?jp/254027404.html HTTP/1.1" 200 6 "-" "Mozilla/5.0 (Linux; Android 6.0.1; Nexus 5X Build/MMB29P) AppleWebKit/537.36 (KHTML, like Gecko) Chrome/148.0.7778.96 Mobile Safari/537.36 (compatible; Googlebot/2.1; +http://www.google.com/bot.html)"
54.39.89.71 - - [20/May/2026:00:30:13 +0000] "GET /372040867?product=0371655494 HTTP/1.1" 200 6 "-" "Mozilla/5.0 (compatible; AhrefsBot/7.0; +http://ahrefs.com/robot/)"
51.161.37.208 - - [20/May/2026:00:30:27 +0000] "GET /371956566?product=0371571282 HTTP/1.1" 200 6 "-" "Mozilla/5.0 (compatible; AhrefsBot/7.0; +http://ahrefs.com/robot/)"
66.249.64.132 - - [20/May/2026:00:30:30 +0000] "GET /?jp/095008869.html HTTP/1.1" 200 6 "-" "Mozilla/5.0 (Linux; Android 6.0.1; Nexus 5X Build/MMB29P) AppleWebKit/537.36 (KHTML, like Gecko) Chrome/148.0.7778.96 Mobile Safari/537.36 (compatible; Googlebot/2.1; +http://www.google.com/bot.html)"
66.249.64.131 - - [20/May/2026:00:30:41 +0000] "GET /?detail/2200274117910 HTTP/1.1" 200 6 "-" "Mozilla/5.0 (Linux; Android 6.0.1; Nexus 5X Build/MMB29P) AppleWebKit/537.36 (KHTML, like Gecko) Chrome/148.0.7778.96 Mobile Safari/537.36 (compatible; Googlebot/2.1; +http://www.google.com/bot.html)"
66.249.64.130 - - [20/May/2026:00:31:03 +0000] "GET /?detail/1980258544158 HTTP/1.1" 200 6 "-" "Mozilla/5.0 (Linux; Android 6.0.1; Nexus 5X Build/MMB29P) AppleWebKit/537.36 (KHTML, like Gecko) Chrome/148.0.7778.96 Mobile Safari/537.36 (compatible; Googlebot/2.1; +http://www.google.com/bot.html)"
66.249.64.131 - - [20/May/2026:00:31:25 +0000] "GET /?detail/00301604120370 HTTP/1.1" 200 6 "-" "Mozilla/5.0 (Linux; Android 6.0.1; Nexus 5X Build/MMB29P) AppleWebKit/537.36 (KHTML, like Gecko) Chrome/148.0.7778.96 Mobile Safari/537.36 (compatible; Googlebot/2.1; +http://www.google.com/bot.html)"
66.249.64.130 - - [20/May/2026:00:31:36 +0000] "GET /?detail/293002104662 HTTP/1.1" 200 6 "-" "Mozilla/5.0 (Linux; Android 6.0.1; Nexus 5X Build/MMB29P) AppleWebKit/537.36 (KHTML, like Gecko) Chrome/148.0.7778.96 Mobile Safari/537.36 (compatible; Googlebot/2.1; +http://www.google.com/bot.html)"
66.249.64.130 - - [20/May/2026:00:31:47 +0000] "GET /category/74_2140_2141/1/listing HTTP/1.1" 200 6 "-" "Mozilla/5.0 (Linux; Android 6.0.1; Nexus 5X Build/MMB29P) AppleWebKit/537.36 (KHTML, like Gecko) Chrome/148.0.7778.96 Mobile Safari/537.36 (compatible; Googlebot/2.1; +http://www.google.com/bot.html)"
66.249.64.130 - - [20/May/2026:00:31:47 +0000] "GET /?detail/09603394270200 HTTP/1.1" 200 6 "-" "Mozilla/5.0 (Linux; Android 6.0.1; Nexus 5X Build/MMB29P) AppleWebKit/537.36 (KHTML, like Gecko) Chrome/148.0.7778.96 Mobile Safari/537.36 (compatible; Googlebot/2.1; +http://www.google.com/bot.html)"
66.249.64.132 - - [20/May/2026:00:32:10 +0000] "GET /?jp/001012097.html HTTP/1.1" 200 6 "-" "Mozilla/5.0 (Linux; Android 6.0.1; Nexus 5X Build/MMB29P) AppleWebKit/537.36 (KHTML, like Gecko) Chrome/148.0.7778.96 Mobile Safari/537.36 (compatible; Googlebot/2.1; +http://www.google.com/bot.html)"
66.249.64.130 - - [20/May/2026:00:32:32 +0000] "GET /?jp/218011967.html HTTP/1.1" 200 6 "-" "Mozilla/5.0 (Linux; Android 6.0.1; Nexus 5X Build/MMB29P) AppleWebKit/537.36 (KHTML, like Gecko) Chrome/148.0.7778.96 Mobile Safari/537.36 (compatible; Googlebot/2.1; +http://www.google.com/bot.html)"
66.249.64.131 - - [20/May/2026:00:32:32 +0000] "GET /?jp/065008265.html HTTP/1.1" 200 6 "-" "Mozilla/5.0 (Linux; Android 6.0.1; Nexus 5X Build/MMB29P) AppleWebKit/537.36 (KHTML, like Gecko) Chrome/148.0.7778.96 Mobile Safari/537.36 (compatible; Googlebot/2.1; +http://www.google.com/bot.html)"
66.249.64.130 - - [20/May/2026:00:32:50 +0000] "GET /?pid=26248695739&channel=lot-endorse-memory&cate_id=3930&page=https://beritamuslimmag.com/item.cgi?q-~273z0SU8MjC6QOoUPtMc91MIMhAGcetYn43274/ HTTP/1.1" 200 6 "-" "Mozilla/5.0 (Linux; Android 6.0.1; Nexus 5X Build/MMB29P) AppleWebKit/537.36 (KHTML, like Gecko) Chrome/148.0.7778.96 Mobile Safari/537.36 (compatible; Googlebot/2.1; +http://www.google.com/bot.html)"
66.249.64.132 - - [20/May/2026:00:33:12 +0000] "GET /darumasan-10000019 HTTP/1.1" 200 6 "-" "Mozilla/5.0 (Linux; Android 6.0.1; Nexus 5X Build/MMB29P) AppleWebKit/537.36 (KHTML, like Gecko) Chrome/148.0.7778.96 Mobile Safari/537.36 (compatible; Googlebot/2.1; +http://www.google.com/bot.html)"
66.249.64.132 - - [20/May/2026:00:33:12 +0000] "GET /?detail/1850064879868 HTTP/1.1" 200 6 "-" "Mozilla/5.0 (Linux; Android 6.0.1; Nexus 5X Build/MMB29P) AppleWebKit/537.36 (KHTML, like Gecko) Chrome/148.0.7778.96 Mobile Safari/537.36 (compatible; Googlebot/2.1; +http://www.google.com/bot.html)"
66.249.64.130 - - [20/May/2026:00:33:12 +0000] "GET /?jp/228032086.html HTTP/1.1" 200 6 "-" "Mozilla/5.0 (Linux; Android 6.0.1; Nexus 5X Build/MMB29P) AppleWebKit/537.36 (KHTML, like Gecko) Chrome/148.0.7778.96 Mobile Safari/537.36 (compatible; Googlebot/2.1; +http://www.google.com/bot.html)"
66.249.70.130 - - [20/May/2026:00:33:40 +0000] "GET /?detail/19804252664573 HTTP/1.1" 200 6 "-" "Mozilla/5.0 (Linux; Android 6.0.1; Nexus 5X Build/MMB29P) AppleWebKit/537.36 (KHTML, like Gecko) Chrome/148.0.7778.96 Mobile Safari/537.36 (compatible; Googlebot/2.1; +http://www.google.com/bot.html)"
66.249.64.130 - - [20/May/2026:00:33:40 +0000] "GET /?goods/247036674 HTTP/1.1" 200 6 "-" "Mozilla/5.0 (Linux; Android 6.0.1; Nexus 5X Build/MMB29P) AppleWebKit/537.36 (KHTML, like Gecko) Chrome/148.0.7778.96 Mobile Safari/537.36 (compatible; Googlebot/2.1; +http://www.google.com/bot.html)"
66.249.64.130 - - [20/May/2026:00:33:40 +0000] "GET /?detail/14600981974524 HTTP/1.1" 200 6 "-" "Mozilla/5.0 (Linux; Android 6.0.1; Nexus 5X Build/MMB29P) AppleWebKit/537.36 (KHTML, like Gecko) Chrome/148.0.7778.96 Mobile Safari/537.36 (compatible; Googlebot/2.1; +http://www.google.com/bot.html)"
207.46.13.107 - - [20/May/2026:00:33:58 +0000] "GET /905118497?product=0904179566 HTTP/1.1" 200 6 "-" "Mozilla/5.0 AppleWebKit/537.36 (KHTML, like Gecko; compatible; bingbot/2.0; +http://www.bing.com/bingbot.htm) Chrome/116.0.1938.76 Safari/537.36"
66.249.64.132 - - [20/May/2026:00:34:02 +0000] "GET /hirochishop-245-8073-tn HTTP/1.1" 200 6 "-" "Mozilla/5.0 (Linux; Android 6.0.1; Nexus 5X Build/MMB29P) AppleWebKit/537.36 (KHTML, like Gecko) Chrome/148.0.7778.96 Mobile Safari/537.36 (compatible; Googlebot/2.1; +http://www.google.com/bot.html)"
66.249.64.130 - - [20/May/2026:00:34:13 +0000] "GET /?goods/238046145 HTTP/1.1" 200 6 "-" "Mozilla/5.0 (Linux; Android 6.0.1; Nexus 5X Build/MMB29P) AppleWebKit/537.36 (KHTML, like Gecko) Chrome/148.0.7778.96 Mobile Safari/537.36 (compatible; Googlebot/2.1; +http://www.google.com/bot.html)"
66.249.64.131 - - [20/May/2026:00:34:15 +0000] "GET /jyusetsupro-1823000676 HTTP/1.1" 200 6 "-" "Mozilla/5.0 (Linux; Android 6.0.1; Nexus 5X Build/MMB29P) AppleWebKit/537.36 (KHTML, like Gecko) Chrome/148.0.7778.96 Mobile Safari/537.36 (compatible; Googlebot/2.1; +http://www.google.com/bot.html)"
66.249.64.130 - - [20/May/2026:00:34:37 +0000] "GET /asty-shop-k0-wzuzfxfq0q-16a7 HTTP/1.1" 200 6 "-" "Mozilla/5.0 (Linux; Android 6.0.1; Nexus 5X Build/MMB29P) AppleWebKit/537.36 (KHTML, like Gecko) Chrome/148.0.7778.96 Mobile Safari/537.36 (compatible; Googlebot/2.1; +http://www.google.com/bot.html)"
66.249.64.130 - - [20/May/2026:00:34:37 +0000] "GET /skymarketplus-b073q9sx1g HTTP/1.1" 200 6 "-" "Mozilla/5.0 (Linux; Android 6.0.1; Nexus 5X Build/MMB29P) AppleWebKit/537.36 (KHTML, like Gecko) Chrome/148.0.7778.96 Mobile Safari/537.36 (compatible; Googlebot/2.1; +http://www.google.com/bot.html)"
66.249.64.130 - - [20/May/2026:00:34:48 +0000] "GET /?detail/0190345337509 HTTP/1.1" 200 6 "-" "Mozilla/5.0 (Linux; Android 6.0.1; Nexus 5X Build/MMB29P) AppleWebKit/537.36 (KHTML, like Gecko) Chrome/148.0.7778.96 Mobile Safari/537.36 (compatible; Googlebot/2.1; +http://www.google.com/bot.html)"
207.46.13.141 - - [20/May/2026:00:34:49 +0000] "GET /3186062388?product=3182754874 HTTP/1.1" 200 6 "-" "Mozilla/5.0 AppleWebKit/537.36 (KHTML, like Gecko; compatible; bingbot/2.0; +http://www.bing.com/bingbot.htm) Chrome/116.0.1938.76 Safari/537.36"
66.249.64.130 - - [20/May/2026:00:35:00 +0000] "GET /buckteeth-jan-trusco1151443 HTTP/1.1" 200 6 "-" "Mozilla/5.0 (Linux; Android 6.0.1; Nexus 5X Build/MMB29P) AppleWebKit/537.36 (KHTML, like Gecko) Chrome/148.0.7778.96 Mobile Safari/537.36 (compatible; Googlebot/2.1; +http://www.google.com/bot.html)"
40.77.167.13 - - [20/May/2026:00:35:01 +0000] "GET /148145289?product=0147992414 HTTP/1.1" 200 6 "-" "Mozilla/5.0 AppleWebKit/537.36 (KHTML, like Gecko; compatible; bingbot/2.0; +http://www.bing.com/bingbot.htm) Chrome/116.0.1938.76 Safari/537.36"
66.249.64.130 - - [20/May/2026:00:35:22 +0000] "GET /kanda-oa-tk-8601k-r HTTP/1.1" 200 6 "-" "Mozilla/5.0 (Linux; Android 6.0.1; Nexus 5X Build/MMB29P) AppleWebKit/537.36 (KHTML, like Gecko) Chrome/148.0.7778.96 Mobile Safari/537.36 (compatible; Googlebot/2.1; +http://www.google.com/bot.html)"
66.249.64.130 - - [20/May/2026:00:35:22 +0000] "GET /1121929735?product=1120765662 HTTP/1.1" 200 6 "-" "Mozilla/5.0 (Linux; Android 6.0.1; Nexus 5X Build/MMB29P) AppleWebKit/537.36 (KHTML, like Gecko) Chrome/148.0.7778.96 Mobile Safari/537.36 (compatible; Googlebot/2.1; +http://www.google.com/bot.html)"
40.77.167.243 - - [20/May/2026:00:35:35 +0000] "GET /581787399?product=0581184222 HTTP/1.1" 200 6 "-" "Mozilla/5.0 AppleWebKit/537.36 (KHTML, like Gecko; compatible; bingbot/2.0; +http://www.bing.com/bingbot.htm) Chrome/116.0.1938.76 Safari/537.36"
40.77.167.51 - - [20/May/2026:00:35:40 +0000] "GET /581526164?product=0580923258 HTTP/1.1" 200 6 "-" "Mozilla/5.0 AppleWebKit/537.36 (KHTML, like Gecko; compatible; bingbot/2.0; +http://www.bing.com/bingbot.htm) Chrome/116.0.1938.76 Safari/537.36"
66.249.64.130 - - [20/May/2026:00:35:45 +0000] "GET /042000182 HTTP/1.1" 200 6 "-" "Mozilla/5.0 (Linux; Android 6.0.1; Nexus 5X Build/MMB29P) AppleWebKit/537.36 (KHTML, like Gecko) Chrome/148.0.7778.96 Mobile Safari/537.36 (compatible; Googlebot/2.1; +http://www.google.com/bot.html)"
66.249.64.130 - - [20/May/2026:00:36:07 +0000] "GET /?detail/14304988423187 HTTP/1.1" 200 6 "-" "Mozilla/5.0 (Linux; Android 6.0.1; Nexus 5X Build/MMB29P) AppleWebKit/537.36 (KHTML, like Gecko) Chrome/148.0.7778.96 Mobile Safari/537.36 (compatible; Googlebot/2.1; +http://www.google.com/bot.html)"
66.249.64.131 - - [20/May/2026:00:36:08 +0000] "GET /?detail/0870008456189 HTTP/1.1" 200 6 "-" "Mozilla/5.0 (Linux; Android 6.0.1; Nexus 5X Build/MMB29P) AppleWebKit/537.36 (KHTML, like Gecko) Chrome/148.0.7778.96 Mobile Safari/537.36 (compatible; Googlebot/2.1; +http://www.google.com/bot.html)"
66.249.70.129 - - [20/May/2026:00:36:08 +0000] "GET /?jp/266007357.html HTTP/1.1" 200 6 "-" "Mozilla/5.0 (Linux; Android 6.0.1; Nexus 5X Build/MMB29P) AppleWebKit/537.36 (KHTML, like Gecko) Chrome/148.0.7778.96 Mobile Safari/537.36 (compatible; Googlebot/2.1; +http://www.google.com/bot.html)"
66.249.64.131 - - [20/May/2026:00:36:20 +0000] "GET /109033335 HTTP/1.1" 200 6 "-" "Mozilla/5.0 (Linux; Android 6.0.1; Nexus 5X Build/MMB29P) AppleWebKit/537.36 (KHTML, like Gecko) Chrome/148.0.7778.96 Mobile Safari/537.36 (compatible; Googlebot/2.1; +http://www.google.com/bot.html)"
66.249.64.130 - - [20/May/2026:00:36:41 +0000] "GET /q-~69PKqjiLMUOuNBhG5GnxCfaHjJiatleo558/ HTTP/1.1" 200 6 "-" "Mozilla/5.0 (Linux; Android 6.0.1; Nexus 5X Build/MMB29P) AppleWebKit/537.36 (KHTML, like Gecko) Chrome/148.0.7778.96 Mobile Safari/537.36 (compatible; Googlebot/2.1; +http://www.google.com/bot.html)"
47.128.125.130 - - [20/May/2026:00:36:45 +0000] "GET /muslim/news HTTP/1.1" 200 6 "-" "Mozilla/5.0 (Linux; Android 5.0) AppleWebKit/537.36 (KHTML, like Gecko) Mobile Safari/537.36 (compatible; Bytespider; spider-feedback@bytedance.com)"
114.119.142.186 - - [20/May/2026:00:36:46 +0000] "GET /data/news/news-177-1470819994-7124.jpg HTTP/1.1" 200 6 "https://www.beritamuslimmag.com/data/news/news-177-1470819994-7124.jpg" "Mozilla/5.0 (Linux; Android 7.0;) AppleWebKit/537.36 (HTML, like Gecko) Mobile Safari/537.36 (compatible; PetalBot;+https://webmaster.petalsearch.com/site/petalbot)"
66.249.64.132 - - [20/May/2026:00:37:09 +0000] "GET /155013353 HTTP/1.1" 200 6 "-" "Mozilla/5.0 (Linux; Android 6.0.1; Nexus 5X Build/MMB29P) AppleWebKit/537.36 (KHTML, like Gecko) Chrome/148.0.7778.96 Mobile Safari/537.36 (compatible; Googlebot/2.1; +http://www.google.com/bot.html)"
114.119.150.16 - - [20/May/2026:00:37:13 +0000] "GET /video/%E0%B8%AD%E0%B8%B1%E0%B8%A5%E0%B8%81%E0%B8%B8%E0%B8%A3%E0%B8%AD%E0%B8%B2%E0%B8%99-%E0%B8%8B%E0%B8%B9%E0%B9%80%E0%B8%A3%E0%B8%B2%E0%B8%B0%E0%B8%AE%E0%B8%BA-%E0%B8%AD%E0%B8%B1%E0%B8%99%E0%B8%99%E0%B8%B2 HTTP/1.1" 200 6 "https://beritamuslimmag.com/video/%E0%B8%AD%E0%B8%B1%E0%B8%A5%E0%B8%81%E0%B8%B8%E0%B8%A3%E0%B8%AD%E0%B8%B2%E0%B8%99-%E0%B8%8B%E0%B8%B9%E0%B9%80%E0%B8%A3%E0%B8%B2%E0%B8%B0%E0%B8%AE%E0%B8%BA-%E0%B8%AD%E0%B8%B1%E0%B8%99%E0%B8%99%E0%B8%B2" "Mozilla/5.0 (Linux; Android 7.0;) AppleWebKit/537.36 (HTML, like Gecko) Mobile Safari/537.36 (compatible; PetalBot;+https://webmaster.petalsearch.com/site/petalbot)"
114.119.136.184 - - [20/May/2026:00:37:31 +0000] "GET /tag/beritamuslim/page/2 HTTP/1.1" 200 6 "https://beritamuslimmag.com/tag/beritamuslim/" "Mozilla/5.0 (Linux; Android 7.0;) AppleWebKit/537.36 (HTML, like Gecko) Mobile Safari/537.36 (compatible; PetalBot;+https://webmaster.petalsearch.com/site/petalbot)"
66.249.64.130 - - [20/May/2026:00:37:32 +0000] "GET /92064858?product=0091970218 HTTP/1.1" 200 6 "-" "Mozilla/5.0 (Linux; Android 6.0.1; Nexus 5X Build/MMB29P) AppleWebKit/537.36 (KHTML, like Gecko) Chrome/148.0.7778.96 Mobile Safari/537.36 (compatible; Googlebot/2.1; +http://www.google.com/bot.html)"
66.249.64.131 - - [20/May/2026:00:37:32 +0000] "GET /106014230 HTTP/1.1" 200 6 "-" "Mozilla/5.0 (Linux; Android 6.0.1; Nexus 5X Build/MMB29P) AppleWebKit/537.36 (KHTML, like Gecko) Chrome/148.0.7778.96 Mobile Safari/537.36 (compatible; Googlebot/2.1; +http://www.google.com/bot.html)"
66.249.64.131 - - [20/May/2026:00:37:32 +0000] "GET /?goods/027046890 HTTP/1.1" 200 6 "-" "Mozilla/5.0 (Linux; Android 6.0.1; Nexus 5X Build/MMB29P) AppleWebKit/537.36 (KHTML, like Gecko) Chrome/148.0.7778.96 Mobile Safari/537.36 (compatible; Googlebot/2.1; +http://www.google.com/bot.html)"
66.249.64.130 - - [20/May/2026:00:37:32 +0000] "GET /?jp/188018132.html HTTP/1.1" 200 6 "-" "Mozilla/5.0 (Linux; Android 6.0.1; Nexus 5X Build/MMB29P) AppleWebKit/537.36 (KHTML, like Gecko) Chrome/148.0.7778.96 Mobile Safari/537.36 (compatible; Googlebot/2.1; +http://www.google.com/bot.html)"
114.119.133.190 - - [20/May/2026:00:37:42 +0000] "GET /tag/%e0%b8%a5%e0%b8%b9%e0%b8%81%e0%b8%8a%e0%b8%b4%e0%b9%89%e0%b8%99%e0%b8%99%e0%b8%b3%e0%b8%8a%e0%b8%b1%e0%b8%a2 HTTP/1.1" 200 6 "https://beritamuslimmag.com/tag/%E0%B8%A5%E0%B8%B9%E0%B8%81%E0%B8%8A%E0%B8%B4%E0%B9%89%E0%B8%99%E0%B8%99%E0%B8%B3%E0%B8%8A%E0%B8%B1%E0%B8%A2" "Mozilla/5.0 (Linux; Android 7.0;) AppleWebKit/537.36 (HTML, like Gecko) Mobile Safari/537.36 (compatible; PetalBot;+https://webmaster.petalsearch.com/site/petalbot)"
66.249.64.130 - - [20/May/2026:00:37:53 +0000] "GET /057000457 HTTP/1.1" 200 6 "-" "Mozilla/5.0 (Linux; Android 6.0.1; Nexus 5X Build/MMB29P) AppleWebKit/537.36 (KHTML, like Gecko) Chrome/148.0.7778.96 Mobile Safari/537.36 (compatible; Googlebot/2.1; +http://www.google.com/bot.html)"
66.249.64.130 - - [20/May/2026:00:37:53 +0000] "GET /archery2-0990014854 HTTP/1.1" 200 6 "-" "Mozilla/5.0 (Linux; Android 6.0.1; Nexus 5X Build/MMB29P) AppleWebKit/537.36 (KHTML, like Gecko) Chrome/148.0.7778.96 Mobile Safari/537.36 (compatible; Googlebot/2.1; +http://www.google.com/bot.html)"
114.119.143.50 - - [20/May/2026:00:37:56 +0000] "GET /tag/%e0%b8%a2%e0%b8%b2%e0%b8%87%e0%b8%9e%e0%b8%b2%e0%b8%a3%e0%b8%b2%e0%b8%a3%e0%b8%b2%e0%b8%84%e0%b8%b2%e0%b8%82%e0%b8%b6%e0%b9%89%e0%b8%99 HTTP/1.1" 200 6 "https://beritamuslimmag.com/muslim/news/%e2%80%9c%e0%b8%a2%e0%b8%b2%e0%b8%87%e0%b8%9e%e0%b8%b2%e0%b8%a3%e0%b8%b2%e2%80%9d-%e0%b8%a1%e0%b8%b5%e0%b9%81%e0%b8%99%e0%b8%a7%e0%b9%82%e0%b8%99%e0%b9%89%e0%b8%a1%e0%b8%a3%e0%b8%b2%e0%b8%84%e0%b8%b2%e0%b8%aa%e0%b8%b9%e0%b8%87%e0%b8%82%e0%b8%b6%e0%b9%89%e0%b8%99-%e0%b8%ab%e0%b8%a5%e0%b8%b1%e0%b8%87%e0%b9%82%e0%b8%84%e0%b8%a7%e0%b8%b4%e0%b8%94-%e2%80%93-19-%e0%b9%83%e0%b8%99%e0%b8%9b%e0%b8%b5-65.html" "Mozilla/5.0 (Linux; Android 7.0;) AppleWebKit/537.36 (HTML, like Gecko) Mobile Safari/537.36 (compatible; PetalBot;+https://webmaster.petalsearch.com/site/petalbot)"
114.119.153.152 - - [20/May/2026:00:38:08 +0000] "GET /tag/%e0%b8%9b%e0%b8%b2%e0%b8%81%e0%b8%b5%e0%b8%aa%e0%b8%96%e0%b8%b2%e0%b8%99 HTTP/1.1" 200 6 "https://beritamuslimmag.com/tag/islam/page/2?lang=th" "Mozilla/5.0 (Linux; Android 7.0;) AppleWebKit/537.36 (HTML, like Gecko) Mobile Safari/537.36 (compatible; PetalBot;+https://webmaster.petalsearch.com/site/petalbot)"
66.249.64.130 - - [20/May/2026:00:38:10 +0000] "GET /q-~71C3VfJglK0PaRePOwfRRTykdOTYUhYg30704/ HTTP/1.1" 200 6 "-" "Mozilla/5.0 (Linux; Android 6.0.1; Nexus 5X Build/MMB29P) AppleWebKit/537.36 (KHTML, like Gecko) Chrome/148.0.7778.96 Mobile Safari/537.36 (compatible; Googlebot/2.1; +http://www.google.com/bot.html)"
114.119.157.43 - - [20/May/2026:00:38:22 +0000] "GET /ramadan/1327/page.html HTTP/1.1" 200 6 "https://beritamuslimmag.com/ramadan/1327/page.html" "Mozilla/5.0 (Linux; Android 7.0;) AppleWebKit/537.36 (HTML, like Gecko) Mobile Safari/537.36 (compatible; PetalBot;+https://webmaster.petalsearch.com/site/petalbot)"
66.249.64.130 - - [20/May/2026:00:38:33 +0000] "GET /042000514 HTTP/1.1" 200 6 "-" "Mozilla/5.0 (Linux; Android 6.0.1; Nexus 5X Build/MMB29P) AppleWebKit/537.36 (KHTML, like Gecko) Chrome/148.0.7778.96 Mobile Safari/537.36 (compatible; Googlebot/2.1; +http://www.google.com/bot.html)"
114.119.151.59 - - [20/May/2026:00:38:36 +0000] "GET /ramadan-raya/%e0%b9%80%e0%b8%97%e0%b8%84%e0%b8%99%e0%b8%b4%e0%b8%84%e0%b8%81%e0%b8%b2%e0%b8%a3%e0%b8%9d%e0%b8%b6%e0%b8%81%e0%b8%a5%e0%b8%b9%e0%b8%81-%e0%b9%83%e0%b8%ab%e0%b9%89%e0%b8%96%e0%b8%b7%e0%b8%ad%e0%b8%a8.html HTTP/1.1" 200 6 "https://beritamuslimmag.com/ramadan-raya/page/5" "Mozilla/5.0 (Linux; Android 7.0;) AppleWebKit/537.36 (HTML, like Gecko) Mobile Safari/537.36 (compatible; PetalBot;+https://webmaster.petalsearch.com/site/petalbot)"
66.249.64.130 - - [20/May/2026:00:38:55 +0000] "GET /?detail/2160148323750 HTTP/1.1" 200 6 "-" "Mozilla/5.0 (Linux; Android 6.0.1; Nexus 5X Build/MMB29P) AppleWebKit/537.36 (KHTML, like Gecko) Chrome/148.0.7778.96 Mobile Safari/537.36 (compatible; Googlebot/2.1; +http://www.google.com/bot.html)"
66.249.64.130 - - [20/May/2026:00:38:55 +0000] "GET /q-~97TdaqmtEVBLnqggOyUyIpdfKwASn07E286/ HTTP/1.1" 200 6 "-" "Mozilla/5.0 (Linux; Android 6.0.1; Nexus 5X Build/MMB29P) AppleWebKit/537.36 (KHTML, like Gecko) Chrome/148.0.7778.96 Mobile Safari/537.36 (compatible; Googlebot/2.1; +http://www.google.com/bot.html)"
114.119.151.171 - - [20/May/2026:00:38:56 +0000] "GET /ramadan-raya/%e0%b8%ad%e0%b8%ad%e0%b8%81%e0%b8%81%e0%b8%b3%e0%b8%a5%e0%b8%b1%e0%b8%87%e0%b8%81%e0%b8%b2%e0%b8%a2%e0%b9%81%e0%b8%9a%e0%b8%9a%e0%b9%84%e0%b8%ab%e0%b8%99%e0%b8%97%e0%b8%b5%e0%b9%88%e0%b9%80%e0%b8%abe.html HTTP/1.1" 200 6 "https://beritamuslimmag.com/ramadan-raya/page/4" "Mozilla/5.0 (Linux; Android 7.0;) AppleWebKit/537.36 (HTML, like Gecko) Mobile Safari/537.36 (compatible; PetalBot;+https://webmaster.petalsearch.com/site/petalbot)"
114.119.162.251 - - [20/May/2026:00:39:05 +0000] "GET /portfolio HTTP/1.1" 200 6 "https://beritamuslimmag.com/muslim/history/%e0%b8%a1%e0%b8%ab%e0%b8%b2%e0%b8%95%e0%b8%a1%e0%b8%b0%e0%b8%84%e0%b8%b2%e0%b8%99%e0%b8%98%e0%b8%b5-%e0%b9%81%e0%b8%a5%e0%b8%b0-%e0%b8%ad%e0%b8%b1%e0%b8%a5%e0%b8%9f%e0%b8%ad%e0%b8%87%e0%b9%82%e0%b8%8b.html" "Mozilla/5.0 (Linux; Android 7.0;) AppleWebKit/537.36 (HTML, like Gecko) Mobile Safari/537.36 (compatible; PetalBot;+https://webmaster.petalsearch.com/site/petalbot)"
66.249.64.131 - - [20/May/2026:00:39:17 +0000] "GET /160032168 HTTP/1.1" 200 6 "-" "Mozilla/5.0 (Linux; Android 6.0.1; Nexus 5X Build/MMB29P) AppleWebKit/537.36 (KHTML, like Gecko) Chrome/148.0.7778.96 Mobile Safari/537.36 (compatible; Googlebot/2.1; +http://www.google.com/bot.html)"
114.119.148.138 - - [20/May/2026:00:39:19 +0000] "GET /newsmuslim/302/page.html HTTP/1.1" 200 6 "https://beritamuslimmag.com/newsmuslim/302/page.html" "Mozilla/5.0 (Linux; Android 7.0;) AppleWebKit/537.36 (HTML, like Gecko) Mobile Safari/537.36 (compatible; PetalBot;+https://webmaster.petalsearch.com/site/petalbot)"
66.249.64.130 - - [20/May/2026:00:39:39 +0000] "GET /095000799 HTTP/1.1" 200 6 "-" "Mozilla/5.0 (Linux; Android 6.0.1; Nexus 5X Build/MMB29P) AppleWebKit/537.36 (KHTML, like Gecko) Chrome/148.0.7778.96 Mobile Safari/537.36 (compatible; Googlebot/2.1; +http://www.google.com/bot.html)"
66.249.64.130 - - [20/May/2026:00:39:40 +0000] "GET /?jp/204020601.html HTTP/1.1" 200 6 "-" "Mozilla/5.0 (Linux; Android 6.0.1; Nexus 5X Build/MMB29P) AppleWebKit/537.36 (KHTML, like Gecko) Chrome/148.0.7778.96 Mobile Safari/537.36 (compatible; Googlebot/2.1; +http://www.google.com/bot.html)"
114.119.142.186 - - [20/May/2026:00:39:49 +0000] "GET /muslim/news/my-by-cat-%E0%B8%AD%E0%B8%AD%E0%B8%81%E0%B9%81%E0%B8%9E%E0%B9%87%E0%B8%81%E0%B9%80%E0%B8%81%E0%B8%88%E0%B8%AA%E0%B8%B8%E0%B8%94%E0%B8%84%E0%B8%B8%E0%B9%89%E0%B8%A1-%E2%80%9Cmy-%E0%B9%80%E0%B8%99%E0%B9.html HTTP/1.1" 200 6 "https://beritamuslimmag.com/muslim/news/my-by-cat-%E0%B8%AD%E0%B8%AD%E0%B8%81%E0%B9%81%E0%B8%9E%E0%B9%87%E0%B8%81%E0%B9%80%E0%B8%81%E0%B8%88%E0%B8%AA%E0%B8%B8%E0%B8%94%E0%B8%84%E0%B8%B8%E0%B9%89%E0%B8%A1-%E2%80%9Cmy-%E0%B9%80%E0%B8%99%E0%B9.html" "Mozilla/5.0 (Linux; Android 7.0;) AppleWebKit/537.36 (HTML, like Gecko) Mobile Safari/537.36 (compatible; PetalBot;+https://webmaster.petalsearch.com/site/petalbot)"
66.249.64.132 - - [20/May/2026:00:40:02 +0000] "GET /q-~26EHyoH1NPCl29rvsmKjbuzEdYNi654H951/ HTTP/1.1" 200 6 "-" "Mozilla/5.0 (Linux; Android 6.0.1; Nexus 5X Build/MMB29P) AppleWebKit/537.36 (KHTML, like Gecko) Chrome/148.0.7778.96 Mobile Safari/537.36 (compatible; Googlebot/2.1; +http://www.google.com/bot.html)"
66.249.64.132 - - [20/May/2026:00:40:02 +0000] "GET /?jp/164011565.html HTTP/1.1" 200 6 "-" "Mozilla/5.0 (Linux; Android 6.0.1; Nexus 5X Build/MMB29P) AppleWebKit/537.36 (KHTML, like Gecko) Chrome/148.0.7778.96 Mobile Safari/537.36 (compatible; Googlebot/2.1; +http://www.google.com/bot.html)"
66.249.70.131 - - [20/May/2026:00:40:02 +0000] "GET /?jp/078011561.html HTTP/1.1" 200 6 "-" "Mozilla/5.0 (Linux; Android 6.0.1; Nexus 5X Build/MMB29P) AppleWebKit/537.36 (KHTML, like Gecko) Chrome/148.0.7778.96 Mobile Safari/537.36 (compatible; Googlebot/2.1; +http://www.google.com/bot.html)"
114.119.151.93 - - [20/May/2026:00:40:11 +0000] "GET /muslim/news/%e2%80%9c%e0%b8%a1%e0%b8%b2%e0%b9%80%e0%b8%a5%e0%b9%80%e0%b8%8b%e0%b8%b5%e0%b8%a2%e2%80%9d-%e0%b8%95%e0%b9%89%e0%b8%ad%e0%b8%99%e0%b8%a3%e0%b8%b1%e0%b8%9a%e0%b8%95%e0%b9%88%e0%b8%b2%e0%b8%87%e0%b8%8a%e0%b8%b2%e0%b8%95%e0%b8%b4-%e0%b9%80%e0%b8%9b%e0%b8%b4%e0%b8%94%e0%b8%9e%e0%b8%a3%e0%b8%a1%e0%b9%81%e0%b8%94%e0%b8%99-1-%e0%b9%80%e0%b8%a1-%e0%b8%a2-65.html HTTP/1.1" 200 6 "https://beritamuslimmag.com/tag/%E0%B8%A1%E0%B8%B2%E0%B9%80%E0%B8%A5%E0%B9%80%E0%B8%8B%E0%B8%B5%E0%B8%A2" "Mozilla/5.0 (Linux; Android 7.0;) AppleWebKit/537.36 (HTML, like Gecko) Mobile Safari/537.36 (compatible; PetalBot;+https://webmaster.petalsearch.com/site/petalbot)"
114.119.132.61 - - [20/May/2026:00:40:19 +0000] "GET /muslim/news/%e0%b9%84%e0%b8%84%e0%b8%a3%e0%b8%b5%e0%b8%a2%e0%b8%b0%e0%b8%ab%e0%b9%8c-%e0%b8%a3%e0%b8%b0%e0%b8%ab%e0%b8%a1%e0%b8%b1%e0%b8%99%e0%b8%a2%e0%b8%b0-%e0%b8%96%e0%b8%b9%e0%b8%81%e0%b8%ab%e0%b8%a1%e0%b8%b2%e0%b8%a2%e0%b9%80%e0%b8%a3%e0%b8%b5%e0%b8%a2%e0%b8%81%e0%b8%9c%e0%b8%b9%e0%b9%89%e0%b8%95%e0%b9%89%e0%b8%ad%e0%b8%87%e0%b8%ab%e0%b8%b2%e0%b8%84%e0%b8%a3%e0%b8%b1%e0%b9%89%e0%b8%87%e0%b9%81%e0%b8%a3%e0%b8%81.html HTTP/1.1" 200 6 "https://beritamuslimmag.com/tag/%E0%B9%84%E0%B8%84%E0%B8%A3%E0%B8%B5%E0%B8%A2%E0%B8%B0%E0%B8%AB%E0%B9%8C-%E0%B8%A3%E0%B8%B0%E0%B8%AB%E0%B8%A1%E0%B8%B1%E0%B8%99%E0%B8%A2%E0%B8%B0-%E0%B8%96%E0%B8%B9%E0%B8%81%E0%B8%AB%E0%B8%A1%E0%B8%B2%E0%B8%A2%E0%B9%80%E0%B8%A3%E0%B8%B5%E0%B8%A2%E0%B8%81%E0%B8%9C%E0%B8%B9%E0%B9%89%E0%B8%95%E0%B9%89%E0%B8%AD%E0%B8%87%E0%B8%AB%E0%B8%B2%E0%B8%84%E0%B8%A3%E0%B8%B1%E0%B9%89%E0%B8%87%E0%B9%81%E0%B8%A3%E0%B8%81" "Mozilla/5.0 (Linux; Android 7.0;) AppleWebKit/537.36 (HTML, like Gecko) Mobile Safari/537.36 (compatible; PetalBot;+https://webmaster.petalsearch.com/site/petalbot)"
66.249.70.130 - - [20/May/2026:00:40:25 +0000] "GET /q-~158AvEwD11ZmRoRPcw4nWeOd2GilrDmCd18961/ HTTP/1.1" 200 6 "-" "Mozilla/5.0 (Linux; Android 6.0.1; Nexus 5X Build/MMB29P) AppleWebKit/537.36 (KHTML, like Gecko) Chrome/148.0.7778.96 Mobile Safari/537.36 (compatible; Googlebot/2.1; +http://www.google.com/bot.html)"
66.249.64.130 - - [20/May/2026:00:40:25 +0000] "GET /?goods/284027738 HTTP/1.1" 200 6 "-" "Mozilla/5.0 (Linux; Android 6.0.1; Nexus 5X Build/MMB29P) AppleWebKit/537.36 (KHTML, like Gecko) Chrome/148.0.7778.96 Mobile Safari/537.36 (compatible; Googlebot/2.1; +http://www.google.com/bot.html)"
66.249.64.130 - - [20/May/2026:00:40:36 +0000] "GET /008000334 HTTP/1.1" 200 6 "-" "Mozilla/5.0 (Linux; Android 6.0.1; Nexus 5X Build/MMB29P) AppleWebKit/537.36 (KHTML, like Gecko) Chrome/148.0.7778.96 Mobile Safari/537.36 (compatible; Googlebot/2.1; +http://www.google.com/bot.html)"
114.119.146.185 - - [20/May/2026:00:40:44 +0000] "GET /muslim/news/%E0%B8%AA%E0%B8%B2%E0%B8%A1%E0%B8%B2%E0%B8%A3%E0%B8%96-%E0%B8%A1%E0%B8%B0%E0%B8%A5%E0%B8%B9%E0%B8%A5%E0%B8%B5%E0%B8%A1-%E0%B8%AD%E0%B8%94%E0%B8%B5%E0%B8%95-%E0%B8%AA-%E0%B8%AA-%E0%B8%9E%E0%B8%A3%E0%B8%A3%E0%B8%84%E0%B8%9B%E0%B8%8A%E0%B8%9B-%E0%B9%84%E0%B8%94%E0%B9%89%E0%B8%A3%E0%B8%B1%E0%B8%9A%E0%B9%81%E0%B8%95%E0%B9%88%E0%B8%87%E0%B8%95%E0%B8%B1%E0%B9%89%E0%B8%87%E0%B9%80%E0%B8%9B%E0%B9%87%E0%B8%99%E0%B9%80%E0%B8%9B%E0%B9%87%E0%B8%99%E0%B8%97%E0%B8%B5%E0%B9%88%E0%B8%9B%E0%B8%A3%E0%B8%B6%E0%B8%81%E0%B8%A9%E0%B8%B2%E0%B8%9C%E0%B8%B9%E0%B9%89%E0%B8%A7%E0%B9%88%E0%B8%B2%E0%B8%AF-%E0%B8%81%E0%B8%97%E0%B8%A1.html HTTP/1.1" 200 6 "https://beritamuslimmag.com/muslim/news/%E0%B8%AA%E0%B8%B2%E0%B8%A1%E0%B8%B2%E0%B8%A3%E0%B8%96-%E0%B8%A1%E0%B8%B0%E0%B8%A5%E0%B8%B9%E0%B8%A5%E0%B8%B5%E0%B8%A1-%E0%B8%AD%E0%B8%94%E0%B8%B5%E0%B8%95-%E0%B8%AA-%E0%B8%AA-%E0%B8%9E%E0%B8%A3%E0%B8%A3%E0%B8%84%E0%B8%9B%E0%B8%8A%E0%B8%9B-%E0%B9%84%E0%B8%94%E0%B9%89%E0%B8%A3%E0%B8%B1%E0%B8%9A%E0%B9%81%E0%B8%95%E0%B9%88%E0%B8%87%E0%B8%95%E0%B8%B1%E0%B9%89%E0%B8%87%E0%B9%80%E0%B8%9B%E0%B9%87%E0%B8%99%E0%B9%80%E0%B8%9B%E0%B9%87%E0%B8%99%E0%B8%97%E0%B8%B5%E0%B9%88%E0%B8%9B%E0%B8%A3%E0%B8%B6%E0%B8%81%E0%B8%A9%E0%B8%B2%E0%B8%9C%E0%B8%B9%E0%B9%89%E0%B8%A7%E0%B9%88%E0%B8%B2%E0%B8%AF-%E0%B8%81%E0%B8%97%E0%B8%A1.html" "Mozilla/5.0 (Linux; Android 7.0;) AppleWebKit/537.36 (HTML, like Gecko) Mobile Safari/537.36 (compatible; PetalBot;+https://webmaster.petalsearch.com/site/petalbot)"
114.119.141.178 - - [20/May/2026:00:40:56 +0000] "GET /muslim/news/%E0%B8%A1%E0%B8%B2%E0%B8%A5%E0%B8%B2%E0%B8%A5%E0%B8%B2-%E0%B8%A2%E0%B8%B9%E0%B8%8B%E0%B8%B2%E0%B8%9F%E0%B9%84%E0%B8%8B-%E0%B9%80%E0%B8%88%E0%B9%89%E0%B8%B2%E0%B8%82%E0%B8%AD%E0%B8%87%E0%B8%A3%E0%B8%B2%E0%B8%87%E0%B8%A7%E0%B8%B1%E0%B8%A5%E0%B9%82%E0%B8%99%E0%B9%80%E0%B8%9A%E0%B8%A5%E0%B8%AA%E0%B8%B2%E0%B8%82%E0%B8%B2%E0%B8%AA%E0%B8%B1%E0%B8%99%E0%B8%95%E0%B8%B4%E0%B8%A0%E0%B8%B2%E0%B8%9E-%E0%B9%80%E0%B8%82%E0%B9%89%E0%B8%B2%E0%B8%A7%E0%B8%B4%E0%B8%A7%E0%B8%B2%E0%B8%AB%E0%B9%8C%E0%B9%81%E0%B8%A5%E0%B9%89%E0%B8%A7.html HTTP/1.1" 200 6 "https://beritamuslimmag.com/muslim/news/%E0%B8%A1%E0%B8%B2%E0%B8%A5%E0%B8%B2%E0%B8%A5%E0%B8%B2-%E0%B8%A2%E0%B8%B9%E0%B8%8B%E0%B8%B2%E0%B8%9F%E0%B9%84%E0%B8%8B-%E0%B9%80%E0%B8%88%E0%B9%89%E0%B8%B2%E0%B8%82%E0%B8%AD%E0%B8%87%E0%B8%A3%E0%B8%B2%E0%B8%87%E0%B8%A7%E0%B8%B1%E0%B8%A5%E0%B9%82%E0%B8%99%E0%B9%80%E0%B8%9A%E0%B8%A5%E0%B8%AA%E0%B8%B2%E0%B8%82%E0%B8%B2%E0%B8%AA%E0%B8%B1%E0%B8%99%E0%B8%95%E0%B8%B4%E0%B8%A0%E0%B8%B2%E0%B8%9E-%E0%B9%80%E0%B8%82%E0%B9%89%E0%B8%B2%E0%B8%A7%E0%B8%B4%E0%B8%A7%E0%B8%B2%E0%B8%AB%E0%B9%8C%E0%B9%81%E0%B8%A5%E0%B9%89%E0%B8%A7.html" "Mozilla/5.0 (Linux; Android 7.0;) AppleWebKit/537.36 (HTML, like Gecko) Mobile Safari/537.36 (compatible; PetalBot;+https://webmaster.petalsearch.com/site/petalbot)"
66.249.64.130 - - [20/May/2026:00:40:58 +0000] "GET /q-~52d7Plq2p6POmTTCEA4Sptr8PvZcs8bn193/ HTTP/1.1" 200 6 "-" "Mozilla/5.0 (Linux; Android 6.0.1; Nexus 5X Build/MMB29P) AppleWebKit/537.36 (KHTML, like Gecko) Chrome/148.0.7778.96 Mobile Safari/537.36 (compatible; Googlebot/2.1; +http://www.google.com/bot.html)"
114.119.155.235 - - [20/May/2026:00:41:09 +0000] "GET /muslim/muslimlife/page/26 HTTP/1.1" 200 6 "https://beritamuslimmag.com/muslim/muslimlife/page/25" "Mozilla/5.0 (Linux; Android 7.0;) AppleWebKit/537.36 (HTML, like Gecko) Mobile Safari/537.36 (compatible; PetalBot;+https://webmaster.petalsearch.com/site/petalbot)"
66.249.64.132 - - [20/May/2026:00:41:09 +0000] "GET /?detail/1120072147921 HTTP/1.1" 200 6 "-" "Mozilla/5.0 (Linux; Android 6.0.1; Nexus 5X Build/MMB29P) AppleWebKit/537.36 (KHTML, like Gecko) Chrome/148.0.7778.96 Mobile Safari/537.36 (compatible; Googlebot/2.1; +http://www.google.com/bot.html)"
66.249.70.130 - - [20/May/2026:00:41:10 +0000] "GET /q-~72KQUARKLRyg1N5jr6cI5sPRdpHQvnDw7/ HTTP/1.1" 200 6 "-" "Mozilla/5.0 (Linux; Android 6.0.1; Nexus 5X Build/MMB29P) AppleWebKit/537.36 (KHTML, like Gecko) Chrome/148.0.7778.96 Mobile Safari/537.36 (compatible; Googlebot/2.1; +http://www.google.com/bot.html)"
66.249.64.131 - - [20/May/2026:00:41:18 +0000] "GET /q-~42dtEQ11HX4DxzUwWVCrIvUZMJe96U3Z645/ HTTP/1.1" 200 6 "-" "Mozilla/5.0 (Linux; Android 6.0.1; Nexus 5X Build/MMB29P) AppleWebKit/537.36 (KHTML, like Gecko) Chrome/148.0.7778.96 Mobile Safari/537.36 (compatible; Googlebot/2.1; +http://www.google.com/bot.html)"
114.119.162.251 - - [20/May/2026:00:41:24 +0000] "GET /muslim/muslimlife/%e0%b8%ad%e0%b8%a2%e0%b9%88%e0%b8%b2%e0%b9%84%e0%b8%94%e0%b9%89%e0%b8%ab%e0%b8%a5%e0%b8%87%e0%b8%9c%e0%b8%b4%e0%b8%94%e0%b8%97%e0%b8%b3%e0%b8%84%e0%b8%a7%e0%b8%b2%e0%b8%a1%e0%b8%8a%e0%b8%b1%e0%b9%88%e0%b8%a7-%e0%b9%80%e0%b8%9e%e0%b8%b5%e0%b8%a2%e0%b8%87%e0%b9%80%e0%b8%9e%e0%b8%a3%e0%b8%b2%e0%b8%b0%e0%b9%80%e0%b8%ab%e0%b9%87%e0%b8%99%e0%b8%84%e0%b8%99%e0%b8%ad%e0%b8%b7%e0%b9%88%e0%b8%99%e0%b8%97%e0%b8%b3-%e0%b9%81%e0%b8%a5%e0%b9%89%e0%b8%a7%e0%b9%84%e0%b8%94%e0%b9%89%e0%b8%94%e0%b8%b5.html HTTP/1.1" 200 6 "http://beritamuslimmag.com/Muslimlife.html?page=3" "Mozilla/5.0 (Linux; Android 7.0;) AppleWebKit/537.36 (HTML, like Gecko) Mobile Safari/537.36 (compatible; PetalBot;+https://webmaster.petalsearch.com/site/petalbot)"
114.119.150.16 - - [20/May/2026:00:41:39 +0000] "GET /muslim/muslimlife/%E0%B8%9C%E0%B8%B9%E0%B9%89%E0%B8%A1%E0%B8%B5%E0%B8%AA%E0%B8%B4%E0%B8%97%E0%B8%98%E0%B8%B4%E0%B9%8C%E0%B9%84%E0%B8%94%E0%B9%89%E0%B8%A3%E0%B8%B1%E0%B8%9A%E0%B8%8B%E0%B8%B0%E0%B8%81%E0%B8%B2%E0%B8%95-2.html HTTP/1.1" 200 6 "https://beritamuslimmag.com/muslim/muslimlife/%E0%B8%9C%E0%B8%B9%E0%B9%89%E0%B8%A1%E0%B8%B5%E0%B8%AA%E0%B8%B4%E0%B8%97%E0%B8%98%E0%B8%B4%E0%B9%8C%E0%B9%84%E0%B8%94%E0%B9%89%E0%B8%A3%E0%B8%B1%E0%B8%9A%E0%B8%8B%E0%B8%B0%E0%B8%81%E0%B8%B2%E0%B8%95-2.html" "Mozilla/5.0 (Linux; Android 7.0;) AppleWebKit/537.36 (HTML, like Gecko) Mobile Safari/537.36 (compatible; PetalBot;+https://webmaster.petalsearch.com/site/petalbot)"
66.249.64.130 - - [20/May/2026:00:41:45 +0000] "GET /q-~87x6VRBrMkcede9z4v21FsX2o8WnO0Uy544/ HTTP/1.1" 200 6 "-" "Mozilla/5.0 (Linux; Android 6.0.1; Nexus 5X Build/MMB29P) AppleWebKit/537.36 (KHTML, like Gecko) Chrome/148.0.7778.96 Mobile Safari/537.36 (compatible; Googlebot/2.1; +http://www.google.com/bot.html)"
114.119.142.186 - - [20/May/2026:00:41:52 +0000] "GET /muslim/muslimlife/%E0%B8%97%E0%B8%B3%E0%B8%AA%E0%B8%B4%E0%B9%88%E0%B8%87%E0%B8%99%E0%B8%B5%E0%B9%89%E0%B9%81%E0%B8%A5%E0%B9%89%E0%B8%A7%C2%A0-%E0%B9%83%E0%B8%99%E0%B8%9A%E0%B9%89%E0%B8%B2%E0%B8%99%E0%B8%88%E0%B8%B0%E0%B9%84%E0%B8%A1%E0%B9%88%E0%B8%A1%E0%B8%B5%E0%B8%8A%E0%B8%B1%E0%B8%A2%E0%B8%8F%E0%B8%AD%E0%B8%99.html HTTP/1.1" 200 6 "https://beritamuslimmag.com/muslim/muslimlife/%E0%B8%97%E0%B8%B3%E0%B8%AA%E0%B8%B4%E0%B9%88%E0%B8%87%E0%B8%99%E0%B8%B5%E0%B9%89%E0%B9%81%E0%B8%A5%E0%B9%89%E0%B8%A7%C2%A0-%E0%B9%83%E0%B8%99%E0%B8%9A%E0%B9%89%E0%B8%B2%E0%B8%99%E0%B8%88%E0%B8%B0%E0%B9%84%E0%B8%A1%E0%B9%88%E0%B8%A1%E0%B8%B5%E0%B8%8A%E0%B8%B1%E0%B8%A2%E0%B8%8F%E0%B8%AD%E0%B8%99.html" "Mozilla/5.0 (Linux; Android 7.0;) AppleWebKit/537.36 (HTML, like Gecko) Mobile Safari/537.36 (compatible; PetalBot;+https://webmaster.petalsearch.com/site/petalbot)"
66.249.64.130 - - [20/May/2026:00:41:56 +0000] "GET /?jp/166006882.html HTTP/1.1" 200 6 "-" "Mozilla/5.0 (Linux; Android 6.0.1; Nexus 5X Build/MMB29P) AppleWebKit/537.36 (KHTML, like Gecko) Chrome/148.0.7778.96 Mobile Safari/537.36 (compatible; Googlebot/2.1; +http://www.google.com/bot.html)"
114.119.167.51 - - [20/May/2026:00:42:04 +0000] "GET /muslim/love/%E0%B8%9E%E0%B8%B2%E0%B8%9C%E0%B8%B9%E0%B9%89%E0%B8%AB%E0%B8%8D%E0%B8%B4%E0%B8%87%E0%B8%AB%E0%B8%99%E0%B8%B5%E0%B9%81%E0%B8%AD%E0%B8%9A%E0%B8%99%E0%B8%B4%E0%B8%81%E0%B8%B0%E0%B8%AE%E0%B8%BA%E0%B9%84%E0%B8%94%E0%B9%89%E0%B8%AB%E0%B8%A3%E0%B8%B7%E0%B8%AD%E0%B9%84%E0%B8%A1%E0%B9%88.html?lang=th HTTP/1.1" 200 6 "https://beritamuslimmag.com/muslim/love/%E0%B8%9E%E0%B8%B2%E0%B8%9C%E0%B8%B9%E0%B9%89%E0%B8%AB%E0%B8%8D%E0%B8%B4%E0%B8%87%E0%B8%AB%E0%B8%99%E0%B8%B5%E0%B9%81%E0%B8%AD%E0%B8%9A%E0%B8%99%E0%B8%B4%E0%B8%81%E0%B8%B0%E0%B8%AE%E0%B8%BA%E0%B9%84%E0%B8%94%E0%B9%89%E0%B8%AB%E0%B8%A3%E0%B8%B7%E0%B8%AD%E0%B9%84%E0%B8%A1%E0%B9%88.html?lang=th" "Mozilla/5.0 (Linux; Android 7.0;) AppleWebKit/537.36 (HTML, like Gecko) Mobile Safari/537.36 (compatible; PetalBot;+https://webmaster.petalsearch.com/site/petalbot)"
66.249.64.130 - - [20/May/2026:00:42:08 +0000] "GET /057000595 HTTP/1.1" 200 6 "-" "Mozilla/5.0 (Linux; Android 6.0.1; Nexus 5X Build/MMB29P) AppleWebKit/537.36 (KHTML, like Gecko) Chrome/148.0.7778.96 Mobile Safari/537.36 (compatible; Googlebot/2.1; +http://www.google.com/bot.html)"
66.249.64.130 - - [20/May/2026:00:42:08 +0000] "GET /?jp/255004734.html HTTP/1.1" 200 6 "-" "Mozilla/5.0 (Linux; Android 6.0.1; Nexus 5X Build/MMB29P) AppleWebKit/537.36 (KHTML, like Gecko) Chrome/148.0.7778.96 Mobile Safari/537.36 (compatible; Googlebot/2.1; +http://www.google.com/bot.html)"
