66.249.64.130 - - [19/May/2026:12:51:07 +0000] "GET /060000636 HTTP/1.1" 200 6 "-" "Mozilla/5.0 (Linux; Android 6.0.1; Nexus 5X Build/MMB29P) AppleWebKit/537.36 (KHTML, like Gecko) Chrome/148.0.7778.96 Mobile Safari/537.36 (compatible; Googlebot/2.1; +http://www.google.com/bot.html)"
114.119.128.58 - - [19/May/2026:12:51:10 +0000] "GET /muslim/news/%E0%B9%82%E0%B8%8B%E0%B8%AB%E0%B9%8C%E0%B9%80%E0%B8%A3%E0%B8%AB%E0%B9%8C-%E0%B8%84%E0%B8%B9%E0%B8%94%E0%B8%B2%E0%B8%AD%E0%B8%B5-%E0%B8%99%E0%B8%B1%E0%B8%81%E0%B8%9F%E0%B8%B8%E0%B8%95%E0%B8%9A%E0%B8%AD%E0%B8%A5%E0%B8%97%E0%B8%B5%E0%B8%A1%E0%B8%8A%E0%B8%B2%E0%B8%95%E0%B8%B4%E0%B8%AD%E0%B8%B4%E0%B8%AB%E0%B8%A3%E0%B9%88%E0%B8%B2%E0%B8%99-%E0%B9%80%E0%B8%9E%E0%B8%A8%E0%B8%AB%E0%B8%8D%E0%B8%B4%E0%B8%87%E0%B8%AB%E0%B8%A3%E0%B8%B7%E0%B8%AD%E0%B8%8A%E0%B8%B2%E0%B8%A2%E0%B8%81%E0%B8%B1%E0%B8%99%E0%B9%81%E0%B8%99%E0%B9%88.html HTTP/1.1" 200 6 "https://beritamuslimmag.com/muslim/news/%E0%B9%82%E0%B8%8B%E0%B8%AB%E0%B9%8C%E0%B9%80%E0%B8%A3%E0%B8%AB%E0%B9%8C-%E0%B8%84%E0%B8%B9%E0%B8%94%E0%B8%B2%E0%B8%AD%E0%B8%B5-%E0%B8%99%E0%B8%B1%E0%B8%81%E0%B8%9F%E0%B8%B8%E0%B8%95%E0%B8%9A%E0%B8%AD%E0%B8%A5%E0%B8%97%E0%B8%B5%E0%B8%A1%E0%B8%8A%E0%B8%B2%E0%B8%95%E0%B8%B4%E0%B8%AD%E0%B8%B4%E0%B8%AB%E0%B8%A3%E0%B9%88%E0%B8%B2%E0%B8%99-%E0%B9%80%E0%B8%9E%E0%B8%A8%E0%B8%AB%E0%B8%8D%E0%B8%B4%E0%B8%87%E0%B8%AB%E0%B8%A3%E0%B8%B7%E0%B8%AD%E0%B8%8A%E0%B8%B2%E0%B8%A2%E0%B8%81%E0%B8%B1%E0%B8%99%E0%B9%81%E0%B8%99%E0%B9%88.html" "Mozilla/5.0 (Linux; Android 7.0;) AppleWebKit/537.36 (HTML, like Gecko) Mobile Safari/537.36 (compatible; PetalBot;+https://webmaster.petalsearch.com/site/petalbot)"
66.249.64.131 - - [19/May/2026:12:51:15 +0000] "GET /?jp/204048839.html HTTP/1.1" 200 6 "-" "Mozilla/5.0 (Linux; Android 6.0.1; Nexus 5X Build/MMB29P) AppleWebKit/537.36 (KHTML, like Gecko) Chrome/148.0.7778.96 Mobile Safari/537.36 (compatible; Googlebot/2.1; +http://www.google.com/bot.html)"
114.119.156.84 - - [19/May/2026:12:51:16 +0000] "GET /muslim/news/%E0%B8%AA%E0%B9%88%E0%B8%87%E0%B8%A1%E0%B8%AD%E0%B8%9A%E0%B9%80%E0%B8%95%E0%B8%B5%E0%B8%A2%E0%B8%87%E0%B8%AA%E0%B8%B3%E0%B8%AB%E0%B8%A3%E0%B8%B1%E0%B8%9A%E0%B8%9C%E0%B8%B9%E0%B9%89%E0%B8%9B%E0%B9%88%E0%B8%A7%E0%B8%A2-%E0%B8%A0%E0%B8%B2%E0%B8%A2%E0%B9%83%E0%B8%95%E0%B9%89-1-%E0%B8%82%E0%B9%89%E0%B8%B2%E0%B8%A3%E0%B8%B2%E0%B8%8A%E0%B8%81%E0%B8%B2%E0%B8%A3-1-%E0%B8%84%E0%B8%A3%E0%B8%B1%E0%B8%A7%E0%B9%80%E0%B8%A3%E0%B8%B7%E0%B8%AD%E0%B8%99%E0%B8%A2%E0%B8%B2%E0%B8%81%E0%B8%88%E0%B8%99-%E0%B8%82%E0%B8%AD%E0%B8%87-%E0%B8%A8%E0%B8%AD-%E0%B8%9A%E0%B8%95.html HTTP/1.1" 200 6 "https://beritamuslimmag.com/muslim/news/%E0%B8%AA%E0%B9%88%E0%B8%87%E0%B8%A1%E0%B8%AD%E0%B8%9A%E0%B9%80%E0%B8%95%E0%B8%B5%E0%B8%A2%E0%B8%87%E0%B8%AA%E0%B8%B3%E0%B8%AB%E0%B8%A3%E0%B8%B1%E0%B8%9A%E0%B8%9C%E0%B8%B9%E0%B9%89%E0%B8%9B%E0%B9%88%E0%B8%A7%E0%B8%A2-%E0%B8%A0%E0%B8%B2%E0%B8%A2%E0%B9%83%E0%B8%95%E0%B9%89-1-%E0%B8%82%E0%B9%89%E0%B8%B2%E0%B8%A3%E0%B8%B2%E0%B8%8A%E0%B8%81%E0%B8%B2%E0%B8%A3-1-%E0%B8%84%E0%B8%A3%E0%B8%B1%E0%B8%A7%E0%B9%80%E0%B8%A3%E0%B8%B7%E0%B8%AD%E0%B8%99%E0%B8%A2%E0%B8%B2%E0%B8%81%E0%B8%88%E0%B8%99-%E0%B8%82%E0%B8%AD%E0%B8%87-%E0%B8%A8%E0%B8%AD-%E0%B8%9A%E0%B8%95.html" "Mozilla/5.0 (Linux; Android 7.0;) AppleWebKit/537.36 (HTML, like Gecko) Mobile Safari/537.36 (compatible; PetalBot;+https://webmaster.petalsearch.com/site/petalbot)"
66.249.70.129 - - [19/May/2026:12:51:23 +0000] "GET /078000894 HTTP/1.1" 200 6 "-" "Mozilla/5.0 (Linux; Android 6.0.1; Nexus 5X Build/MMB29P) AppleWebKit/537.36 (KHTML, like Gecko) Chrome/148.0.7778.96 Mobile Safari/537.36 (compatible; Googlebot/2.1; +http://www.google.com/bot.html)"
66.249.64.130 - - [19/May/2026:12:51:23 +0000] "GET /?goods/190011249 HTTP/1.1" 200 6 "-" "Mozilla/5.0 (Linux; Android 6.0.1; Nexus 5X Build/MMB29P) AppleWebKit/537.36 (KHTML, like Gecko) Chrome/148.0.7778.96 Mobile Safari/537.36 (compatible; Googlebot/2.1; +http://www.google.com/bot.html)"
66.249.64.130 - - [19/May/2026:12:51:31 +0000] "GET /053000125 HTTP/1.1" 200 6 "-" "Mozilla/5.0 (Linux; Android 6.0.1; Nexus 5X Build/MMB29P) AppleWebKit/537.36 (KHTML, like Gecko) Chrome/148.0.7778.96 Mobile Safari/537.36 (compatible; Googlebot/2.1; +http://www.google.com/bot.html)"
66.249.70.130 - - [19/May/2026:12:51:31 +0000] "GET /?jp/086035133.html HTTP/1.1" 200 6 "-" "Mozilla/5.0 (Linux; Android 6.0.1; Nexus 5X Build/MMB29P) AppleWebKit/537.36 (KHTML, like Gecko) Chrome/148.0.7778.96 Mobile Safari/537.36 (compatible; Googlebot/2.1; +http://www.google.com/bot.html)"
114.119.146.185 - - [19/May/2026:12:51:31 +0000] "GET /muslim/muslimlife/page/15 HTTP/1.1" 200 6 "https://beritamuslimmag.com/muslim/muslimlife/page/14" "Mozilla/5.0 (Linux; Android 7.0;) AppleWebKit/537.36 (HTML, like Gecko) Mobile Safari/537.36 (compatible; PetalBot;+https://webmaster.petalsearch.com/site/petalbot)"
15.235.27.86 - - [19/May/2026:12:51:39 +0000] "GET /145637251?product=0145486982 HTTP/1.1" 200 6 "-" "Mozilla/5.0 (compatible; AhrefsBot/7.0; +http://ahrefs.com/robot/)"
114.119.143.50 - - [19/May/2026:12:51:46 +0000] "GET /muslim/muslimlife/8-%e0%b8%82%e0%b8%ad%e0%b8%87%e0%b8%82%e0%b8%a7%e0%b8%b1%e0%b8%8d%e0%b8%a5%e0%b9%89%e0%b8%b3%e0%b8%84%e0%b9%88%e0%b8%b2%e0%b8%aa%e0%b8%b3%e0%b8%ab%e0%b8%a3%e0%b8%b1%e0%b8%9a%e0%b8%a1%e0%b8%b8%e0%b8%aa.html HTTP/1.1" 200 6 "https://beritamuslimmag.com/muslim/muslimlife/page/5" "Mozilla/5.0 (Linux; Android 7.0;) AppleWebKit/537.36 (HTML, like Gecko) Mobile Safari/537.36 (compatible; PetalBot;+https://webmaster.petalsearch.com/site/petalbot)"
66.249.64.132 - - [19/May/2026:12:51:50 +0000] "GET /064000926 HTTP/1.1" 200 6 "-" "Mozilla/5.0 (Linux; Android 6.0.1; Nexus 5X Build/MMB29P) AppleWebKit/537.36 (KHTML, like Gecko) Chrome/148.0.7778.96 Mobile Safari/537.36 (compatible; Googlebot/2.1; +http://www.google.com/bot.html)"
66.249.70.130 - - [19/May/2026:12:51:58 +0000] "GET /?detail/125012663504 HTTP/1.1" 200 6 "-" "Mozilla/5.0 (Linux; Android 6.0.1; Nexus 5X Build/MMB29P) AppleWebKit/537.36 (KHTML, like Gecko) Chrome/148.0.7778.96 Mobile Safari/537.36 (compatible; Googlebot/2.1; +http://www.google.com/bot.html)"
66.249.64.130 - - [19/May/2026:12:51:58 +0000] "GET /048000270 HTTP/1.1" 200 6 "-" "Mozilla/5.0 (Linux; Android 6.0.1; Nexus 5X Build/MMB29P) AppleWebKit/537.36 (KHTML, like Gecko) Chrome/148.0.7778.96 Mobile Safari/537.36 (compatible; Googlebot/2.1; +http://www.google.com/bot.html)"
66.249.64.132 - - [19/May/2026:12:52:13 +0000] "GET /006000546 HTTP/1.1" 200 6 "-" "Mozilla/5.0 (Linux; Android 6.0.1; Nexus 5X Build/MMB29P) AppleWebKit/537.36 (KHTML, like Gecko) Chrome/148.0.7778.96 Mobile Safari/537.36 (compatible; Googlebot/2.1; +http://www.google.com/bot.html)"
66.249.64.132 - - [19/May/2026:12:52:13 +0000] "GET /?goods/240002752 HTTP/1.1" 200 6 "-" "Mozilla/5.0 (Linux; Android 6.0.1; Nexus 5X Build/MMB29P) AppleWebKit/537.36 (KHTML, like Gecko) Chrome/148.0.7778.96 Mobile Safari/537.36 (compatible; Googlebot/2.1; +http://www.google.com/bot.html)"
114.119.151.59 - - [19/May/2026:12:52:17 +0000] "GET /muslim/muslimlife/%E0%B8%AD%E0%B8%A2%E0%B9%88%E0%B8%B2%E0%B9%83%E0%B8%AB%E0%B9%89%E0%B8%94%E0%B8%B8%E0%B8%99%E0%B8%A2%E0%B8%B2%E0%B8%97%E0%B8%B3%E0%B9%83%E0%B8%AB%E0%B9%89%E0%B9%80%E0%B8%A3%E0%B8%B2%E0%B8%A5%E0%B8%B7e.html?lang=th HTTP/1.1" 200 6 "http://beritamuslimmag.com/Muslimlife/1536/%E0%B8%AD%E0%B8%A2%E0%B9%88%E0%B8%B2%E0%B9%83%E0%B8%AB%E0%B9%89%E0%B8%94%E0%B8%B8%E0%B8%99%E0%B8%A2%E0%B8%B2%E0%B8%97%E0%B8%B3%E0%B9%83%E0%B8%AB%E0%B9%89%E0%B9%80%E0%B8%A3%E0%B8%B2%E0%B8%A5%E0%B8%B7%E0%B8%A1%E0%B9%80%E0%B8%AD%E0%B8%81%E0%B8%AD%E0%B8%87%E0%B8%84%E0%B9%8C%E0%B8%AD%E0%B8%B1%E0%B8%A5%E0%B8%A5%E0%B8%AD%E0%B8%AE%E0%B8%BA%2B%28%E0%B8%8B.%E0%B8%9A.%29.html" "Mozilla/5.0 (Linux; Android 7.0;) AppleWebKit/537.36 (HTML, like Gecko) Mobile Safari/537.36 (compatible; PetalBot;+https://webmaster.petalsearch.com/site/petalbot)"
66.249.64.130 - - [19/May/2026:12:52:28 +0000] "GET /006000484 HTTP/1.1" 200 6 "-" "Mozilla/5.0 (Linux; Android 6.0.1; Nexus 5X Build/MMB29P) AppleWebKit/537.36 (KHTML, like Gecko) Chrome/148.0.7778.96 Mobile Safari/537.36 (compatible; Googlebot/2.1; +http://www.google.com/bot.html)"
142.44.225.195 - - [19/May/2026:12:52:33 +0000] "GET /145633015?product=0145482750 HTTP/1.1" 200 6 "-" "Mozilla/5.0 (compatible; AhrefsBot/7.0; +http://ahrefs.com/robot/)"
114.119.162.251 - - [19/May/2026:12:52:35 +0000] "GET /muslim/muslimlife/%E0%B8%A3%E0%B8%B0%E0%B8%9A%E0%B8%9A%E0%B8%81%E0%B8%B2%E0%B8%A3%E0%B8%A8%E0%B8%B6%E0%B8%81%E0%B8%A9%E0%B8%B2%E0%B9%81%E0%B8%9A%E0%B8%9A%E0%B8%AD%E0%B8%B4%E0%B8%AA%E0%B8%A5%E0%B8%B2%E0%B8%A1.html HTTP/1.1" 200 6 "https://beritamuslimmag.com/muslim/muslimlife/%E0%B8%A3%E0%B8%B0%E0%B8%9A%E0%B8%9A%E0%B8%81%E0%B8%B2%E0%B8%A3%E0%B8%A8%E0%B8%B6%E0%B8%81%E0%B8%A9%E0%B8%B2%E0%B9%81%E0%B8%9A%E0%B8%9A%E0%B8%AD%E0%B8%B4%E0%B8%AA%E0%B8%A5%E0%B8%B2%E0%B8%A1.html" "Mozilla/5.0 (Linux; Android 7.0;) AppleWebKit/537.36 (HTML, like Gecko) Mobile Safari/537.36 (compatible; PetalBot;+https://webmaster.petalsearch.com/site/petalbot)"
66.249.70.131 - - [19/May/2026:12:52:43 +0000] "GET /?detail/0590395378960 HTTP/1.1" 200 6 "-" "Mozilla/5.0 (Linux; Android 6.0.1; Nexus 5X Build/MMB29P) AppleWebKit/537.36 (KHTML, like Gecko) Chrome/148.0.7778.96 Mobile Safari/537.36 (compatible; Googlebot/2.1; +http://www.google.com/bot.html)"
66.249.70.129 - - [19/May/2026:12:52:43 +0000] "GET /q-~77wpkaaRXnEjvloKTFV4gK05L6GNQM2O176/ HTTP/1.1" 200 6 "-" "Mozilla/5.0 (Linux; Android 6.0.1; Nexus 5X Build/MMB29P) AppleWebKit/537.36 (KHTML, like Gecko) Chrome/148.0.7778.96 Mobile Safari/537.36 (compatible; Googlebot/2.1; +http://www.google.com/bot.html)"
66.249.70.129 - - [19/May/2026:12:52:44 +0000] "GET /?detail/27504205512283 HTTP/1.1" 200 6 "-" "Mozilla/5.0 (Linux; Android 6.0.1; Nexus 5X Build/MMB29P) AppleWebKit/537.36 (KHTML, like Gecko) Chrome/148.0.7778.96 Mobile Safari/537.36 (compatible; Googlebot/2.1; +http://www.google.com/bot.html)"
114.119.132.61 - - [19/May/2026:12:52:46 +0000] "GET /muallaf/zakirnaik-%E0%B8%9C%E0%B8%B9%E0%B9%89%E0%B8%97%E0%B8%B3%E0%B9%83%E0%B8%AB%E0%B9%89%E0%B8%84%E0%B8%99%E0%B8%AB%E0%B8%B1%E0%B8%99%E0%B8%A1%E0%B8%B2%E0%B8%99%E0%B8%B1%E0%B8%9A%E0%B8%96%E0%B8%B7%E0%B8%AD%E0%B8%AD%E0%B8%B4%E0%B8%AA%E0%B8%A5%E0%B8%B2%E0%B8%A1.html HTTP/1.1" 200 6 "https://beritamuslimmag.com/muallaf/zakirnaik-%E0%B8%9C%E0%B8%B9%E0%B9%89%E0%B8%97%E0%B8%B3%E0%B9%83%E0%B8%AB%E0%B9%89%E0%B8%84%E0%B8%99%E0%B8%AB%E0%B8%B1%E0%B8%99%E0%B8%A1%E0%B8%B2%E0%B8%99%E0%B8%B1%E0%B8%9A%E0%B8%96%E0%B8%B7%E0%B8%AD%E0%B8%AD%E0%B8%B4%E0%B8%AA%E0%B8%A5%E0%B8%B2%E0%B8%A1.html" "Mozilla/5.0 (Linux; Android 7.0;) AppleWebKit/537.36 (HTML, like Gecko) Mobile Safari/537.36 (compatible; PetalBot;+https://webmaster.petalsearch.com/site/petalbot)"
148.113.128.28 - - [19/May/2026:12:52:50 +0000] "GET /145577226?product=0145427018 HTTP/1.1" 200 6 "-" "Mozilla/5.0 (compatible; AhrefsBot/7.0; +http://ahrefs.com/robot/)"
66.249.64.130 - - [19/May/2026:12:52:59 +0000] "GET /q-~60T2EVPALaPoMkBniPQsv6bJ9MYfc0gR955/ HTTP/1.1" 200 6 "-" "Mozilla/5.0 (Linux; Android 6.0.1; Nexus 5X Build/MMB29P) AppleWebKit/537.36 (KHTML, like Gecko) Chrome/148.0.7778.96 Mobile Safari/537.36 (compatible; Googlebot/2.1; +http://www.google.com/bot.html)"
66.249.64.130 - - [19/May/2026:12:52:59 +0000] "GET /?detail/03604736681034 HTTP/1.1" 200 6 "-" "Mozilla/5.0 (Linux; Android 6.0.1; Nexus 5X Build/MMB29P) AppleWebKit/537.36 (KHTML, like Gecko) Chrome/148.0.7778.96 Mobile Safari/537.36 (compatible; Googlebot/2.1; +http://www.google.com/bot.html)"
15.235.27.12 - - [19/May/2026:12:53:02 +0000] "GET /145565217?product=0145415022 HTTP/1.1" 200 6 "-" "Mozilla/5.0 (compatible; AhrefsBot/7.0; +http://ahrefs.com/robot/)"
66.249.64.131 - - [19/May/2026:12:53:07 +0000] "GET /q-~66hKoK031AkKH0D1fNVFCIgQx6C1VPKt527/ HTTP/1.1" 200 6 "-" "Mozilla/5.0 (Linux; Android 6.0.1; Nexus 5X Build/MMB29P) AppleWebKit/537.36 (KHTML, like Gecko) Chrome/148.0.7778.96 Mobile Safari/537.36 (compatible; Googlebot/2.1; +http://www.google.com/bot.html)"
114.119.139.183 - - [19/May/2026:12:53:16 +0000] "GET /health/8-%e0%b9%80%e0%b8%84%e0%b8%a5%e0%b9%87%e0%b8%94%e0%b8%a5%e0%b8%b1%e0%b8%9a%e0%b8%94%e0%b8%b9%e0%b9%81%e0%b8%a5%e0%b8%aa%e0%b8%a1%e0%b8%ad%e0%b8%87%e0%b8%aa%e0%b8%b3%e0%b8%ab%e0%b8%a3%e0%b8%b1%e0%b8%9a.html HTTP/1.1" 200 6 "https://beritamuslimmag.com/health" "Mozilla/5.0 (Linux; Android 7.0;) AppleWebKit/537.36 (HTML, like Gecko) Mobile Safari/537.36 (compatible; PetalBot;+https://webmaster.petalsearch.com/site/petalbot)"
66.249.64.130 - - [19/May/2026:12:53:22 +0000] "GET /058000868 HTTP/1.1" 200 6 "-" "Mozilla/5.0 (Linux; Android 6.0.1; Nexus 5X Build/MMB29P) AppleWebKit/537.36 (KHTML, like Gecko) Chrome/148.0.7778.96 Mobile Safari/537.36 (compatible; Googlebot/2.1; +http://www.google.com/bot.html)"
114.119.151.93 - - [19/May/2026:12:53:26 +0000] "GET /history/404/%E0%B8%84%E0%B8%B3%E0%B8%AA%E0%B8%B2%E0%B8%9B%E0%B8%97%E0%B8%B0%E0%B9%80%E0%B8%A5%E0%B9%80%E0%B8%94%E0%B8%94%E0%B8%8B%E0%B8%B5%E0%B8%97%E0%B8%B5%E0%B9%88%E0%B9%84%E0%B8%A1%E0%B9%88%E0%B8%A1%E0%B8%B5%E0%B8%A7%E0%B8%B1%E0%B8%99%E0%B8%88%E0%B8%A1.html HTTP/1.1" 200 6 "https://pantip.com/topic/40639039" "Mozilla/5.0 (Linux; Android 7.0;) AppleWebKit/537.36 (HTML, like Gecko) Mobile Safari/537.36 (compatible; PetalBot;+https://webmaster.petalsearch.com/site/petalbot)"
114.119.151.171 - - [19/May/2026:12:53:27 +0000] "GET /doa/%E0%B8%94%E0%B8%B8%E0%B8%AD%E0%B8%B2%E0%B8%AD%E0%B8%BA%E0%B8%82%E0%B8%AD%E0%B9%83%E0%B8%AB%E0%B9%89%E0%B8%82%E0%B8%B2%E0%B8%A2%E0%B8%94%E0%B8%B5.html HTTP/1.1" 200 6 "https://beritamuslimmag.com/doa/%E0%B8%94%E0%B8%B8%E0%B8%AD%E0%B8%B2%E0%B8%AD%E0%B8%BA%E0%B8%82%E0%B8%AD%E0%B9%83%E0%B8%AB%E0%B9%89%E0%B8%82%E0%B8%B2%E0%B8%A2%E0%B8%94%E0%B8%B5.html" "Mozilla/5.0 (Linux; Android 7.0;) AppleWebKit/537.36 (HTML, like Gecko) Mobile Safari/537.36 (compatible; PetalBot;+https://webmaster.petalsearch.com/site/petalbot)"
15.235.98.24 - - [19/May/2026:12:53:31 +0000] "GET /145563039?product=0145412846 HTTP/1.1" 200 6 "-" "Mozilla/5.0 (compatible; AhrefsBot/7.0; +http://ahrefs.com/robot/)"
66.249.64.130 - - [19/May/2026:12:53:37 +0000] "GET /omatsuri-life2-sb013uo2uog HTTP/1.1" 200 6 "-" "Mozilla/5.0 (Linux; Android 6.0.1; Nexus 5X Build/MMB29P) AppleWebKit/537.36 (KHTML, like Gecko) Chrome/148.0.7778.96 Mobile Safari/537.36 (compatible; Googlebot/2.1; +http://www.google.com/bot.html)"
51.161.65.242 - - [19/May/2026:12:53:42 +0000] "GET /145558675?product=0145408486 HTTP/1.1" 200 6 "-" "Mozilla/5.0 (compatible; AhrefsBot/7.0; +http://ahrefs.com/robot/)"
66.249.70.130 - - [19/May/2026:12:53:44 +0000] "GET /?jp/190022602.html HTTP/1.1" 200 6 "-" "Mozilla/5.0 (Linux; Android 6.0.1; Nexus 5X Build/MMB29P) AppleWebKit/537.36 (KHTML, like Gecko) Chrome/148.0.7778.96 Mobile Safari/537.36 (compatible; Googlebot/2.1; +http://www.google.com/bot.html)"
148.113.130.201 - - [19/May/2026:12:53:47 +0000] "GET /145547759?product=0145397582 HTTP/1.1" 200 6 "-" "Mozilla/5.0 (compatible; AhrefsBot/7.0; +http://ahrefs.com/robot/)"
157.55.39.63 - - [19/May/2026:12:53:47 +0000] "GET /460850964?product=0460373370 HTTP/1.1" 200 6 "-" "Mozilla/5.0 AppleWebKit/537.36 (KHTML, like Gecko; compatible; bingbot/2.0; +http://www.bing.com/bingbot.htm) Chrome/116.0.1938.76 Safari/537.36"
114.119.167.51 - - [19/May/2026:12:53:50 +0000] "GET /berita-muslim/travel/%E0%B9%84%E0%B8%9B%E0%B9%80%E0%B8%81%E0%B8%B2%E0%B8%B0%E0%B9%80%E0%B8%AA%E0%B8%A1%E0%B9%87%E0%B8%94-%E0%B9%80%E0%B8%AA%E0%B8%A3%E0%B9%87%E0%B8%88%E0%B8%97%E0%B8%B8%E0%B8%81%E0%B8%A3%E0%B8%B2%E0%B8%A2.html HTTP/1.1" 200 6 "https://beritamuslimmag.com/berita-muslim/travel/%E0%B9%84%E0%B8%9B%E0%B9%80%E0%B8%81%E0%B8%B2%E0%B8%B0%E0%B9%80%E0%B8%AA%E0%B8%A1%E0%B9%87%E0%B8%94-%E0%B9%80%E0%B8%AA%E0%B8%A3%E0%B9%87%E0%B8%88%E0%B8%97%E0%B8%B8%E0%B8%81%E0%B8%A3%E0%B8%B2%E0%B8%A2.html" "Mozilla/5.0 (Linux; Android 7.0;) AppleWebKit/537.36 (HTML, like Gecko) Mobile Safari/537.36 (compatible; PetalBot;+https://webmaster.petalsearch.com/site/petalbot)"
40.77.167.25 - - [19/May/2026:12:53:52 +0000] "GET /456796167?product=0456322782 HTTP/1.1" 200 6 "-" "Mozilla/5.0 AppleWebKit/537.36 (KHTML, like Gecko; compatible; bingbot/2.0; +http://www.bing.com/bingbot.htm) Chrome/116.0.1938.76 Safari/537.36"
66.249.64.130 - - [19/May/2026:12:53:52 +0000] "GET /072000706 HTTP/1.1" 200 6 "-" "Mozilla/5.0 (Linux; Android 6.0.1; Nexus 5X Build/MMB29P) AppleWebKit/537.36 (KHTML, like Gecko) Chrome/148.0.7778.96 Mobile Safari/537.36 (compatible; Googlebot/2.1; +http://www.google.com/bot.html)"
148.113.130.191 - - [19/May/2026:12:53:57 +0000] "GET /145543395?product=0145393222 HTTP/1.1" 200 6 "-" "Mozilla/5.0 (compatible; AhrefsBot/7.0; +http://ahrefs.com/robot/)"
15.235.98.13 - - [19/May/2026:12:54:02 +0000] "GET /145538893?product=0145388726 HTTP/1.1" 200 6 "-" "Mozilla/5.0 (compatible; AhrefsBot/7.0; +http://ahrefs.com/robot/)"
114.119.146.185 - - [19/May/2026:12:54:06 +0000] "GET /berita-muslim/food/%E0%B8%97%E0%B8%B2%E0%B9%82%E0%B8%81%E0%B8%B0%E0%B8%A2%E0%B8%B2%E0%B8%81%E0%B8%B4-%E0%B8%82%E0%B8%99%E0%B8%A1%E0%B8%84%E0%B8%A3%E0%B8%81%E0%B8%8D%E0%B8%B5%E0%B9%88%E0%B8%9B%E0%B8%B8%E0%B9%88%E0%B8%99.html?lang=th HTTP/1.1" 200 6 "http://beritamuslimmag.com/food/590/page.html" "Mozilla/5.0 (Linux; Android 7.0;) AppleWebKit/537.36 (HTML, like Gecko) Mobile Safari/537.36 (compatible; PetalBot;+https://webmaster.petalsearch.com/site/petalbot)"
66.249.64.130 - - [19/May/2026:12:54:07 +0000] "GET /023000387 HTTP/1.1" 200 6 "-" "Mozilla/5.0 (Linux; Android 6.0.1; Nexus 5X Build/MMB29P) AppleWebKit/537.36 (KHTML, like Gecko) Chrome/148.0.7778.96 Mobile Safari/537.36 (compatible; Googlebot/2.1; +http://www.google.com/bot.html)"
54.39.210.136 - - [19/May/2026:12:54:09 +0000] "GET /145527022?product=0145376866 HTTP/1.1" 200 6 "-" "Mozilla/5.0 (compatible; AhrefsBot/7.0; +http://ahrefs.com/robot/)"
66.249.70.129 - - [19/May/2026:12:54:15 +0000] "GET /096000602 HTTP/1.1" 200 6 "-" "Mozilla/5.0 (Linux; Android 6.0.1; Nexus 5X Build/MMB29P) AppleWebKit/537.36 (KHTML, like Gecko) Chrome/148.0.7778.96 Mobile Safari/537.36 (compatible; Googlebot/2.1; +http://www.google.com/bot.html)"
66.249.70.131 - - [19/May/2026:12:54:15 +0000] "GET /?detail/29200636538776 HTTP/1.1" 200 6 "-" "Mozilla/5.0 (Linux; Android 6.0.1; Nexus 5X Build/MMB29P) AppleWebKit/537.36 (KHTML, like Gecko) Chrome/148.0.7778.96 Mobile Safari/537.36 (compatible; Googlebot/2.1; +http://www.google.com/bot.html)"
66.249.70.129 - - [19/May/2026:12:54:15 +0000] "GET /?jp/079042324.html HTTP/1.1" 200 6 "-" "Mozilla/5.0 (Linux; Android 6.0.1; Nexus 5X Build/MMB29P) AppleWebKit/537.36 (KHTML, like Gecko) Chrome/148.0.7778.96 Mobile Safari/537.36 (compatible; Googlebot/2.1; +http://www.google.com/bot.html)"
66.249.64.131 - - [19/May/2026:12:54:15 +0000] "GET /?jp/264010124.html HTTP/1.1" 200 6 "-" "Mozilla/5.0 (Linux; Android 6.0.1; Nexus 5X Build/MMB29P) AppleWebKit/537.36 (KHTML, like Gecko) Chrome/148.0.7778.96 Mobile Safari/537.36 (compatible; Googlebot/2.1; +http://www.google.com/bot.html)"
142.44.225.92 - - [19/May/2026:12:54:15 +0000] "GET /145524836?product=0145374682 HTTP/1.1" 200 6 "-" "Mozilla/5.0 (compatible; AhrefsBot/7.0; +http://ahrefs.com/robot/)"
66.249.70.131 - - [19/May/2026:12:54:15 +0000] "GET /?jp/018025550.html HTTP/1.1" 200 6 "-" "Mozilla/5.0 (Linux; Android 6.0.1; Nexus 5X Build/MMB29P) AppleWebKit/537.36 (KHTML, like Gecko) Chrome/148.0.7778.96 Mobile Safari/537.36 (compatible; Googlebot/2.1; +http://www.google.com/bot.html)"
66.249.64.130 - - [19/May/2026:12:54:16 +0000] "GET /?jp/041043170.html HTTP/1.1" 200 6 "-" "Mozilla/5.0 (Linux; Android 6.0.1; Nexus 5X Build/MMB29P) AppleWebKit/537.36 (KHTML, like Gecko) Chrome/148.0.7778.96 Mobile Safari/537.36 (compatible; Googlebot/2.1; +http://www.google.com/bot.html)"
114.119.139.183 - - [19/May/2026:12:54:24 +0000] "GET /berita-muslim/cover-story/%e0%b9%80%e0%b8%88%e0%b9%89%e0%b8%b2%e0%b8%9e%e0%b9%88%e0%b8%ad%e0%b8%a7%e0%b8%87%e0%b8%81%e0%b8%b2%e0%b8%a3-%e0%b9%80%e0%b8%aa%e0%b8%b7%e0%b9%89%e0%b8%ad%e0%b8%9c%e0%b9%89%e0%b8%b2-%e0%b8%a1%e0%b8%b8.html HTTP/1.1" 200 6 "https://beritamuslimmag.com/berita-muslim/cover-story/page/4" "Mozilla/5.0 (Linux; Android 7.0;) AppleWebKit/537.36 (HTML, like Gecko) Mobile Safari/537.36 (compatible; PetalBot;+https://webmaster.petalsearch.com/site/petalbot)"
54.39.136.114 - - [19/May/2026:12:54:26 +0000] "GET /145524706?product=0145374554 HTTP/1.1" 200 6 "-" "Mozilla/5.0 (compatible; AhrefsBot/7.0; +http://ahrefs.com/robot/)"
157.55.39.10 - - [19/May/2026:12:54:28 +0000] "GET /662214658?product=0661527962 HTTP/1.1" 200 6 "-" "Mozilla/5.0 AppleWebKit/537.36 (KHTML, like Gecko; compatible; bingbot/2.0; +http://www.bing.com/bingbot.htm) Chrome/116.0.1938.76 Safari/537.36"
66.249.64.130 - - [19/May/2026:12:54:28 +0000] "GET /052000848 HTTP/1.1" 200 6 "-" "Mozilla/5.0 (Linux; Android 6.0.1; Nexus 5X Build/MMB29P) AppleWebKit/537.36 (KHTML, like Gecko) Chrome/148.0.7778.96 Mobile Safari/537.36 (compatible; Googlebot/2.1; +http://www.google.com/bot.html)"
142.44.220.145 - - [19/May/2026:12:54:32 +0000] "GET /145520342?product=0145370194 HTTP/1.1" 200 6 "-" "Mozilla/5.0 (compatible; AhrefsBot/7.0; +http://ahrefs.com/robot/)"
114.119.128.5 - - [19/May/2026:12:54:37 +0000] "GET /berita-muslim/%e0%b9%80%e0%b8%aa%e0%b9%89%e0%b8%99%e0%b8%97%e0%b8%b2%e0%b8%87%e0%b8%97%e0%b8%b5%e0%b9%88%e0%b8%ad%e0%b8%b1%e0%b8%a5%e0%b8%a5%e0%b8%ad%e0%b8%ae%e0%b8%ba%e0%b8%81%e0%b8%b3%e0%b8%ab%e0%b8%99%e0%b8%94-%e0%b8%81%e0%b8%b1%e0%b8%9a%e0%b8%84%e0%b8%a7%e0%b8%b2%e0%b8%a1%e0%b8%aa%e0%b8%b3%e0%b9%80%e0%b8%a3%e0%b9%87%e0%b8%88%e0%b9%83%e0%b8%99%e0%b8%87%e0%b8%b2%e0%b8%99%e0%b8%a8%e0%b8%b2%e0%b8%aa%e0%b8%99%e0%b8%b2%e0%b9%81%e0%b8%a5%e0%b8%b0%e0%b8%98%e0%b8%b8%e0%b8%a3%e0%b8%81%e0%b8%b4%e0%b8%88-%e2%80%9c%e0%b9%80%e0%b8%99%e0%b8%b7%e0%b9%89%e0%b8%ad%e0%b9%81%e0%b8%97%e0%b9%89%e2%80%9d%e0%b8%82%e0%b8%ad%e0%b8%87%e0%b9%82%e0%b8%95-%e0%b8%95%e0%b8%b2%e0%b8%a5.html HTTP/1.1" 200 6 "https://beritamuslimmag.com/berita-muslim/page/4?lang=th" "Mozilla/5.0 (Linux; Android 7.0;) AppleWebKit/537.36 (HTML, like Gecko) Mobile Safari/537.36 (compatible; PetalBot;+https://webmaster.petalsearch.com/site/petalbot)"
142.44.233.74 - - [19/May/2026:12:54:41 +0000] "GET /145514885?product=0145364742 HTTP/1.1" 200 6 "-" "Mozilla/5.0 (compatible; AhrefsBot/7.0; +http://ahrefs.com/robot/)"
66.249.64.130 - - [19/May/2026:12:54:47 +0000] "GET /082000442 HTTP/1.1" 200 6 "-" "Mozilla/5.0 (Linux; Android 6.0.1; Nexus 5X Build/MMB29P) AppleWebKit/537.36 (KHTML, like Gecko) Chrome/148.0.7778.96 Mobile Safari/537.36 (compatible; Googlebot/2.1; +http://www.google.com/bot.html)"
114.119.142.186 - - [19/May/2026:12:54:48 +0000] "GET /berita-muslim/%E0%B8%A3%E0%B8%B5%E0%B8%A7%E0%B8%B4%E0%B8%A7-%E0%B8%9A%E0%B9%89%E0%B8%B2%E0%B8%99%E0%B9%84%E0%B8%A3%E0%B9%88%E0%B8%AD%E0%B8%B4%E0%B8%87%E0%B8%9F%E0%B9%89%E0%B8%B2-%E0%B8%9E%E0%B8%B9%E0%B8%A5%E0%B8%A7%E0%B8%B4%E0%B8%99%E0%B8%A5%E0%B9%88%E0%B8%B2%E0%B8%9A%E0%B8%A3%E0%B8%A3%E0%B8%A2%E0%B8%B2%E0%B8%81%E0%B8%B2%E0%B8%A8%E0%B8%AA%E0%B8%B8%E0%B8%94%E0%B8%9F%E0%B8%B4%E0%B8%99-%E0%B9%83%E0%B8%99%E0%B9%80%E0%B8%82%E0%B8%B2%E0%B9%83%E0%B8%AB%E0%B8%8D%E0%B9%88.html HTTP/1.1" 200 6 "https://beritamuslimmag.com/berita-muslim/%E0%B8%A3%E0%B8%B5%E0%B8%A7%E0%B8%B4%E0%B8%A7-%E0%B8%9A%E0%B9%89%E0%B8%B2%E0%B8%99%E0%B9%84%E0%B8%A3%E0%B9%88%E0%B8%AD%E0%B8%B4%E0%B8%87%E0%B8%9F%E0%B9%89%E0%B8%B2-%E0%B8%9E%E0%B8%B9%E0%B8%A5%E0%B8%A7%E0%B8%B4%E0%B8%99%E0%B8%A5%E0%B9%88%E0%B8%B2%E0%B8%9A%E0%B8%A3%E0%B8%A3%E0%B8%A2%E0%B8%B2%E0%B8%81%E0%B8%B2%E0%B8%A8%E0%B8%AA%E0%B8%B8%E0%B8%94%E0%B8%9F%E0%B8%B4%E0%B8%99-%E0%B9%83%E0%B8%99%E0%B9%80%E0%B8%82%E0%B8%B2%E0%B9%83%E0%B8%AB%E0%B8%8D%E0%B9%88.html" "Mozilla/5.0 (Linux; Android 7.0;) AppleWebKit/537.36 (HTML, like Gecko) Mobile Safari/537.36 (compatible; PetalBot;+https://webmaster.petalsearch.com/site/petalbot)"
66.249.70.130 - - [19/May/2026:12:54:55 +0000] "GET /?goods/023027753 HTTP/1.1" 200 6 "-" "Mozilla/5.0 (Linux; Android 6.0.1; Nexus 5X Build/MMB29P) AppleWebKit/537.36 (KHTML, like Gecko) Chrome/148.0.7778.96 Mobile Safari/537.36 (compatible; Googlebot/2.1; +http://www.google.com/bot.html)"
114.119.155.54 - - [19/May/2026:12:55:01 +0000] "GET /DOA/929/page.html HTTP/1.1" 200 6 "https://beritamuslimmag.com/DOA/929/page.html" "Mozilla/5.0 (Linux; Android 7.0;) AppleWebKit/537.36 (HTML, like Gecko) Mobile Safari/537.36 (compatible; PetalBot;+https://webmaster.petalsearch.com/site/petalbot)"
142.44.228.140 - - [19/May/2026:12:55:01 +0000] "GET /145508471?product=0145358334 HTTP/1.1" 200 6 "-" "Mozilla/5.0 (compatible; AhrefsBot/7.0; +http://ahrefs.com/robot/)"
66.249.64.131 - - [19/May/2026:12:55:03 +0000] "GET /?goods/264012741 HTTP/1.1" 200 6 "-" "Mozilla/5.0 (Linux; Android 6.0.1; Nexus 5X Build/MMB29P) AppleWebKit/537.36 (KHTML, like Gecko) Chrome/148.0.7778.96 Mobile Safari/537.36 (compatible; Googlebot/2.1; +http://www.google.com/bot.html)"
66.249.70.129 - - [19/May/2026:12:55:03 +0000] "GET /q-~31u7xqZVsItuVzaXKzAkkLLtF9hx1ffX41000/ HTTP/1.1" 200 6 "-" "Mozilla/5.0 (Linux; Android 6.0.1; Nexus 5X Build/MMB29P) AppleWebKit/537.36 (KHTML, like Gecko) Chrome/148.0.7778.96 Mobile Safari/537.36 (compatible; Googlebot/2.1; +http://www.google.com/bot.html)"
66.249.70.129 - - [19/May/2026:12:55:10 +0000] "GET /007000949 HTTP/1.1" 200 6 "-" "Mozilla/5.0 (Linux; Android 6.0.1; Nexus 5X Build/MMB29P) AppleWebKit/537.36 (KHTML, like Gecko) Chrome/148.0.7778.96 Mobile Safari/537.36 (compatible; Googlebot/2.1; +http://www.google.com/bot.html)"
66.249.64.131 - - [19/May/2026:12:55:22 +0000] "GET /?jp/279044544.html HTTP/1.1" 200 6 "-" "Mozilla/5.0 (Linux; Android 6.0.1; Nexus 5X Build/MMB29P) AppleWebKit/537.36 (KHTML, like Gecko) Chrome/148.0.7778.96 Mobile Safari/537.36 (compatible; Googlebot/2.1; +http://www.google.com/bot.html)"
66.249.64.131 - - [19/May/2026:12:55:23 +0000] "GET /q-~68wYaGx5inmNVckac53BystZB5OVJTQM979/ HTTP/1.1" 200 6 "-" "Mozilla/5.0 (Linux; Android 6.0.1; Nexus 5X Build/MMB29P) AppleWebKit/537.36 (KHTML, like Gecko) Chrome/148.0.7778.96 Mobile Safari/537.36 (compatible; Googlebot/2.1; +http://www.google.com/bot.html)"
66.249.70.129 - - [19/May/2026:12:55:27 +0000] "GET /?detail/124035597621 HTTP/1.1" 200 6 "-" "Mozilla/5.0 (Linux; Android 6.0.1; Nexus 5X Build/MMB29P) AppleWebKit/537.36 (KHTML, like Gecko) Chrome/148.0.7778.96 Mobile Safari/537.36 (compatible; Googlebot/2.1; +http://www.google.com/bot.html)"
66.249.64.130 - - [19/May/2026:12:55:37 +0000] "GET /q-~12MEaM6lcABR1rgHCSx8Mbj5lxl42QPk769/ HTTP/1.1" 200 6 "-" "Mozilla/5.0 (Linux; Android 6.0.1; Nexus 5X Build/MMB29P) AppleWebKit/537.36 (KHTML, like Gecko) Chrome/148.0.7778.96 Mobile Safari/537.36 (compatible; Googlebot/2.1; +http://www.google.com/bot.html)"
54.39.0.63 - - [19/May/2026:12:55:38 +0000] "GET /145502876?product=0145352746 HTTP/1.1" 200 6 "-" "Mozilla/5.0 (compatible; AhrefsBot/7.0; +http://ahrefs.com/robot/)"
66.249.64.130 - - [19/May/2026:12:55:44 +0000] "GET /?detail/00602204157457 HTTP/1.1" 200 6 "-" "Mozilla/5.0 (Linux; Android 6.0.1; Nexus 5X Build/MMB29P) AppleWebKit/537.36 (KHTML, like Gecko) Chrome/148.0.7778.96 Mobile Safari/537.36 (compatible; Googlebot/2.1; +http://www.google.com/bot.html)"
66.249.64.130 - - [19/May/2026:12:55:51 +0000] "GET /tuzukiya-m40-28502 HTTP/1.1" 200 6 "-" "Mozilla/5.0 (Linux; Android 6.0.1; Nexus 5X Build/MMB29P) AppleWebKit/537.36 (KHTML, like Gecko) Chrome/148.0.7778.96 Mobile Safari/537.36 (compatible; Googlebot/2.1; +http://www.google.com/bot.html)"
66.249.64.130 - - [19/May/2026:12:55:59 +0000] "GET /?goods/276007350 HTTP/1.1" 200 6 "-" "Mozilla/5.0 (Linux; Android 6.0.1; Nexus 5X Build/MMB29P) AppleWebKit/537.36 (KHTML, like Gecko) Chrome/148.0.7778.96 Mobile Safari/537.36 (compatible; Googlebot/2.1; +http://www.google.com/bot.html)"
66.249.64.130 - - [19/May/2026:12:56:00 +0000] "GET /?detail/054018895055 HTTP/1.1" 200 6 "-" "Mozilla/5.0 (Linux; Android 6.0.1; Nexus 5X Build/MMB29P) AppleWebKit/537.36 (KHTML, like Gecko) Chrome/148.0.7778.96 Mobile Safari/537.36 (compatible; Googlebot/2.1; +http://www.google.com/bot.html)"
54.39.210.130 - - [19/May/2026:12:56:03 +0000] "GET /145484325?product=0145334214 HTTP/1.1" 200 6 "-" "Mozilla/5.0 (compatible; AhrefsBot/7.0; +http://ahrefs.com/robot/)"
66.249.64.130 - - [19/May/2026:12:56:05 +0000] "GET /daishinshop-2535-0572984 HTTP/1.1" 200 6 "-" "Mozilla/5.0 (Linux; Android 6.0.1; Nexus 5X Build/MMB29P) AppleWebKit/537.36 (KHTML, like Gecko) Chrome/148.0.7778.96 Mobile Safari/537.36 (compatible; Googlebot/2.1; +http://www.google.com/bot.html)"
66.249.64.130 - - [19/May/2026:12:56:25 +0000] "GET /060000534 HTTP/1.1" 200 6 "-" "Mozilla/5.0 (Linux; Android 6.0.1; Nexus 5X Build/MMB29P) AppleWebKit/537.36 (KHTML, like Gecko) Chrome/148.0.7778.96 Mobile Safari/537.36 (compatible; Googlebot/2.1; +http://www.google.com/bot.html)"
66.249.70.130 - - [19/May/2026:12:56:25 +0000] "GET /?goods/033024167 HTTP/1.1" 200 6 "-" "Mozilla/5.0 (Linux; Android 6.0.1; Nexus 5X Build/MMB29P) AppleWebKit/537.36 (KHTML, like Gecko) Chrome/148.0.7778.96 Mobile Safari/537.36 (compatible; Googlebot/2.1; +http://www.google.com/bot.html)"
66.249.64.130 - - [19/May/2026:12:56:25 +0000] "GET /?jp/023023806.html HTTP/1.1" 200 6 "-" "Mozilla/5.0 (Linux; Android 6.0.1; Nexus 5X Build/MMB29P) AppleWebKit/537.36 (KHTML, like Gecko) Chrome/148.0.7778.96 Mobile Safari/537.36 (compatible; Googlebot/2.1; +http://www.google.com/bot.html)"
66.249.70.130 - - [19/May/2026:12:56:32 +0000] "GET /070000562 HTTP/1.1" 200 6 "-" "Mozilla/5.0 (Linux; Android 6.0.1; Nexus 5X Build/MMB29P) AppleWebKit/537.36 (KHTML, like Gecko) Chrome/148.0.7778.96 Mobile Safari/537.36 (compatible; Googlebot/2.1; +http://www.google.com/bot.html)"
142.44.233.239 - - [19/May/2026:12:56:39 +0000] "GET /145477783?product=0145327678 HTTP/1.1" 200 6 "-" "Mozilla/5.0 (compatible; AhrefsBot/7.0; +http://ahrefs.com/robot/)"
66.249.70.129 - - [19/May/2026:12:56:46 +0000] "GET /ra-kudenmart-xd401329 HTTP/1.1" 200 6 "-" "Mozilla/5.0 (Linux; Android 6.0.1; Nexus 5X Build/MMB29P) AppleWebKit/537.36 (KHTML, like Gecko) Chrome/148.0.7778.96 Mobile Safari/537.36 (compatible; Googlebot/2.1; +http://www.google.com/bot.html)"
66.249.64.130 - - [19/May/2026:12:57:00 +0000] "GET /239024207 HTTP/1.1" 200 6 "-" "Mozilla/5.0 (Linux; Android 6.0.1; Nexus 5X Build/MMB29P) AppleWebKit/537.36 (KHTML, like Gecko) Chrome/148.0.7778.96 Mobile Safari/537.36 (compatible; Googlebot/2.1; +http://www.google.com/bot.html)"
15.235.27.135 - - [19/May/2026:12:57:08 +0000] "GET /145475597?product=0145325494 HTTP/1.1" 200 6 "-" "Mozilla/5.0 (compatible; AhrefsBot/7.0; +http://ahrefs.com/robot/)"
66.249.64.130 - - [19/May/2026:12:57:14 +0000] "GET /q-~114YZDSQoU0FQtIRqz0gOPPCJiJkJYxji20497/ HTTP/1.1" 200 6 "-" "Mozilla/5.0 (Linux; Android 6.0.1; Nexus 5X Build/MMB29P) AppleWebKit/537.36 (KHTML, like Gecko) Chrome/148.0.7778.96 Mobile Safari/537.36 (compatible; Googlebot/2.1; +http://www.google.com/bot.html)"
66.249.70.131 - - [19/May/2026:12:57:15 +0000] "GET /?goods/048014422 HTTP/1.1" 200 6 "-" "Mozilla/5.0 (Linux; Android 6.0.1; Nexus 5X Build/MMB29P) AppleWebKit/537.36 (KHTML, like Gecko) Chrome/148.0.7778.96 Mobile Safari/537.36 (compatible; Googlebot/2.1; +http://www.google.com/bot.html)"
66.249.64.130 - - [19/May/2026:12:57:27 +0000] "GET /059000901 HTTP/1.1" 200 6 "-" "Mozilla/5.0 (Linux; Android 6.0.1; Nexus 5X Build/MMB29P) AppleWebKit/537.36 (KHTML, like Gecko) Chrome/148.0.7778.96 Mobile Safari/537.36 (compatible; Googlebot/2.1; +http://www.google.com/bot.html)"
148.113.130.2 - - [19/May/2026:12:57:39 +0000] "GET /145467952?product=0145317858 HTTP/1.1" 200 6 "-" "Mozilla/5.0 (compatible; AhrefsBot/7.0; +http://ahrefs.com/robot/)"
66.249.64.130 - - [19/May/2026:12:57:42 +0000] "GET /q-~50qkD0LM80uw1wgvRoAs7e4DwyrJyhcK777/ HTTP/1.1" 200 6 "-" "Mozilla/5.0 (Linux; Android 6.0.1; Nexus 5X Build/MMB29P) AppleWebKit/537.36 (KHTML, like Gecko) Chrome/148.0.7778.96 Mobile Safari/537.36 (compatible; Googlebot/2.1; +http://www.google.com/bot.html)"
66.249.64.130 - - [19/May/2026:12:57:43 +0000] "GET /030030792 HTTP/1.1" 200 6 "-" "Mozilla/5.0 (Linux; Android 6.0.1; Nexus 5X Build/MMB29P) AppleWebKit/537.36 (KHTML, like Gecko) Chrome/148.0.7778.96 Mobile Safari/537.36 (compatible; Googlebot/2.1; +http://www.google.com/bot.html)"
173.252.82.24 - - [19/May/2026:12:57:45 +0000] "GET /muslim/muslimlife/%e0%b9%80%e0%b8%a3%e0%b8%b5%e0%b8%a2%e0%b8%99%e0%b8%9b%e0%b8%ad%e0%b9%80%e0%b8%99%e0%b8%b2%e0%b8%b0-%e0%b8%ad%e0%b8%99%e0%b8%b2%e0%b8%84%e0%b8%95%e0%b8%88%e0%b8%b0%e0%b8%81%e0%b8%b4%e0%b8%99%e0%b8%ad%.html HTTP/1.1" 400 2 "-" "facebookexternalhit/1.1 (+http://www.facebook.com/externalhit_uatext.php)"
173.252.82.17 - - [19/May/2026:12:57:46 +0000] "GET /muslim/muslimlife/%e0%b9%80%e0%b8%a3%e0%b8%b5%e0%b8%a2%e0%b8%99%e0%b8%9b%e0%b8%ad%e0%b9%80%e0%b8%99%e0%b8%b2%e0%b8%b0-%e0%b8%ad%e0%b8%99%e0%b8%b2%e0%b8%84%e0%b8%95%e0%b8%88%e0%b8%b0%e0%b8%81%e0%b8%b4%e0%b8%99%e0%b8%ad%.html HTTP/1.1" 400 2 "-" "facebookexternalhit/1.1 (+http://www.facebook.com/externalhit_uatext.php)"
66.249.64.130 - - [19/May/2026:12:57:58 +0000] "GET /010000486 HTTP/1.1" 200 6 "-" "Mozilla/5.0 (Linux; Android 6.0.1; Nexus 5X Build/MMB29P) AppleWebKit/537.36 (KHTML, like Gecko) Chrome/148.0.7778.96 Mobile Safari/537.36 (compatible; Googlebot/2.1; +http://www.google.com/bot.html)"
66.249.70.129 - - [19/May/2026:12:57:58 +0000] "GET /?goods/068049197 HTTP/1.1" 200 6 "-" "Mozilla/5.0 (Linux; Android 6.0.1; Nexus 5X Build/MMB29P) AppleWebKit/537.36 (KHTML, like Gecko) Chrome/148.0.7778.96 Mobile Safari/537.36 (compatible; Googlebot/2.1; +http://www.google.com/bot.html)"
142.44.233.242 - - [19/May/2026:12:58:03 +0000] "GET /145452544?product=0145302466 HTTP/1.1" 200 6 "-" "Mozilla/5.0 (compatible; AhrefsBot/7.0; +http://ahrefs.com/robot/)"
40.77.167.25 - - [19/May/2026:12:58:11 +0000] "GET /383200751?product=0382803790 HTTP/1.1" 200 6 "-" "Mozilla/5.0 AppleWebKit/537.36 (KHTML, like Gecko; compatible; bingbot/2.0; +http://www.bing.com/bingbot.htm) Chrome/116.0.1938.76 Safari/537.36"
66.249.70.130 - - [19/May/2026:12:58:13 +0000] "GET /q-~65fKiDoxl7qGRclKouTGOOQQIytg2Soj540/ HTTP/1.1" 200 6 "-" "Mozilla/5.0 (Linux; Android 6.0.1; Nexus 5X Build/MMB29P) AppleWebKit/537.36 (KHTML, like Gecko) Chrome/148.0.7778.96 Mobile Safari/537.36 (compatible; Googlebot/2.1; +http://www.google.com/bot.html)"
66.249.64.131 - - [19/May/2026:12:58:13 +0000] "GET /?goods/255025787 HTTP/1.1" 200 6 "-" "Mozilla/5.0 (Linux; Android 6.0.1; Nexus 5X Build/MMB29P) AppleWebKit/537.36 (KHTML, like Gecko) Chrome/148.0.7778.96 Mobile Safari/537.36 (compatible; Googlebot/2.1; +http://www.google.com/bot.html)"
66.249.64.130 - - [19/May/2026:12:58:22 +0000] "GET /q-~1qapXdBMa0i1N0YjIPDAF5k4oh2s8ek7740/ HTTP/1.1" 200 6 "-" "Mozilla/5.0 (Linux; Android 6.0.1; Nexus 5X Build/MMB29P) AppleWebKit/537.36 (KHTML, like Gecko) Chrome/148.0.7778.96 Mobile Safari/537.36 (compatible; Googlebot/2.1; +http://www.google.com/bot.html)"
66.249.64.130 - - [19/May/2026:12:58:36 +0000] "GET /092000370 HTTP/1.1" 200 6 "-" "Mozilla/5.0 (Linux; Android 6.0.1; Nexus 5X Build/MMB29P) AppleWebKit/537.36 (KHTML, like Gecko) Chrome/148.0.7778.96 Mobile Safari/537.36 (compatible; Googlebot/2.1; +http://www.google.com/bot.html)"
54.39.89.238 - - [19/May/2026:12:58:39 +0000] "GET /145447223?product=0145297150 HTTP/1.1" 200 6 "-" "Mozilla/5.0 (compatible; AhrefsBot/7.0; +http://ahrefs.com/robot/)"
66.249.70.130 - - [19/May/2026:12:58:47 +0000] "GET /?jp/205001010.html HTTP/1.1" 200 6 "-" "Mozilla/5.0 (Linux; Android 6.0.1; Nexus 5X Build/MMB29P) AppleWebKit/537.36 (KHTML, like Gecko) Chrome/148.0.7778.96 Mobile Safari/537.36 (compatible; Googlebot/2.1; +http://www.google.com/bot.html)"
157.55.39.63 - - [19/May/2026:12:58:48 +0000] "GET /425443961?product=0425003134 HTTP/1.1" 200 6 "-" "Mozilla/5.0 AppleWebKit/537.36 (KHTML, like Gecko; compatible; bingbot/2.0; +http://www.bing.com/bingbot.htm) Chrome/116.0.1938.76 Safari/537.36"
66.249.64.130 - - [19/May/2026:12:58:50 +0000] "GET /q-~20BQCJeB0ynoZPP6n6PWCiH9Zc9H8HGG303/ HTTP/1.1" 200 6 "-" "Mozilla/5.0 (Linux; Android 6.0.1; Nexus 5X Build/MMB29P) AppleWebKit/537.36 (KHTML, like Gecko) Chrome/148.0.7778.96 Mobile Safari/537.36 (compatible; Googlebot/2.1; +http://www.google.com/bot.html)"
40.77.167.25 - - [19/May/2026:12:58:52 +0000] "GET /986203806?product=0985180674 HTTP/1.1" 200 6 "-" "Mozilla/5.0 AppleWebKit/537.36 (KHTML, like Gecko; compatible; bingbot/2.0; +http://www.bing.com/bingbot.htm) Chrome/116.0.1938.76 Safari/537.36"
66.249.64.131 - - [19/May/2026:12:59:09 +0000] "GET /025000229 HTTP/1.1" 200 6 "-" "Mozilla/5.0 (Linux; Android 6.0.1; Nexus 5X Build/MMB29P) AppleWebKit/537.36 (KHTML, like Gecko) Chrome/148.0.7778.96 Mobile Safari/537.36 (compatible; Googlebot/2.1; +http://www.google.com/bot.html)"
66.249.64.130 - - [19/May/2026:12:59:10 +0000] "GET /?detail/107002489266 HTTP/1.1" 200 6 "-" "Mozilla/5.0 (Linux; Android 6.0.1; Nexus 5X Build/MMB29P) AppleWebKit/537.36 (KHTML, like Gecko) Chrome/148.0.7778.96 Mobile Safari/537.36 (compatible; Googlebot/2.1; +http://www.google.com/bot.html)"
66.249.64.131 - - [19/May/2026:12:59:17 +0000] "GET /?detail/1040478327926 HTTP/1.1" 200 6 "-" "Mozilla/5.0 (Linux; Android 6.0.1; Nexus 5X Build/MMB29P) AppleWebKit/537.36 (KHTML, like Gecko) Chrome/148.0.7778.96 Mobile Safari/537.36 (compatible; Googlebot/2.1; +http://www.google.com/bot.html)"
66.249.64.131 - - [19/May/2026:12:59:17 +0000] "GET /q-~38RNHofANkDx7lSJxun6jtcXkZVZ9hLp1201/ HTTP/1.1" 200 6 "-" "Mozilla/5.0 (Linux; Android 6.0.1; Nexus 5X Build/MMB29P) AppleWebKit/537.36 (KHTML, like Gecko) Chrome/148.0.7778.96 Mobile Safari/537.36 (compatible; Googlebot/2.1; +http://www.google.com/bot.html)"
66.249.70.129 - - [19/May/2026:12:59:31 +0000] "GET /090000856 HTTP/1.1" 200 6 "-" "Mozilla/5.0 (Linux; Android 6.0.1; Nexus 5X Build/MMB29P) AppleWebKit/537.36 (KHTML, like Gecko) Chrome/148.0.7778.96 Mobile Safari/537.36 (compatible; Googlebot/2.1; +http://www.google.com/bot.html)"
66.249.70.129 - - [19/May/2026:12:59:46 +0000] "GET /ads01-4987045047558-5 HTTP/1.1" 200 6 "-" "Mozilla/5.0 (Linux; Android 6.0.1; Nexus 5X Build/MMB29P) AppleWebKit/537.36 (KHTML, like Gecko) Chrome/148.0.7778.96 Mobile Safari/537.36 (compatible; Googlebot/2.1; +http://www.google.com/bot.html)"
66.249.70.130 - - [19/May/2026:12:59:46 +0000] "GET /?jp/274039483.html HTTP/1.1" 200 6 "-" "Mozilla/5.0 (Linux; Android 6.0.1; Nexus 5X Build/MMB29P) AppleWebKit/537.36 (KHTML, like Gecko) Chrome/148.0.7778.96 Mobile Safari/537.36 (compatible; Googlebot/2.1; +http://www.google.com/bot.html)"
66.249.70.129 - - [19/May/2026:12:59:46 +0000] "GET /?jp/165019250.html HTTP/1.1" 200 6 "-" "Mozilla/5.0 (Linux; Android 6.0.1; Nexus 5X Build/MMB29P) AppleWebKit/537.36 (KHTML, like Gecko) Chrome/148.0.7778.96 Mobile Safari/537.36 (compatible; Googlebot/2.1; +http://www.google.com/bot.html)"
66.249.64.130 - - [19/May/2026:12:59:46 +0000] "GET /auc-partsking-oza864-ee10-pr HTTP/1.1" 200 6 "-" "Mozilla/5.0 (Linux; Android 6.0.1; Nexus 5X Build/MMB29P) AppleWebKit/537.36 (KHTML, like Gecko) Chrome/148.0.7778.96 Mobile Safari/537.36 (compatible; Googlebot/2.1; +http://www.google.com/bot.html)"
66.249.70.130 - - [19/May/2026:13:00:01 +0000] "GET /?detail/285047987939 HTTP/1.1" 200 6 "-" "Mozilla/5.0 (Linux; Android 6.0.1; Nexus 5X Build/MMB29P) AppleWebKit/537.36 (KHTML, like Gecko) Chrome/148.0.7778.96 Mobile Safari/537.36 (compatible; Googlebot/2.1; +http://www.google.com/bot.html)"
66.249.64.131 - - [19/May/2026:13:00:02 +0000] "GET /654901827?product=0654222726 HTTP/1.1" 200 6 "-" "Mozilla/5.0 (Linux; Android 6.0.1; Nexus 5X Build/MMB29P) AppleWebKit/537.36 (KHTML, like Gecko) Chrome/148.0.7778.96 Mobile Safari/537.36 (compatible; Googlebot/2.1; +http://www.google.com/bot.html)"
66.249.64.130 - - [19/May/2026:13:00:10 +0000] "GET /?detail/116003350004 HTTP/1.1" 200 6 "-" "Mozilla/5.0 (Linux; Android 6.0.1; Nexus 5X Build/MMB29P) AppleWebKit/537.36 (KHTML, like Gecko) Chrome/148.0.7778.96 Mobile Safari/537.36 (compatible; Googlebot/2.1; +http://www.google.com/bot.html)"
66.249.70.130 - - [19/May/2026:13:00:18 +0000] "GET /?goods/158022802 HTTP/1.1" 200 6 "-" "Mozilla/5.0 (Linux; Android 6.0.1; Nexus 5X Build/MMB29P) AppleWebKit/537.36 (KHTML, like Gecko) Chrome/148.0.7778.96 Mobile Safari/537.36 (compatible; Googlebot/2.1; +http://www.google.com/bot.html)"
66.249.64.130 - - [19/May/2026:13:00:33 +0000] "GET /?goods/270025599 HTTP/1.1" 200 6 "-" "Mozilla/5.0 (Linux; Android 6.0.1; Nexus 5X Build/MMB29P) AppleWebKit/537.36 (KHTML, like Gecko) Chrome/148.0.7778.96 Mobile Safari/537.36 (compatible; Googlebot/2.1; +http://www.google.com/bot.html)"
66.249.70.129 - - [19/May/2026:13:00:33 +0000] "GET /?goods/153014817 HTTP/1.1" 200 6 "-" "Mozilla/5.0 (Linux; Android 6.0.1; Nexus 5X Build/MMB29P) AppleWebKit/537.36 (KHTML, like Gecko) Chrome/148.0.7778.96 Mobile Safari/537.36 (compatible; Googlebot/2.1; +http://www.google.com/bot.html)"
142.44.228.202 - - [19/May/2026:13:00:40 +0000] "GET /145435086?product=0145285026 HTTP/1.1" 200 6 "-" "Mozilla/5.0 (compatible; AhrefsBot/7.0; +http://ahrefs.com/robot/)"
66.249.64.130 - - [19/May/2026:13:00:40 +0000] "GET /?jp/112035718.html HTTP/1.1" 200 6 "-" "Mozilla/5.0 (Linux; Android 6.0.1; Nexus 5X Build/MMB29P) AppleWebKit/537.36 (KHTML, like Gecko) Chrome/148.0.7778.96 Mobile Safari/537.36 (compatible; Googlebot/2.1; +http://www.google.com/bot.html)"
109.70.100.10 - - [19/May/2026:13:00:45 +0000] "GET / HTTP/1.1" 200 2 "https://beritamuslimmag.com" "Mozilla/5.0 (Linux; Android 7.0; P8) AppleWebKit/537.36 (KHTML, like Gecko) Chrome/81.0.4044.138 Mobile Safari/537.36"
66.249.64.130 - - [19/May/2026:13:00:48 +0000] "GET /?detail/28202573708622 HTTP/1.1" 200 6 "-" "Mozilla/5.0 (Linux; Android 6.0.1; Nexus 5X Build/MMB29P) AppleWebKit/537.36 (KHTML, like Gecko) Chrome/148.0.7778.96 Mobile Safari/537.36 (compatible; Googlebot/2.1; +http://www.google.com/bot.html)"
66.249.64.130 - - [19/May/2026:13:00:56 +0000] "GET /?jp/246012688.html HTTP/1.1" 200 6 "-" "Mozilla/5.0 (Linux; Android 6.0.1; Nexus 5X Build/MMB29P) AppleWebKit/537.36 (KHTML, like Gecko) Chrome/148.0.7778.96 Mobile Safari/537.36 (compatible; Googlebot/2.1; +http://www.google.com/bot.html)"
66.249.64.131 - - [19/May/2026:13:01:11 +0000] "GET /?goods/282004409 HTTP/1.1" 200 6 "-" "Mozilla/5.0 (Linux; Android 6.0.1; Nexus 5X Build/MMB29P) AppleWebKit/537.36 (KHTML, like Gecko) Chrome/148.0.7778.96 Mobile Safari/537.36 (compatible; Googlebot/2.1; +http://www.google.com/bot.html)"
40.77.167.49 - - [19/May/2026:13:01:11 +0000] "GET /113937479?product=0113820126 HTTP/1.1" 200 6 "-" "Mozilla/5.0 AppleWebKit/537.36 (KHTML, like Gecko; compatible; bingbot/2.0; +http://www.bing.com/bingbot.htm) Chrome/116.0.1938.76 Safari/537.36"
66.249.70.131 - - [19/May/2026:13:01:18 +0000] "GET /?goods/026018120 HTTP/1.1" 200 6 "-" "Mozilla/5.0 (Linux; Android 6.0.1; Nexus 5X Build/MMB29P) AppleWebKit/537.36 (KHTML, like Gecko) Chrome/148.0.7778.96 Mobile Safari/537.36 (compatible; Googlebot/2.1; +http://www.google.com/bot.html)"
66.249.64.131 - - [19/May/2026:13:01:26 +0000] "GET /?jp/080032590.html HTTP/1.1" 200 6 "-" "Mozilla/5.0 (Linux; Android 6.0.1; Nexus 5X Build/MMB29P) AppleWebKit/537.36 (KHTML, like Gecko) Chrome/148.0.7778.96 Mobile Safari/537.36 (compatible; Googlebot/2.1; +http://www.google.com/bot.html)"
40.77.167.49 - - [19/May/2026:13:01:38 +0000] "GET /4011171318?product=4007006994 HTTP/1.1" 200 6 "-" "Mozilla/5.0 AppleWebKit/537.36 (KHTML, like Gecko; compatible; bingbot/2.0; +http://www.bing.com/bingbot.htm) Chrome/116.0.1938.76 Safari/537.36"
66.249.64.130 - - [19/May/2026:13:01:41 +0000] "GET /?goods/124049353 HTTP/1.1" 200 6 "-" "Mozilla/5.0 (Linux; Android 6.0.1; Nexus 5X Build/MMB29P) AppleWebKit/537.36 (KHTML, like Gecko) Chrome/148.0.7778.96 Mobile Safari/537.36 (compatible; Googlebot/2.1; +http://www.google.com/bot.html)"
40.77.167.25 - - [19/May/2026:13:01:43 +0000] "GET /458936717?product=0458461110 HTTP/1.1" 200 6 "-" "Mozilla/5.0 AppleWebKit/537.36 (KHTML, like Gecko; compatible; bingbot/2.0; +http://www.bing.com/bingbot.htm) Chrome/116.0.1938.76 Safari/537.36"
15.235.98.206 - - [19/May/2026:13:01:44 +0000] "GET /145428664?product=0145278610 HTTP/1.1" 200 6 "-" "Mozilla/5.0 (compatible; AhrefsBot/7.0; +http://ahrefs.com/robot/)"
66.249.64.130 - - [19/May/2026:13:01:49 +0000] "GET /?jp/297041347.html HTTP/1.1" 200 6 "-" "Mozilla/5.0 (Linux; Android 6.0.1; Nexus 5X Build/MMB29P) AppleWebKit/537.36 (KHTML, like Gecko) Chrome/148.0.7778.96 Mobile Safari/537.36 (compatible; Googlebot/2.1; +http://www.google.com/bot.html)"
66.249.64.130 - - [19/May/2026:13:01:56 +0000] "GET /?jp/156025141.html HTTP/1.1" 200 6 "-" "Mozilla/5.0 (Linux; Android 6.0.1; Nexus 5X Build/MMB29P) AppleWebKit/537.36 (KHTML, like Gecko) Chrome/148.0.7778.96 Mobile Safari/537.36 (compatible; Googlebot/2.1; +http://www.google.com/bot.html)"
66.249.64.130 - - [19/May/2026:13:02:00 +0000] "GET /?detail/079048718086 HTTP/1.1" 200 6 "-" "Mozilla/5.0 (Linux; Android 6.0.1; Nexus 5X Build/MMB29P) AppleWebKit/537.36 (KHTML, like Gecko) Chrome/148.0.7778.96 Mobile Safari/537.36 (compatible; Googlebot/2.1; +http://www.google.com/bot.html)"
66.249.64.130 - - [19/May/2026:13:02:00 +0000] "GET /snowf-cd85380 HTTP/1.1" 200 6 "-" "Mozilla/5.0 (Linux; Android 6.0.1; Nexus 5X Build/MMB29P) AppleWebKit/537.36 (KHTML, like Gecko) Chrome/148.0.7778.96 Mobile Safari/537.36 (compatible; Googlebot/2.1; +http://www.google.com/bot.html)"
66.249.70.130 - - [19/May/2026:13:02:02 +0000] "GET /?goods/181016771 HTTP/1.1" 200 6 "-" "Mozilla/5.0 (Linux; Android 6.0.1; Nexus 5X Build/MMB29P) AppleWebKit/537.36 (KHTML, like Gecko) Chrome/148.0.7778.96 Mobile Safari/537.36 (compatible; Googlebot/2.1; +http://www.google.com/bot.html)"
66.249.70.130 - - [19/May/2026:13:02:06 +0000] "GET /?goods/240015372 HTTP/1.1" 200 6 "-" "Mozilla/5.0 (Linux; Android 6.0.1; Nexus 5X Build/MMB29P) AppleWebKit/537.36 (KHTML, like Gecko) Chrome/148.0.7778.96 Mobile Safari/537.36 (compatible; Googlebot/2.1; +http://www.google.com/bot.html)"
66.249.64.130 - - [19/May/2026:13:02:16 +0000] "GET /?goods/230005664 HTTP/1.1" 200 6 "-" "Mozilla/5.0 (Linux; Android 6.0.1; Nexus 5X Build/MMB29P) AppleWebKit/537.36 (KHTML, like Gecko) Chrome/148.0.7778.96 Mobile Safari/537.36 (compatible; Googlebot/2.1; +http://www.google.com/bot.html)"
66.249.64.130 - - [19/May/2026:13:02:30 +0000] "GET /?detail/1840478644393 HTTP/1.1" 200 6 "-" "Mozilla/5.0 (Linux; Android 6.0.1; Nexus 5X Build/MMB29P) AppleWebKit/537.36 (KHTML, like Gecko) Chrome/148.0.7778.96 Mobile Safari/537.36 (compatible; Googlebot/2.1; +http://www.google.com/bot.html)"
40.77.167.63 - - [19/May/2026:13:02:43 +0000] "GET /3202554021?product=3199229382 HTTP/1.1" 200 6 "-" "Mozilla/5.0 AppleWebKit/537.36 (KHTML, like Gecko; compatible; bingbot/2.0; +http://www.bing.com/bingbot.htm) Chrome/116.0.1938.76 Safari/537.36"
66.249.64.130 - - [19/May/2026:13:02:48 +0000] "GET /?jp/145006177.html HTTP/1.1" 200 6 "-" "Mozilla/5.0 (Linux; Android 6.0.1; Nexus 5X Build/MMB29P) AppleWebKit/537.36 (KHTML, like Gecko) Chrome/148.0.7778.96 Mobile Safari/537.36 (compatible; Googlebot/2.1; +http://www.google.com/bot.html)"
66.249.70.130 - - [19/May/2026:13:03:03 +0000] "GET /category/21_265_6038_6039_6040/1/listing HTTP/1.1" 200 6 "-" "Mozilla/5.0 (Linux; Android 6.0.1; Nexus 5X Build/MMB29P) AppleWebKit/537.36 (KHTML, like Gecko) Chrome/148.0.7778.96 Mobile Safari/537.36 (compatible; Googlebot/2.1; +http://www.google.com/bot.html)"
66.249.64.131 - - [19/May/2026:13:03:03 +0000] "GET /?goods/290009535 HTTP/1.1" 200 6 "-" "Mozilla/5.0 (Linux; Android 6.0.1; Nexus 5X Build/MMB29P) AppleWebKit/537.36 (KHTML, like Gecko) Chrome/148.0.7778.96 Mobile Safari/537.36 (compatible; Googlebot/2.1; +http://www.google.com/bot.html)"
66.249.70.131 - - [19/May/2026:13:03:03 +0000] "GET /?goods/112046273 HTTP/1.1" 200 6 "-" "Mozilla/5.0 (Linux; Android 6.0.1; Nexus 5X Build/MMB29P) AppleWebKit/537.36 (KHTML, like Gecko) Chrome/148.0.7778.96 Mobile Safari/537.36 (compatible; Googlebot/2.1; +http://www.google.com/bot.html)"
66.249.64.131 - - [19/May/2026:13:03:11 +0000] "GET /?detail/1350065676203 HTTP/1.1" 200 6 "-" "Mozilla/5.0 (Linux; Android 6.0.1; Nexus 5X Build/MMB29P) AppleWebKit/537.36 (KHTML, like Gecko) Chrome/148.0.7778.96 Mobile Safari/537.36 (compatible; Googlebot/2.1; +http://www.google.com/bot.html)"
66.249.64.130 - - [19/May/2026:13:03:25 +0000] "GET /?jp/232020875.html HTTP/1.1" 200 6 "-" "Mozilla/5.0 (Linux; Android 6.0.1; Nexus 5X Build/MMB29P) AppleWebKit/537.36 (KHTML, like Gecko) Chrome/148.0.7778.96 Mobile Safari/537.36 (compatible; Googlebot/2.1; +http://www.google.com/bot.html)"
66.249.64.130 - - [19/May/2026:13:03:38 +0000] "GET /?goods/078032994 HTTP/1.1" 200 6 "-" "Mozilla/5.0 (Linux; Android 6.0.1; Nexus 5X Build/MMB29P) AppleWebKit/537.36 (KHTML, like Gecko) Chrome/148.0.7778.96 Mobile Safari/537.36 (compatible; Googlebot/2.1; +http://www.google.com/bot.html)"
66.249.64.130 - - [19/May/2026:13:03:58 +0000] "GET /?detail/183042075107 HTTP/1.1" 200 6 "-" "Mozilla/5.0 (Linux; Android 6.0.1; Nexus 5X Build/MMB29P) AppleWebKit/537.36 (KHTML, like Gecko) Chrome/148.0.7778.96 Mobile Safari/537.36 (compatible; Googlebot/2.1; +http://www.google.com/bot.html)"
66.249.70.130 - - [19/May/2026:13:03:58 +0000] "GET /?jp/178034693.html HTTP/1.1" 200 6 "-" "Mozilla/5.0 (Linux; Android 6.0.1; Nexus 5X Build/MMB29P) AppleWebKit/537.36 (KHTML, like Gecko) Chrome/148.0.7778.96 Mobile Safari/537.36 (compatible; Googlebot/2.1; +http://www.google.com/bot.html)"
66.249.64.131 - - [19/May/2026:13:04:06 +0000] "GET /?jp/017018934.html HTTP/1.1" 200 6 "-" "Mozilla/5.0 (Linux; Android 6.0.1; Nexus 5X Build/MMB29P) AppleWebKit/537.36 (KHTML, like Gecko) Chrome/148.0.7778.96 Mobile Safari/537.36 (compatible; Googlebot/2.1; +http://www.google.com/bot.html)"
