216.244.66.241 - - [19/May/2026:16:47:08 +0000] "GET /goto?target=eyJpdiI6IjBQT2pmbTZJZ1BWMFNKMWVVazJDcWc9PSIsInZhbHVlIjoiTzRWU2hxZHdncVoyRXhsQzFEcXgzdmp2ZVNPT1QzbkwxU05IOGttTG9sZjh4RE9QYjRWbTdhZWNIa3lkeThhR1RhbGZwZndBZ0t1MHF1WlM4dnVqNjY4WTZidmJMeG5hVmpEck9BbU9RUW89IiwibWFjIjoiN2Q5ZTdjMTkyYmFiYzBhODMyMDczY2FiMjgyZjYyMTg5ZjE3NmY3YjRiMWVhNDhkZjM2MTUzZWQzMThkMTc1MSIsInRhZyI6IiJ9&category=1&app=adirondackinabox.com&jeib=a&kgej=1051 HTTP/1.1" 200 2 "-" "Mozilla/5.0 (compatible; DotBot/1.2; +https://opensiteexplorer.org/dotbot; help@moz.com)"
216.244.66.241 - - [19/May/2026:16:47:10 +0000] "GET /goto?target=eyJpdiI6IjM5cjgvNDZzajJwOGwrSnljV1E1dGc9PSIsInZhbHVlIjoiWFVKVlFZcWF5THkwYVlHRUFpSFo5VnVBellITElTVFQycE1Id3dCL2xvSnhoVVRJM3IvQnlWMWhtSStUaTdzampNVUFmZis5OGJEUk5vM2kyZWFSWXNYa2M1VUJDRW56ZDRQQU00d2FnNG89IiwibWFjIjoiNTljNWQ3MWY0NTQxYTNiMzIyYWUzMjhkODJkZWJiN2RlNjA5OGM1ZWZhNWEzNDMyNTY1MDY5MzU3OGY5MjFiNiIsInRhZyI6IiJ9&category=1&app=adirondackinabox.com&jeib=a&kgej=37 HTTP/1.1" 200 2 "-" "Mozilla/5.0 (compatible; DotBot/1.2; +https://opensiteexplorer.org/dotbot; help@moz.com)"
216.244.66.241 - - [19/May/2026:16:47:11 +0000] "GET /goto?target=eyJpdiI6IjNLUHVEYWwyeEl3eUZtdmdFVUZ2MEE9PSIsInZhbHVlIjoiVUlWRkNFWmNzV3hubjdsM3U2UFhZcEN4R0ZURWcyUDVYRDkvSGxyNFg2VUNRWG1oMjlxQmJ5YVRJTmlPUlNUNTBPc1liTmVEY3lLR0tTM0NBbHBzVGRRTlpEb3ZWTGhaejFIYjZjMnRDNkk9IiwibWFjIjoiMjdkNWM1YjFiOGE5ZDdjNjIyZDI2NmQ1N2I4NmFlZTdlZmEzODU3MjhjYzMxZWY2OTgzOTlhOTQ0OGU0MjFjMCIsInRhZyI6IiJ9&category=1&app=adirondackinabox.com&jeib=a&kgej=900 HTTP/1.1" 200 2 "-" "Mozilla/5.0 (compatible; DotBot/1.2; +https://opensiteexplorer.org/dotbot; help@moz.com)"
216.244.66.241 - - [19/May/2026:16:47:14 +0000] "GET /goto?target=eyJpdiI6Ik81c3FQNk9hMmN3UlJjY0piSEE4Mnc9PSIsInZhbHVlIjoiU0I1MzV5Q1lSNEtkQk9wdEZDYjZKMzBoVTJ2ZWtNKzE2ZzZQS3FCaTNwTm0yZDR0S2ZHRnMwbWV1Zk1Ld1MzVHltelJQaWVoYXY3S3ViU1ZSMjV0Q2MyZVlwdk1EaHgvOHhicGNWTWlCbDg9IiwibWFjIjoiNDNkMDdhNGE2ZDY2YTIxMDE3MjkyZWRjODQ5YmJjZTRmNWNkMTAzYjAzMDdmYzI2MjMzNGY3Mjc0NWNiNzUyYiIsInRhZyI6IiJ9&category=1&app=adirondackinabox.com&jeib=a&kgej=2217 HTTP/1.1" 200 2 "-" "Mozilla/5.0 (compatible; DotBot/1.2; +https://opensiteexplorer.org/dotbot; help@moz.com)"
135.181.166.38 - - [19/May/2026:16:47:15 +0000] "GET /277008253 HTTP/1.1" 200 2 "-" "Mozilla/5.0 (compatible; SERankingBacklinksBot/1.0; +https://seranking.com/backlinks-crawler)"
216.244.66.241 - - [19/May/2026:16:47:17 +0000] "GET /goto?target=eyJpdiI6IkFEKzd2SVJFZkVNTURvZ1oyOWpVUXc9PSIsInZhbHVlIjoiWnhPSzdmczB0QUxRT1dvNStJdEgyUW8rOVlLZXZGT0phSDlqeTVtK3cxR25lbjBSU3E5dGgzUlE0Y0ZOYjR5VXJ1ZTBtb2RraHd3cDZVcFB1WUluVXgzOTRyREhUM3NoaEd5UGNSaWZyNFE9IiwibWFjIjoiYzhjNTE5NWExMWMyNjk5N2QwM2MxZDgzOWM5NDIwNmI2MDUyMTEzY2JiNWFkYzg2NjkxYjA2MDEyZGU5ZjVlOSIsInRhZyI6IiJ9&category=1&app=adirondackinabox.com&jeib=a&kgej=18 HTTP/1.1" 200 2 "-" "Mozilla/5.0 (compatible; DotBot/1.2; +https://opensiteexplorer.org/dotbot; help@moz.com)"
216.244.66.241 - - [19/May/2026:16:47:20 +0000] "GET /goto?target=eyJpdiI6IkNGcU54ZnI3ZmRCL2tBdjNzV0NDMEE9PSIsInZhbHVlIjoiN0ZGTUxYSGVRLzhjMFlLQU9uSzRGbnlKR2QvaUdlMi94L3dRQTVXYlZiTHpzUHFWUkt2OHRZMjBucWZpRkZGNWxrUHUwMGF2N0xFajZoNnR5aVloOFBpT0RGQ2NMNTdZRXhBSDU5SVhQRGc9IiwibWFjIjoiYTFlMjk2OTY2ODBjNzhiZDdkYjUyYjAzZmQ5NWRhMTk5ZTVjZDA5NDY4OWJiMjg3YmI4MjdmMDc5OTNkNzJlYiIsInRhZyI6IiJ9&category=1&app=adirondackinabox.com&jeib=a&kgej=2148 HTTP/1.1" 200 2 "-" "Mozilla/5.0 (compatible; DotBot/1.2; +https://opensiteexplorer.org/dotbot; help@moz.com)"
216.244.66.241 - - [19/May/2026:16:47:22 +0000] "GET /goto?target=eyJpdiI6IkZTTmc4bC9ja2htQlVqc2w3TFRMN3c9PSIsInZhbHVlIjoiakowUjlZbVJxRTE0eUtBajNmT2ZxQjFuZWtQTjVsL1RQdEJIalZ5aXh6WTRLWEhubExybmpKMkJiSE9VaEVYZnEvRkxZQkNicE5OejVDMUttT0NnRitnL1RQWUxqalM3OERmNkZwdGlVT009IiwibWFjIjoiZTlhMzQ5ZGVkMjVmOGUzZTBmZjIxNzI1YmQyYTc5MzQyMzY0MmE4OGM4ZTE1MjJhMDc5ZmUxYTRhMTRhODlkZSIsInRhZyI6IiJ9&category=1&app=adirondackinabox.com&jeib=a&kgej=2 HTTP/1.1" 200 2 "-" "Mozilla/5.0 (compatible; DotBot/1.2; +https://opensiteexplorer.org/dotbot; help@moz.com)"
216.244.66.241 - - [19/May/2026:16:47:24 +0000] "GET /goto?target=eyJpdiI6Ikk5NzlsU3FtUDlCMGJTcllzQzRIaUE9PSIsInZhbHVlIjoianE1S2dibmxrc3VQSWRjMzdaV0dkTzdvYlBsZDJTNXlrUWxjTmt5MTc4Mk12aWprMm5lYTF2aThhUXA4aENYSzBLNk9PYW9XOEZ6T29DOEo0LzhNc0hQMmpwSHowNUhwditQOFl2MUVPS009IiwibWFjIjoiMWViY2IzODg2NGNiYTcwYWFkYTczMmQ0NDhjMDBhMDg4ZjVmNjdhYTM0MTI2Y2IxZDM0ZDU5ZjI0NmI2ZTY5MyIsInRhZyI6IiJ9&category=1&app=adirondackinabox.com&jeib=a&kgej=10 HTTP/1.1" 200 2 "-" "Mozilla/5.0 (compatible; DotBot/1.2; +https://opensiteexplorer.org/dotbot; help@moz.com)"
135.181.166.38 - - [19/May/2026:16:47:25 +0000] "GET /005043629 HTTP/1.1" 200 2 "-" "Mozilla/5.0 (compatible; SERankingBacklinksBot/1.0; +https://seranking.com/backlinks-crawler)"
216.244.66.241 - - [19/May/2026:16:47:26 +0000] "GET /goto?target=eyJpdiI6IklJZkVUSEl6QUQ5R2F3VmVpSVFyNUE9PSIsInZhbHVlIjoiTldQTmtvYkZaYU9uVytwNGVocmU3SnliODhRK3RFTGw2WUp6KzBjWjA2TnJZbHY2Z1l0MWZSR1lpcHJYRUV1MUJ1bitWR2JaYnUrWTlSQ0xxcloyeUhKVjB1VHJxSTB0K05ZZmNSRFp5b289IiwibWFjIjoiNDNmY2E1YzEyYjYwOTgwMDIyMGQwM2FkZDM5ODU3OTVkMDY2ODJiZGMwNjYyZWI2MmU2YzhmNzIyMTdkMzY0NCIsInRhZyI6IiJ9&category=1&app=adirondackinabox.com&jeib=a&kgej=1938 HTTP/1.1" 200 2 "-" "Mozilla/5.0 (compatible; DotBot/1.2; +https://opensiteexplorer.org/dotbot; help@moz.com)"
216.244.66.241 - - [19/May/2026:16:47:28 +0000] "GET /goto?target=eyJpdiI6IktMYmo2aUhZcitQMzRidDZpQ3M2L3c9PSIsInZhbHVlIjoiUncrTU1JdU9QWk5majZsQUorRTBIZVVFVUVZRVZIZHowOHY0d2ZsM01aSDVEK3BEazVYZENFdWFxVGlUOTc4eisrOC9ZUUxiTXFOeEpPVnJTenZaTG1jVGFBYzJoZ2lxcDdUUVVsS1lwdXM9IiwibWFjIjoiMTI1OGIyOTUyMzZmM2Y2ODVhOTljZDJkMTFjMDhiOGE0ZWFmYzdhOTUwZGYzMmE3ZGYwZGZmMjU1ZTlmOWMxNyIsInRhZyI6IiJ9&category=1&app=adirondackinabox.com&jeib=a&kgej=2049 HTTP/1.1" 200 2 "-" "Mozilla/5.0 (compatible; DotBot/1.2; +https://opensiteexplorer.org/dotbot; help@moz.com)"
216.244.66.241 - - [19/May/2026:16:47:29 +0000] "GET /goto?target=eyJpdiI6IlkzdEwzTWZyU09EYnc4aGdBL01LU0E9PSIsInZhbHVlIjoicUdqY1NLLzg1RnpYL2ZwU0E5L0NDNjdYNm5EVHlGNWo3TGMrVXZVRXRNUDFwdVJWci91dWdweHNleHN3eGdabE5IT2VDcXRDUlUwN2NGRDBJQ1NBY256NDdIRVI4NlJjRXFsNXd1dm5XbllYVmFEWmtuYzVuRU0vb0ZheFh4ZGgiLCJtYWMiOiI4MWQ0ZmE1NDE3ZDAzNmRkODQ2Mjg2NjM3YTk0YmU3ODYwMTRhYjEyYzgzOTM1NjJjMjNlMmI2ZmQ0YTQ5YTI2IiwidGFnIjoiIn0%3D&category=1&app=adirondackinabox.com&jeib=a&kgej=2 HTTP/1.1" 200 2 "-" "Mozilla/5.0 (compatible; DotBot/1.2; +https://opensiteexplorer.org/dotbot; help@moz.com)"
216.244.66.241 - - [19/May/2026:16:47:30 +0000] "GET /goto?target=eyJpdiI6IllRYk9QcUI1dDg2c1hvemtWWFVUZ2c9PSIsInZhbHVlIjoiMlhNOStmcktuL3k3ZVlxUnNtYWhjT2xZUzA1WitXekZyMUtOVVNPTkhOVmE3eTJJd2tzZnJYaExxYVRaZmRRQ0U4RXdmKytQS2R4NnhqOGVRTUtpRHc5K1pEcjIyVHpyeHA1a2VNdjBRMEE9IiwibWFjIjoiMGVlMDE0Mzg4ZTZkNmUwZmNkMDFiOTU5YWU5N2Y0MWZlOTdiMzRiNmRhOGI1ODNkNDMwNThlY2Y2NmIyZGI4MCIsInRhZyI6IiJ9&category=1&app=adirondackinabox.com&jeib=a&kgej=778 HTTP/1.1" 200 2 "-" "Mozilla/5.0 (compatible; DotBot/1.2; +https://opensiteexplorer.org/dotbot; help@moz.com)"
113.168.85.173 - - [19/May/2026:16:47:31 +0000] "GET /093035153 HTTP/1.1" 200 2 "-" "Mozilla/5.0 (Macintosh; Intel Mac OS X 11.4; rv:135.0) Gecko/20100101 Firefox/135.0"
216.244.66.241 - - [19/May/2026:16:47:31 +0000] "GET /goto?target=eyJpdiI6IlpWYThhcmh1WVBaWENKR21ia0hTYUE9PSIsInZhbHVlIjoiOUpWQmlMNVllNmhMTkduM2hIUDcwQ0tpU1RJRGtSRnovVXlhSEpEZ2l6ODdrM1hYbTBjZzk4SktvazJPOGwrU3ZaRkZ4Sis2VGFpeUN2VE5waUprNHFYeVZ2K28yZGxUUU01clQ0MUNDU0k9IiwibWFjIjoiMDE2ZjY4ZWVjNGRhYzA5ZmU4YjNhNDk0MGRmMDVlNWIyZTc0YTczM2Q4YTM0ZGEzZTIwOTRkYjBhZjQwMmI5YyIsInRhZyI6IiJ9&category=1&app=adirondackinabox.com&jeib=a&kgej=960 HTTP/1.1" 200 2 "-" "Mozilla/5.0 (compatible; DotBot/1.2; +https://opensiteexplorer.org/dotbot; help@moz.com)"
216.244.66.241 - - [19/May/2026:16:47:32 +0000] "GET /goto?target=eyJpdiI6Im0wdTdRR2tubkMyNXdWUFFjOXVjb2c9PSIsInZhbHVlIjoiaHNhYmtnOXlqbVFFUExmUVlPSTZaN3ErRW9KbEJ3dHM0NU9BUVRJYTM4ZHhDRWJpQUpKTC8renQ0SkM0RDQ5aGxReGFzSnphbmJweG1zWXVlVWg1REdtb2tVcTJjcGVUZUZmcFlqTXdzbFk9IiwibWFjIjoiNzJhMThkZjE1ZjdiODkxYjQ3OWE0YTkyZWYwOGJmZjg3Njk3MjRiZjUwZjZlMDgwZTM2MjhmOGVkZGQwZDk0MyIsInRhZyI6IiJ9&category=1&app=adirondackinabox.com&jeib=a&kgej=113 HTTP/1.1" 200 2 "-" "Mozilla/5.0 (compatible; DotBot/1.2; +https://opensiteexplorer.org/dotbot; help@moz.com)"
216.244.66.241 - - [19/May/2026:16:47:34 +0000] "GET /goto?target=eyJpdiI6ImF1bDlBZXRzRmpKRS9LMWdBMzdqMUE9PSIsInZhbHVlIjoiVCtXaVFtS0lwWlNTTkdMRUR1UitCY2E5Ukt0N0t3WW1TWmU1SEpCMzlsbnAzQWJNRVBKdFZQalVhV0pwYkdDOExkTmdWL0tEdUxvZzdWQ21MdGJINEVsSXdrbHZlYStTdnBSdDlrN0RLTEE9IiwibWFjIjoiZjQ0YWJhZTI0MTUzNzk3NDg2ZTJmODYwY2MzZWQ3Nzc3ZGE1MDFiMjAzMmQyMDQwOWEwOWZkZDM2NmM1MjNkNyIsInRhZyI6IiJ9&category=1&app=adirondackinabox.com&jeib=a&kgej=221 HTTP/1.1" 200 2 "-" "Mozilla/5.0 (compatible; DotBot/1.2; +https://opensiteexplorer.org/dotbot; help@moz.com)"
135.181.166.38 - - [19/May/2026:16:47:34 +0000] "GET /056028440 HTTP/1.1" 200 2 "-" "Mozilla/5.0 (compatible; SERankingBacklinksBot/1.0; +https://seranking.com/backlinks-crawler)"
216.244.66.241 - - [19/May/2026:16:47:34 +0000] "GET /goto?target=eyJpdiI6ImNKZUo1SzVVNDBYTEhUcDhKT0FFMmc9PSIsInZhbHVlIjoic2dxa0tPbWo1ZHRCRTVuRmVpUzJEY0kxdGJMSE1QZHQrZVdvZDcrOHMvbkZFZmtJa2pzS1dhMFlpV2piMXkxM1MwSWN2bWJoR3VNV2JWbGcvRUxsa3pRUEdVK3RaUW5CcFRFNEl6aW5ldlk9IiwibWFjIjoiOGI3MDczODYwNWJmODIyMmZjNWVmZTRjZTJkYTc1MjdhZTMzNTM2OGFiMzVmODA0ZjMxNjQ3MDNiNjFhNzJiMSIsInRhZyI6IiJ9&category=1&app=adirondackinabox.com&jeib=a&kgej=2012 HTTP/1.1" 200 2 "-" "Mozilla/5.0 (compatible; DotBot/1.2; +https://opensiteexplorer.org/dotbot; help@moz.com)"
216.244.66.241 - - [19/May/2026:16:47:35 +0000] "GET /goto?target=eyJpdiI6ImtlNXhybE1wUUt5YXVZYlpDK252Q0E9PSIsInZhbHVlIjoiMEdGbHE3bWk5aTRHZFlxZ0hqUDhCSWMwTjFHa3ZjbEdXQndpa2c4ZDYra0QxYk9FQmZOQ0tuZ01wbkhYVWFXd0dUU3RRbnNvSUIrVThLR3RuNi9CUjgzbWt2aGk4SUlsR25nazRXaHUwd2c9IiwibWFjIjoiOWZmYzc1ZWIxODFhYTUzOTViOTMyMDA0ZDI2ZjFkNzQ5NDQwOTFiZmZlMjVkZDYyM2UxOTJjOTY5Y2ZkN2EzNSIsInRhZyI6IiJ9&category=1&app=adirondackinabox.com&jeib=a&kgej=214 HTTP/1.1" 200 2 "-" "Mozilla/5.0 (compatible; DotBot/1.2; +https://opensiteexplorer.org/dotbot; help@moz.com)"
216.244.66.241 - - [19/May/2026:16:47:35 +0000] "GET /goto?target=eyJpdiI6ImxsVlhHZ1BrYXhGV0UzZEs4OVRqaWc9PSIsInZhbHVlIjoid2NJTGx0M3N6TnNTeklkZXRNcndMNTU0Q3RQenJWYVZqZU9KOW1zQkp2WDByaWpwWmZIdDIraGFTS1dYUEM4aGZDWC9MRXN0TlNzdjdVOC93VkpqTUN6TVVmMGk1aCtGb0JLRHNYREVMUmc9IiwibWFjIjoiYjc3MmI0ZDU3MjZhYjYxMGFhNWYzMTI4YmZjYzFhOGMwNzRiMjVlYWMwYTE4Y2NlMGJiZDEwNzVhMDVlNGNjMSIsInRhZyI6IiJ9&category=1&app=adirondackinabox.com&jeib=a&kgej=921 HTTP/1.1" 200 2 "-" "Mozilla/5.0 (compatible; DotBot/1.2; +https://opensiteexplorer.org/dotbot; help@moz.com)"
216.244.66.241 - - [19/May/2026:16:47:36 +0000] "GET /goto?target=eyJpdiI6InQ2cHlQYXFGdnZKNEsxMzh6dUNDMkE9PSIsInZhbHVlIjoiNzE5OWd2UlVQUy9HQnRsT3VJcE40d0Q5TER4bXg4TUxnYk5iNkcvcnhHcW4rS0dpZWFRUSs0M1NPQWdEWXR5QmNHM3BTcGVmaFdSOFNHOTJ0Uy9wdDNPRElFWE1EQ1BuaHpBbm8xdmRPTEk9IiwibWFjIjoiMmEyMTEyZDI5ZmI5YWY3NWFiMmJlMWRhMmM3YWVmNTRiY2ZkYjIyODBmNWZiZWVkNTkxODRlZTFmZTFmNjM4MyIsInRhZyI6IiJ9&category=1&app=adirondackinabox.com&jeib=a&kgej=540 HTTP/1.1" 200 2 "-" "Mozilla/5.0 (compatible; DotBot/1.2; +https://opensiteexplorer.org/dotbot; help@moz.com)"
216.244.66.241 - - [19/May/2026:16:47:37 +0000] "GET /goto?target=eyJpdiI6InZQMkVaRG41RWJwdnVJTzFERG9XWGc9PSIsInZhbHVlIjoiRnlCZmhYNGJjNm1BWmE5dzZVUmduUG8wYm9malhRL1hKNzBvTWtRcUI1bzJ2Yi9pQ1dnQ0NmczdLa1ZMT044UzVza0M1bUZsWTNMTkxiYWxvS0xnN214VVFVVmNEQzR1L3BzMythNXZMODg9IiwibWFjIjoiZjkyNzQzMTQ0NGVmOWQ5OGRmMTIwMjg3ODZiNmEzOTE3NDQ1YWM4YWQzMDI2NDZkNDY2ZWJjODQ0ZjE2Y2UzMiIsInRhZyI6IiJ9&category=1&app=adirondackinabox.com&jeib=a&kgej=2078 HTTP/1.1" 200 2 "-" "Mozilla/5.0 (compatible; DotBot/1.2; +https://opensiteexplorer.org/dotbot; help@moz.com)"
216.244.66.241 - - [19/May/2026:16:47:37 +0000] "GET /goto?target=eyJpdiI6InhYc0NrT1hGRDhuazFMNHhZTWdXV0E9PSIsInZhbHVlIjoidzVlK2xheGxyemNLbXh3eXVMWWtjR2RBdERYKzBuWXh2TUVSUFNhdVpKdENPSEt0S2ZuVHl2K0JYYkdxbFVyQWRvb3N0am85SGZZVWpZNU9oK295K2lhdDhJaGVSZTRsT0QrVjExTjdFMWc9IiwibWFjIjoiMDcwOTgyZDkxNGYzYmI1YTgxMjkxMmYyMDE4ZjhkZmI5ZjBkYTNlNDJmNWY0ZWQxY2ViZmY3MmM3YmEyM2U5OCIsInRhZyI6IiJ9&category=1&app=adirondackinabox.com&jeib=a&kgej=2159 HTTP/1.1" 200 2 "-" "Mozilla/5.0 (compatible; DotBot/1.2; +https://opensiteexplorer.org/dotbot; help@moz.com)"
216.244.66.241 - - [19/May/2026:16:47:38 +0000] "GET /goto?target=eyJpdiI6IjRQZFF5dVplUFBYZUdmQVBWeEVCcXc9PSIsInZhbHVlIjoiclJmc3pqdGxmVExMam5LV2dBMDYrTWFuZUJkTXpNa0FiLzk4YVMwUkhSaHlnQWFhbElhdllTMkRjOG5lVFpIeVYxcllwNXFqZjJQOHBUNk5IdkkrQlZZempVRkhja3JncUp6MGZTbXRmVHdGTitCcFBIWHF6aDN3VEdScFJMMUoiLCJtYWMiOiIwZjAxOGY0ZThlNGQ0MDYwMDM0Y2NmMWFmMmE5ZDAwMzk3NDY5NDYyNDFlMmIwY2UzNDcwMDRmZmIxYTE3MzM0IiwidGFnIjoiIn0%3D&category=1&app=adirondackinabox.com&jeib=a&kgej=542 HTTP/1.1" 200 2 "-" "Mozilla/5.0 (compatible; DotBot/1.2; +https://opensiteexplorer.org/dotbot; help@moz.com)"
216.244.66.241 - - [19/May/2026:16:47:38 +0000] "GET /goto?target=eyJpdiI6IjRpVUxmVnhScC9zcjYza21GRG15MlE9PSIsInZhbHVlIjoibjZma1ZpelhVWldZS2lERjFSbkxSaytMNTV1TEZqOFdhdHBVbm9GWVNnK3M2cTI1N0JRL3k4YnFjcDlFbUtpMEdaWGRwdmlFUjB3cjdDalZlNXR4aUgyWkNzaUR2c0hseTcweitXZkszd0M5cGtDU2FFSFNlbUV0U0gySHBsQ2YiLCJtYWMiOiI0MjU2NWExNWI3Yzc5NWMxYWNlODljYWRkMTAxNDFkMWNkZTM3NTdjODVhNWFkMDEyYmM0ZmM3ZjU2MjUyODlhIiwidGFnIjoiIn0%3D&category=1&app=adirondackinabox.com&jeib=a&kgej=921 HTTP/1.1" 200 2 "-" "Mozilla/5.0 (compatible; DotBot/1.2; +https://opensiteexplorer.org/dotbot; help@moz.com)"
216.244.66.241 - - [19/May/2026:16:47:39 +0000] "GET /goto?target=eyJpdiI6IjdBNUNmWE93UXpYOTJrbmpoYUd6aXc9PSIsInZhbHVlIjoia0NZVzc5TnNCbXo3ZGZqRTRoYkg0U0hWeDdNazVsSFZqWFNubzU1NnNydkNTeVRxNWtNaWNHOG4zTUVhcEg2aDVNSUk3TjM2dGNhcTFOR1dEVzY4MTcwamk3MU1PTHNVUzBCR3RZMkRoMG01NEp4cXdjaW53bTllS2hkbGF4L0ciLCJtYWMiOiJlYzNiMTA3MTUyMDhjMGU0ZDI4Zjg4MjU3Njg3NGU3NTMxZTIwNGIyOGE0YTFiZDczNWNmZGQyYjM0YjI1ZDk4IiwidGFnIjoiIn0%3D&category=1&app=adirondackinabox.com&jeib=a&kgej=537 HTTP/1.1" 200 2 "-" "Mozilla/5.0 (compatible; DotBot/1.2; +https://opensiteexplorer.org/dotbot; help@moz.com)"
216.244.66.241 - - [19/May/2026:16:47:39 +0000] "GET /goto?target=eyJpdiI6Ijk1UERlVWk5d1NFNC8zNEZOVkRRUnc9PSIsInZhbHVlIjoiV3ZycTJKNklYRmVRZ0Z2NVV1WU1QM2ZZd1d5eUcrNk5JMm9mMFpLTVlrem1tWE92VHdUUm5vR0kzRW5ZV2E4Q2tnZVN2OVBJYU9yYWYwVU44b2VHVnpoYTFHSjl2bWtkbUFaQnBvRWR5cWt5Zm5QbFB0N293RVFQbXZmOUJSSnciLCJtYWMiOiI4NTYxY2NkZjcwODZhZjc0OWE0NWUzZDRjYTFhNWFmMTQzMjgyMzk2MmVkZTlkNmNkYjQyYWJjZDJlMzFhMDJlIiwidGFnIjoiIn0%3D&category=1&app=adirondackinabox.com&jeib=a&kgej=2037 HTTP/1.1" 200 2 "-" "Mozilla/5.0 (compatible; DotBot/1.2; +https://opensiteexplorer.org/dotbot; help@moz.com)"
216.244.66.241 - - [19/May/2026:16:47:40 +0000] "GET /goto?target=eyJpdiI6Ik5JUk9SM2M1M1d2VjdkbnczdER4OFE9PSIsInZhbHVlIjoidEdMNkhwSTEwVzFnYW8rSnFzc3NEQloyVEhibzQ0S2JqMlErMkNpekpsZVJCdWpFQ2JTNi9zNENiVGlkenZmVlNhMXZOMzd2TDJIMXVjdXM5UzFWdStrbXlDQWlrbmZSRGNGZnJkb09pWHRZVm93eWwxL0ZzcEMxdkMyeWU0WVciLCJtYWMiOiIzNDM1NWU3N2NkMDc5ZmExMjViY2U0YjkyN2U1MGVlNGRjYjBmM2FmM2UwNmVjZjNlNmY1YTQ3Y2M1OGFlYTgwIiwidGFnIjoiIn0%3D&category=1&app=adirondackinabox.com&jeib=a&kgej=44 HTTP/1.1" 200 2 "-" "Mozilla/5.0 (compatible; DotBot/1.2; +https://opensiteexplorer.org/dotbot; help@moz.com)"
216.244.66.241 - - [19/May/2026:16:47:40 +0000] "GET /goto?target=eyJpdiI6Ikc1UUY2NG1uNGNlYUV2QUxhdHlqUVE9PSIsInZhbHVlIjoiaDRoOWhBaFRqUHQzWmdsczlBYXRRWnptTU4xbzJ5NkE5bEdmWHFYQmkwZi8yUk1tTkt3UzAwOUo2THhDN1gzU015WFNZcjY4Z1phUUZKKzJZUHlQR0c5MEd6Q1ZhKytxQi90UlAvcWNxMzEzN1ZTZEhNTWVGL2xzWVNlZ3UrT3MiLCJtYWMiOiI5YzE4ZDU3N2YxYjI0OTMxNzQ2ODc2NDViMjJjNDBmMGI2ODY5MzU5MGEyOTg3ZTc2ZTBlOWUzZThhOGFiYWQ2IiwidGFnIjoiIn0%3D&category=1&app=adirondackinabox.com&jeib=a&kgej=2087 HTTP/1.1" 200 2 "-" "Mozilla/5.0 (compatible; DotBot/1.2; +https://opensiteexplorer.org/dotbot; help@moz.com)"
216.244.66.241 - - [19/May/2026:16:47:41 +0000] "GET /goto?target=eyJpdiI6IlVIUk5ycmIwZEl0KzFoNGRHYjR1aWc9PSIsInZhbHVlIjoiSFdXUkMwOVR4MDhkWlVMYjEyQkpqU3l5bVZyd0FoTkc5dHpMTUpiK1lhOTBRZ2h1U0dQcXJEaVh3dXJ1bXNuR1dBK0EzU3kwNWxKZTd3NmJibjR6ejNjMGVBQzRENjZuaSswZHFvK1J6NkEyMDR2cDhobUtaeVVWQzJUeURXdDIiLCJtYWMiOiI0MDYyYzg0NTg4OTY0OTc5MzM4YmVjNWQ0MTQwMDE5NDEwYWU5NTY4NGI4YTZlMDVkNzQ4OTMxNTg4MDg5ZWZhIiwidGFnIjoiIn0%3D&category=1&app=adirondackinabox.com&jeib=a&kgej=122 HTTP/1.1" 200 2 "-" "Mozilla/5.0 (compatible; DotBot/1.2; +https://opensiteexplorer.org/dotbot; help@moz.com)"
216.244.66.241 - - [19/May/2026:16:47:41 +0000] "GET /goto?target=eyJpdiI6ImFMS0JkVTJvL3hZeU9FbjNqR1pDYUE9PSIsInZhbHVlIjoiTm40Zm5JeHdnVmZmdlNod0Y3dzRxSDFRVTd3VGhrSGVRUUxWT1dRMVJKRm1URytTOFlIVXNBbGMwNEs2TmRLd0x0RnJLRkRNNTI1bThvRWd6cWpobkkvUFZJNWdUYnJJU3Jsc1VTWjFWQVcvQWpWY1FhLzU5dGVDenF6YVpnRzkiLCJtYWMiOiJjY2M3MTc4MGE1Mjc2YmM2MzU4MTlmOGExMjMwMDM3OWQwMWM3M2VlYmNmZThlZGViOWQ2OThjYmVlNDZhYzRiIiwidGFnIjoiIn0%3D&category=1&app=adirondackinabox.com&jeib=a&kgej=58 HTTP/1.1" 200 2 "-" "Mozilla/5.0 (compatible; DotBot/1.2; +https://opensiteexplorer.org/dotbot; help@moz.com)"
135.181.166.38 - - [19/May/2026:16:47:45 +0000] "GET /166031134 HTTP/1.1" 200 2 "-" "Mozilla/5.0 (compatible; SERankingBacklinksBot/1.0; +https://seranking.com/backlinks-crawler)"
135.181.166.38 - - [19/May/2026:16:47:50 +0000] "GET /221040011 HTTP/1.1" 200 2 "-" "Mozilla/5.0 (compatible; SERankingBacklinksBot/1.0; +https://seranking.com/backlinks-crawler)"
135.181.166.38 - - [19/May/2026:16:47:58 +0000] "GET /111028203 HTTP/1.1" 200 2 "-" "Mozilla/5.0 (compatible; SERankingBacklinksBot/1.0; +https://seranking.com/backlinks-crawler)"
135.181.166.38 - - [19/May/2026:16:48:03 +0000] "GET /277008285 HTTP/1.1" 200 2 "-" "Mozilla/5.0 (compatible; SERankingBacklinksBot/1.0; +https://seranking.com/backlinks-crawler)"
135.181.166.38 - - [19/May/2026:16:48:09 +0000] "GET /005043827 HTTP/1.1" 200 2 "-" "Mozilla/5.0 (compatible; SERankingBacklinksBot/1.0; +https://seranking.com/backlinks-crawler)"
135.181.166.38 - - [19/May/2026:16:48:13 +0000] "GET /056028522 HTTP/1.1" 200 2 "-" "Mozilla/5.0 (compatible; SERankingBacklinksBot/1.0; +https://seranking.com/backlinks-crawler)"
135.181.166.38 - - [19/May/2026:16:48:19 +0000] "GET /166031494 HTTP/1.1" 200 2 "-" "Mozilla/5.0 (compatible; SERankingBacklinksBot/1.0; +https://seranking.com/backlinks-crawler)"
146.174.164.250 - - [19/May/2026:16:48:20 +0000] "GET /095018545 HTTP/1.1" 200 2 "-" "Mozilla/5.0 (Macintosh; Intel Mac OS X 13_6_0) AppleWebKit/537.36 (KHTML, like Gecko) Chrome/128.0.6613.36 Safari/537.36"
135.181.166.38 - - [19/May/2026:16:48:25 +0000] "GET /221040119 HTTP/1.1" 200 2 "-" "Mozilla/5.0 (compatible; SERankingBacklinksBot/1.0; +https://seranking.com/backlinks-crawler)"
14.244.51.130 - - [19/May/2026:16:48:28 +0000] "GET /094006340 HTTP/1.1" 200 2 "-" "Mozilla/5.0 (Macintosh; Intel Mac OS X 12_5_0) AppleWebKit/537.36 (KHTML, like Gecko) Chrome/132.0.6834.160 Safari/537.36"
135.181.166.38 - - [19/May/2026:16:48:30 +0000] "GET /111028381 HTTP/1.1" 200 2 "-" "Mozilla/5.0 (compatible; SERankingBacklinksBot/1.0; +https://seranking.com/backlinks-crawler)"
135.181.166.38 - - [19/May/2026:16:48:41 +0000] "GET /277008335 HTTP/1.1" 200 2 "-" "Mozilla/5.0 (compatible; SERankingBacklinksBot/1.0; +https://seranking.com/backlinks-crawler)"
118.232.19.207 - - [19/May/2026:16:48:46 +0000] "GET /097007385 HTTP/1.1" 200 2 "-" "Mozilla/5.0 (Macintosh; Intel Mac OS X 12_5_1) AppleWebKit/537.36 (KHTML, like Gecko) Chrome/124.0.6367.207 Safari/537.36"
135.181.166.38 - - [19/May/2026:16:48:49 +0000] "GET /005043923 HTTP/1.1" 200 2 "-" "Mozilla/5.0 (compatible; SERankingBacklinksBot/1.0; +https://seranking.com/backlinks-crawler)"
15.235.98.7 - - [19/May/2026:16:48:51 +0000] "GET /798030335?product=0797202606 HTTP/1.1" 200 6 "-" "Mozilla/5.0 (compatible; AhrefsBot/7.0; +http://ahrefs.com/robot/)"
135.181.166.38 - - [19/May/2026:16:48:56 +0000] "GET /056028598 HTTP/1.1" 200 2 "-" "Mozilla/5.0 (compatible; SERankingBacklinksBot/1.0; +https://seranking.com/backlinks-crawler)"
135.181.166.38 - - [19/May/2026:16:49:08 +0000] "GET /166031938 HTTP/1.1" 200 2 "-" "Mozilla/5.0 (compatible; SERankingBacklinksBot/1.0; +https://seranking.com/backlinks-crawler)"
202.76.138.172 - - [19/May/2026:16:49:11 +0000] "GET /097030755 HTTP/1.1" 200 2 "-" "Mozilla/5.0 (Windows NT 10.0; Win64; x64) AppleWebKit/537.36 (KHTML, like Gecko) Chrome/128.0.6613.84 Safari/537.36"
135.181.166.38 - - [19/May/2026:16:49:15 +0000] "GET /221040317 HTTP/1.1" 200 2 "-" "Mozilla/5.0 (compatible; SERankingBacklinksBot/1.0; +https://seranking.com/backlinks-crawler)"
135.181.166.38 - - [19/May/2026:16:49:24 +0000] "GET /111028451 HTTP/1.1" 200 2 "-" "Mozilla/5.0 (compatible; SERankingBacklinksBot/1.0; +https://seranking.com/backlinks-crawler)"
135.181.166.38 - - [19/May/2026:16:49:30 +0000] "GET /277008347 HTTP/1.1" 200 2 "-" "Mozilla/5.0 (compatible; SERankingBacklinksBot/1.0; +https://seranking.com/backlinks-crawler)"
216.244.66.241 - - [19/May/2026:16:49:34 +0000] "GET /goto?target=eyJpdiI6Ik9DbDUvaXowcUlTTGJCdjNhaThsbXc9PSIsInZhbHVlIjoibmJ4Y2gvTFo3M0l5TzNWRHNNandWcUFNVi9Rd0k3SGJFMkpMUjdyZW5EZHpLNWFzelE4bGFrRFJIMDQxNEJ4UTlTeEwxbEFBdDBXRVdJdDlmbEhhWHdrSlN0cVFQVXpXRjJ2cWt0VWZFMGFsaTJZYjhKeEYwWmR3MWxEWVhKWWFBSzZWTk1UWVNIUnVodU1EWFJNYlhmZ005M3pESmtueWVlRkVuQzRNcS95ZmphUkNLR0FjYnppTm5DWWxtRnVndzFaWUVSV3ZHMWhja1N3am1pbnNKQT09IiwibWFjIjoiZDlhYjdlNzJiYzUwYWJhZGNjMWM5NzI0ZjM2OTU2ZjA4ZjFkNTQ3MWFhNjY1MmY0YjZmMTU2YjUzY2ZiYTU5ZiIsInRhZyI6IiJ9&category= HTTP/1.1" 200 2 "-" "Mozilla/5.0 (compatible; DotBot/1.2; +https://opensiteexplorer.org/dotbot; help@moz.com)"
135.181.166.38 - - [19/May/2026:16:49:35 +0000] "GET /005044133 HTTP/1.1" 200 2 "-" "Mozilla/5.0 (compatible; SERankingBacklinksBot/1.0; +https://seranking.com/backlinks-crawler)"
95.90.194.198 - - [19/May/2026:16:49:36 +0000] "GET /098035172 HTTP/1.1" 200 2 "-" "Mozilla/5.0 (Windows NT 10.0; Win64; x64) AppleWebKit/537.36 (KHTML, like Gecko) Chrome/126.0.6478.126 Safari/537.36"
135.181.166.38 - - [19/May/2026:16:49:43 +0000] "GET /056028684 HTTP/1.1" 200 2 "-" "Mozilla/5.0 (compatible; SERankingBacklinksBot/1.0; +https://seranking.com/backlinks-crawler)"
135.181.166.38 - - [19/May/2026:16:49:48 +0000] "GET /166032106 HTTP/1.1" 200 2 "-" "Mozilla/5.0 (compatible; SERankingBacklinksBot/1.0; +https://seranking.com/backlinks-crawler)"
135.181.166.38 - - [19/May/2026:16:49:58 +0000] "GET /221040343 HTTP/1.1" 200 2 "-" "Mozilla/5.0 (compatible; SERankingBacklinksBot/1.0; +https://seranking.com/backlinks-crawler)"
202.76.185.10 - - [19/May/2026:16:50:00 +0000] "GET /102030520 HTTP/1.1" 200 2 "-" "Mozilla/5.0 (Macintosh; Intel Mac OS X 11_7_0) AppleWebKit/537.36 (KHTML, like Gecko) Chrome/129.0.6668.29 Safari/537.36"
135.181.166.38 - - [19/May/2026:16:50:11 +0000] "GET /111028491 HTTP/1.1" 200 2 "-" "Mozilla/5.0 (compatible; SERankingBacklinksBot/1.0; +https://seranking.com/backlinks-crawler)"
135.181.166.38 - - [19/May/2026:16:50:23 +0000] "GET /277008613 HTTP/1.1" 200 2 "-" "Mozilla/5.0 (compatible; SERankingBacklinksBot/1.0; +https://seranking.com/backlinks-crawler)"
78.173.48.204 - - [19/May/2026:16:50:26 +0000] "GET http://beritamuslimmag.com/103043269 HTTP/1.1" 200 2 "-" "Mozilla/5.0 (Macintosh; Intel Mac OS X 10.15; rv:127.0) Gecko/20100101 Firefox/127.0"
135.181.166.38 - - [19/May/2026:16:50:31 +0000] "GET /005044371 HTTP/1.1" 200 2 "-" "Mozilla/5.0 (compatible; SERankingBacklinksBot/1.0; +https://seranking.com/backlinks-crawler)"
66.249.64.132 - - [19/May/2026:16:50:43 +0000] "GET / HTTP/1.1" 200 6 "-" "Mozilla/5.0 (Linux; Android 6.0.1; Nexus 5X Build/MMB29P) AppleWebKit/537.36 (KHTML, like Gecko) Chrome/148.0.7778.96 Mobile Safari/537.36 (compatible; Googlebot/2.1; +http://www.google.com/bot.html)"
135.181.166.38 - - [19/May/2026:16:50:45 +0000] "GET /227029001 HTTP/1.1" 200 2 "-" "Mozilla/5.0 (compatible; SERankingBacklinksBot/1.0; +https://seranking.com/backlinks-crawler)"
54.39.89.212 - - [19/May/2026:16:50:49 +0000] "GET /797905653?product=0797078054 HTTP/1.1" 200 6 "-" "Mozilla/5.0 (compatible; AhrefsBot/7.0; +http://ahrefs.com/robot/)"
88.124.228.73 - - [19/May/2026:16:50:51 +0000] "GET /103045543 HTTP/1.1" 200 2 "-" "Mozilla/5.0 (Macintosh; Intel Mac OS X 11.0; rv:135.0) Gecko/20100101 Firefox/135.0"
135.181.166.38 - - [19/May/2026:16:50:52 +0000] "GET /056028832 HTTP/1.1" 200 2 "-" "Mozilla/5.0 (compatible; SERankingBacklinksBot/1.0; +https://seranking.com/backlinks-crawler)"
135.181.166.38 - - [19/May/2026:16:50:57 +0000] "GET /166032216 HTTP/1.1" 200 2 "-" "Mozilla/5.0 (compatible; SERankingBacklinksBot/1.0; +https://seranking.com/backlinks-crawler)"
135.181.166.38 - - [19/May/2026:16:51:12 +0000] "GET /221040397 HTTP/1.1" 200 2 "-" "Mozilla/5.0 (compatible; SERankingBacklinksBot/1.0; +https://seranking.com/backlinks-crawler)"
85.251.70.170 - - [19/May/2026:16:51:21 +0000] "GET /103045623 HTTP/1.1" 200 2 "-" "Mozilla/5.0 (Macintosh; Intel Mac OS X 11.3; rv:135.0) Gecko/20100101 Firefox/135.0"
135.181.166.38 - - [19/May/2026:16:51:23 +0000] "GET /111028563 HTTP/1.1" 200 2 "-" "Mozilla/5.0 (compatible; SERankingBacklinksBot/1.0; +https://seranking.com/backlinks-crawler)"
135.181.166.38 - - [19/May/2026:16:51:33 +0000] "GET /277008683 HTTP/1.1" 200 2 "-" "Mozilla/5.0 (compatible; SERankingBacklinksBot/1.0; +https://seranking.com/backlinks-crawler)"
135.181.166.38 - - [19/May/2026:16:51:37 +0000] "GET /005044521 HTTP/1.1" 200 2 "-" "Mozilla/5.0 (compatible; SERankingBacklinksBot/1.0; +https://seranking.com/backlinks-crawler)"
17.246.19.246 - - [19/May/2026:16:51:41 +0000] "GET /186002308 HTTP/1.1" 200 2 "-" "Mozilla/5.0 (Macintosh; Intel Mac OS X 10_15_7) AppleWebKit/605.1.15 (KHTML, like Gecko) Version/17.4 Safari/605.1.15 (Applebot/0.1; +http://www.apple.com/go/applebot)"
123.28.76.161 - - [19/May/2026:16:51:44 +0000] "GET /109028467 HTTP/1.1" 200 2 "-" "Mozilla/5.0 (Windows NT 10.0; WOW64; rv:130.0) Gecko/20100101 Firefox/130.0"
66.249.70.137 - - [19/May/2026:16:51:45 +0000] "GET /3511375411?product=3507730086 HTTP/1.1" 200 6 "-" "Mozilla/5.0 (Linux; Android 6.0.1; Nexus 5X Build/MMB29P) AppleWebKit/537.36 (KHTML, like Gecko) Chrome/148.0.7778.96 Mobile Safari/537.36 (compatible; Googlebot/2.1; +http://www.google.com/bot.html)"
135.181.166.38 - - [19/May/2026:16:52:03 +0000] "GET /056028876 HTTP/1.1" 200 2 "-" "Mozilla/5.0 (compatible; SERankingBacklinksBot/1.0; +https://seranking.com/backlinks-crawler)"
14.187.90.238 - - [19/May/2026:16:52:06 +0000] "GET /109037317 HTTP/1.1" 200 2 "-" "Mozilla/5.0 (Macintosh; Intel Mac OS X 10_15_7) AppleWebKit/537.36 (KHTML, like Gecko) Chrome/126.0.6478.55 Safari/537.36"
135.181.166.38 - - [19/May/2026:16:52:17 +0000] "GET /166032234 HTTP/1.1" 200 2 "-" "Mozilla/5.0 (compatible; SERankingBacklinksBot/1.0; +https://seranking.com/backlinks-crawler)"
135.181.166.38 - - [19/May/2026:16:52:24 +0000] "GET /221040403 HTTP/1.1" 200 2 "-" "Mozilla/5.0 (compatible; SERankingBacklinksBot/1.0; +https://seranking.com/backlinks-crawler)"
135.181.166.38 - - [19/May/2026:16:52:28 +0000] "GET /111028579 HTTP/1.1" 200 2 "-" "Mozilla/5.0 (compatible; SERankingBacklinksBot/1.0; +https://seranking.com/backlinks-crawler)"
14.184.146.71 - - [19/May/2026:16:52:30 +0000] "GET /110008216 HTTP/1.1" 200 2 "-" "Mozilla/5.0 (Macintosh; Intel Mac OS X 13.5; rv:132.0) Gecko/20100101 Firefox/132.0"
135.181.166.38 - - [19/May/2026:16:52:33 +0000] "GET /277009287 HTTP/1.1" 200 2 "-" "Mozilla/5.0 (compatible; SERankingBacklinksBot/1.0; +https://seranking.com/backlinks-crawler)"
51.161.37.57 - - [19/May/2026:16:52:38 +0000] "GET /797880552?product=0797052978 HTTP/1.1" 200 6 "-" "Mozilla/5.0 (compatible; AhrefsBot/7.0; +http://ahrefs.com/robot/)"
135.181.166.38 - - [19/May/2026:16:52:47 +0000] "GET /005044581 HTTP/1.1" 200 2 "-" "Mozilla/5.0 (compatible; SERankingBacklinksBot/1.0; +https://seranking.com/backlinks-crawler)"
135.181.166.38 - - [19/May/2026:16:52:52 +0000] "GET /056028974 HTTP/1.1" 200 2 "-" "Mozilla/5.0 (compatible; SERankingBacklinksBot/1.0; +https://seranking.com/backlinks-crawler)"
202.76.134.192 - - [19/May/2026:16:52:55 +0000] "GET /111025947 HTTP/1.1" 200 2 "-" "Mozilla/5.0 (Macintosh; Intel Mac OS X 11_7_0) AppleWebKit/537.36 (KHTML, like Gecko) Chrome/134.0.6998.88 Safari/537.36"
135.181.166.38 - - [19/May/2026:16:52:59 +0000] "GET /166032372 HTTP/1.1" 200 2 "-" "Mozilla/5.0 (compatible; SERankingBacklinksBot/1.0; +https://seranking.com/backlinks-crawler)"
135.181.166.38 - - [19/May/2026:16:53:04 +0000] "GET /221040435 HTTP/1.1" 200 2 "-" "Mozilla/5.0 (compatible; SERankingBacklinksBot/1.0; +https://seranking.com/backlinks-crawler)"
135.181.166.38 - - [19/May/2026:16:53:09 +0000] "GET /111028589 HTTP/1.1" 200 2 "-" "Mozilla/5.0 (compatible; SERankingBacklinksBot/1.0; +https://seranking.com/backlinks-crawler)"
135.181.166.38 - - [19/May/2026:16:53:14 +0000] "GET /277009379 HTTP/1.1" 200 2 "-" "Mozilla/5.0 (compatible; SERankingBacklinksBot/1.0; +https://seranking.com/backlinks-crawler)"
135.181.166.38 - - [19/May/2026:16:53:19 +0000] "GET /005044601 HTTP/1.1" 200 2 "-" "Mozilla/5.0 (compatible; SERankingBacklinksBot/1.0; +https://seranking.com/backlinks-crawler)"
14.183.237.155 - - [19/May/2026:16:53:21 +0000] "GET /112004522 HTTP/1.1" 200 2 "-" "Mozilla/5.0 (Macintosh; Intel Mac OS X 15.2; rv:133.0) Gecko/20100101 Firefox/133.0"
135.181.166.38 - - [19/May/2026:16:53:26 +0000] "GET /056029044 HTTP/1.1" 200 2 "-" "Mozilla/5.0 (compatible; SERankingBacklinksBot/1.0; +https://seranking.com/backlinks-crawler)"
173.252.69.1 - - [19/May/2026:16:53:30 +0000] "GET /love/596/%E0%B8%AA%E0%B8%B2%E0%B8%A1%E0%B8%B5%E0%B8%A0%E0%B8%A3%E0%B8%A3%E0%B8%A2%E0%B8%B2%E0%B8%84%E0%B8%B7%E0%B8%AD%E0%B8%AD%E0%B8%B0%E0%B8%A1%E0%B8%B2%E0%B8%99%E0%B8%B0%E0%B8%AE%E0%B8%BA%E0%B8%82%E0%B8%AD%E0%B8%87%E0%B8%81%E0%B8%B1%E0%B8%99%E0%B9%81%E0%B8%A5%E0%B8%B0%E0%B8%81%E0%B8%B1%E0%B8%99.html HTTP/1.1" 200 2 "-" "facebookexternalhit/1.1 (+http://www.facebook.com/externalhit_uatext.php)"
173.252.69.22 - - [19/May/2026:16:53:30 +0000] "GET /love/596/%E0%B8%AA%E0%B8%B2%E0%B8%A1%E0%B8%B5%E0%B8%A0%E0%B8%A3%E0%B8%A3%E0%B8%A2%E0%B8%B2%E0%B8%84%E0%B8%B7%E0%B8%AD%E0%B8%AD%E0%B8%B0%E0%B8%A1%E0%B8%B2%E0%B8%99%E0%B8%B0%E0%B8%AE%E0%B8%BA%E0%B8%82%E0%B8%AD%E0%B8%87%E0%B8%81%E0%B8%B1%E0%B8%99%E0%B9%81%E0%B8%A5%E0%B8%B0%E0%B8%81%E0%B8%B1%E0%B8%99.html HTTP/1.1" 200 2 "-" "facebookexternalhit/1.1 (+http://www.facebook.com/externalhit_uatext.php)"
173.252.69.24 - - [19/May/2026:16:53:30 +0000] "GET /love/596/%E0%B8%AA%E0%B8%B2%E0%B8%A1%E0%B8%B5%E0%B8%A0%E0%B8%A3%E0%B8%A3%E0%B8%A2%E0%B8%B2%E0%B8%84%E0%B8%B7%E0%B8%AD%E0%B8%AD%E0%B8%B0%E0%B8%A1%E0%B8%B2%E0%B8%99%E0%B8%B0%E0%B8%AE%E0%B8%BA%E0%B8%82%E0%B8%AD%E0%B8%87%E0%B8%81%E0%B8%B1%E0%B8%99%E0%B9%81%E0%B8%A5%E0%B8%B0%E0%B8%81%E0%B8%B1%E0%B8%99.html HTTP/1.1" 200 2 "-" "facebookexternalhit/1.1 (+http://www.facebook.com/externalhit_uatext.php)"
173.252.69.19 - - [19/May/2026:16:53:31 +0000] "GET /love/596/%E0%B8%AA%E0%B8%B2%E0%B8%A1%E0%B8%B5%E0%B8%A0%E0%B8%A3%E0%B8%A3%E0%B8%A2%E0%B8%B2%E0%B8%84%E0%B8%B7%E0%B8%AD%E0%B8%AD%E0%B8%B0%E0%B8%A1%E0%B8%B2%E0%B8%99%E0%B8%B0%E0%B8%AE%E0%B8%BA%E0%B8%82%E0%B8%AD%E0%B8%87%E0%B8%81%E0%B8%B1%E0%B8%99%E0%B9%81%E0%B8%A5%E0%B8%B0%E0%B8%81%E0%B8%B1%E0%B8%99.html HTTP/1.1" 200 2 "-" "facebookexternalhit/1.1 (+http://www.facebook.com/externalhit_uatext.php)"
135.181.166.38 - - [19/May/2026:16:53:31 +0000] "GET /166032660 HTTP/1.1" 200 2 "-" "Mozilla/5.0 (compatible; SERankingBacklinksBot/1.0; +https://seranking.com/backlinks-crawler)"
135.181.166.38 - - [19/May/2026:16:53:37 +0000] "GET /221040699 HTTP/1.1" 200 2 "-" "Mozilla/5.0 (compatible; SERankingBacklinksBot/1.0; +https://seranking.com/backlinks-crawler)"
17.22.245.140 - - [19/May/2026:16:53:37 +0000] "GET /robots.txt HTTP/1.1" 200 398 "-" "Mozilla/5.0 (Macintosh; Intel Mac OS X 10_15_7) AppleWebKit/605.1.15 (KHTML, like Gecko) Version/17.4 Safari/605.1.15 (Applebot/0.1; +http://www.apple.com/go/applebot)"
17.22.245.140 - - [19/May/2026:16:53:37 +0000] "GET /q-~144XdrvobpRjGxIuwKbrxzOG2PeTdYK0v43519/ HTTP/1.1" 200 2 "-" "Mozilla/5.0 (Macintosh; Intel Mac OS X 10_15_7) AppleWebKit/605.1.15 (KHTML, like Gecko) Version/17.4 Safari/605.1.15 (Applebot/0.1; +http://www.apple.com/go/applebot)"
142.44.233.8 - - [19/May/2026:16:53:38 +0000] "GET /797846593?product=0797019054 HTTP/1.1" 200 6 "-" "Mozilla/5.0 (compatible; AhrefsBot/7.0; +http://ahrefs.com/robot/)"
135.181.166.38 - - [19/May/2026:16:53:42 +0000] "GET /111028693 HTTP/1.1" 200 2 "-" "Mozilla/5.0 (compatible; SERankingBacklinksBot/1.0; +https://seranking.com/backlinks-crawler)"
73.21.194.20 - - [19/May/2026:16:53:45 +0000] "GET /112024504 HTTP/1.1" 200 2 "-" "Mozilla/5.0 (Macintosh; Intel Mac OS X 13_7_1) AppleWebKit/537.36 (KHTML, like Gecko) Chrome/133.0.6943.141 Safari/537.36"
135.181.166.38 - - [19/May/2026:16:53:48 +0000] "GET /277009735 HTTP/1.1" 200 2 "-" "Mozilla/5.0 (compatible; SERankingBacklinksBot/1.0; +https://seranking.com/backlinks-crawler)"
135.181.166.38 - - [19/May/2026:16:53:56 +0000] "GET /005044733 HTTP/1.1" 200 2 "-" "Mozilla/5.0 (compatible; SERankingBacklinksBot/1.0; +https://seranking.com/backlinks-crawler)"
142.44.228.144 - - [19/May/2026:16:53:59 +0000] "GET /797833499?product=0797005974 HTTP/1.1" 200 6 "-" "Mozilla/5.0 (compatible; AhrefsBot/7.0; +http://ahrefs.com/robot/)"
135.181.166.38 - - [19/May/2026:16:54:02 +0000] "GET /056029124 HTTP/1.1" 200 2 "-" "Mozilla/5.0 (compatible; SERankingBacklinksBot/1.0; +https://seranking.com/backlinks-crawler)"
146.174.162.134 - - [19/May/2026:16:54:10 +0000] "GET /118011272 HTTP/1.1" 200 2 "-" "Mozilla/5.0 (Macintosh; U; PPC Mac OS X; nb-no) AppleWebKit/418 (KHTML, like Gecko) Safari/417.9.3"
135.181.166.38 - - [19/May/2026:16:54:10 +0000] "GET /166032820 HTTP/1.1" 200 2 "-" "Mozilla/5.0 (compatible; SERankingBacklinksBot/1.0; +https://seranking.com/backlinks-crawler)"
135.181.166.38 - - [19/May/2026:16:54:18 +0000] "GET /221040957 HTTP/1.1" 200 2 "-" "Mozilla/5.0 (compatible; SERankingBacklinksBot/1.0; +https://seranking.com/backlinks-crawler)"
51.161.37.32 - - [19/May/2026:16:54:22 +0000] "GET /797828997?product=0797001478 HTTP/1.1" 200 6 "-" "Mozilla/5.0 (compatible; AhrefsBot/7.0; +http://ahrefs.com/robot/)"
135.181.166.38 - - [19/May/2026:16:54:24 +0000] "GET /111028911 HTTP/1.1" 200 2 "-" "Mozilla/5.0 (compatible; SERankingBacklinksBot/1.0; +https://seranking.com/backlinks-crawler)"
135.181.166.38 - - [19/May/2026:16:54:28 +0000] "GET /277009953 HTTP/1.1" 200 2 "-" "Mozilla/5.0 (compatible; SERankingBacklinksBot/1.0; +https://seranking.com/backlinks-crawler)"
135.181.166.38 - - [19/May/2026:16:54:35 +0000] "GET /005044759 HTTP/1.1" 200 2 "-" "Mozilla/5.0 (compatible; SERankingBacklinksBot/1.0; +https://seranking.com/backlinks-crawler)"
178.235.222.8 - - [19/May/2026:16:54:35 +0000] "GET /119026519 HTTP/1.1" 200 2 "-" "Mozilla/5.0 (Macintosh; Intel Mac OS X 12_3_1) AppleWebKit/537.36 (KHTML, like Gecko) Chrome/124.0.6367.155 Safari/537.36"
135.181.166.38 - - [19/May/2026:16:54:40 +0000] "GET /056029128 HTTP/1.1" 200 2 "-" "Mozilla/5.0 (compatible; SERankingBacklinksBot/1.0; +https://seranking.com/backlinks-crawler)"
135.181.166.38 - - [19/May/2026:16:54:45 +0000] "GET /166032988 HTTP/1.1" 200 2 "-" "Mozilla/5.0 (compatible; SERankingBacklinksBot/1.0; +https://seranking.com/backlinks-crawler)"
135.181.166.38 - - [19/May/2026:16:54:49 +0000] "GET /221040961 HTTP/1.1" 200 2 "-" "Mozilla/5.0 (compatible; SERankingBacklinksBot/1.0; +https://seranking.com/backlinks-crawler)"
15.235.96.34 - - [19/May/2026:16:54:49 +0000] "GET /797807175?product=0796979678 HTTP/1.1" 200 6 "-" "Mozilla/5.0 (compatible; AhrefsBot/7.0; +http://ahrefs.com/robot/)"
135.181.166.38 - - [19/May/2026:16:54:56 +0000] "GET /111028989 HTTP/1.1" 200 2 "-" "Mozilla/5.0 (compatible; SERankingBacklinksBot/1.0; +https://seranking.com/backlinks-crawler)"
113.179.166.143 - - [19/May/2026:16:55:00 +0000] "GET /125047355 HTTP/1.1" 200 2 "-" "Mozilla/5.0 (Windows NT 10.0; Win64; x64) AppleWebKit/537.36 (KHTML, like Gecko) Chrome/131.0.6778.139 Safari/537.36"
135.181.166.38 - - [19/May/2026:16:55:01 +0000] "GET /277010017 HTTP/1.1" 200 2 "-" "Mozilla/5.0 (compatible; SERankingBacklinksBot/1.0; +https://seranking.com/backlinks-crawler)"
135.181.166.38 - - [19/May/2026:16:55:06 +0000] "GET /005044829 HTTP/1.1" 200 2 "-" "Mozilla/5.0 (compatible; SERankingBacklinksBot/1.0; +https://seranking.com/backlinks-crawler)"
135.181.166.38 - - [19/May/2026:16:55:13 +0000] "GET /056029164 HTTP/1.1" 200 2 "-" "Mozilla/5.0 (compatible; SERankingBacklinksBot/1.0; +https://seranking.com/backlinks-crawler)"
142.44.228.74 - - [19/May/2026:16:55:14 +0000] "GET /797775522?product=0796948058 HTTP/1.1" 200 6 "-" "Mozilla/5.0 (compatible; AhrefsBot/7.0; +http://ahrefs.com/robot/)"
135.181.166.38 - - [19/May/2026:16:55:18 +0000] "GET /166033134 HTTP/1.1" 200 2 "-" "Mozilla/5.0 (compatible; SERankingBacklinksBot/1.0; +https://seranking.com/backlinks-crawler)"
181.231.62.146 - - [19/May/2026:16:55:26 +0000] "GET /126004770 HTTP/1.1" 200 2 "-" "Mozilla/5.0 (Macintosh; Intel Mac OS X 15.0; rv:134.0) Gecko/20100101 Firefox/134.0"
135.181.166.38 - - [19/May/2026:16:55:29 +0000] "GET /221041045 HTTP/1.1" 200 2 "-" "Mozilla/5.0 (compatible; SERankingBacklinksBot/1.0; +https://seranking.com/backlinks-crawler)"
135.181.166.38 - - [19/May/2026:16:55:40 +0000] "GET /111029051 HTTP/1.1" 200 2 "-" "Mozilla/5.0 (compatible; SERankingBacklinksBot/1.0; +https://seranking.com/backlinks-crawler)"
142.44.228.78 - - [19/May/2026:16:55:45 +0000] "GET /797727368?product=0796899954 HTTP/1.1" 200 6 "-" "Mozilla/5.0 (compatible; AhrefsBot/7.0; +http://ahrefs.com/robot/)"
135.181.166.38 - - [19/May/2026:16:55:47 +0000] "GET /277010131 HTTP/1.1" 200 2 "-" "Mozilla/5.0 (compatible; SERankingBacklinksBot/1.0; +https://seranking.com/backlinks-crawler)"
135.181.166.38 - - [19/May/2026:16:55:50 +0000] "GET /005044979 HTTP/1.1" 200 2 "-" "Mozilla/5.0 (compatible; SERankingBacklinksBot/1.0; +https://seranking.com/backlinks-crawler)"
36.229.137.135 - - [19/May/2026:16:55:51 +0000] "GET /130008632 HTTP/1.1" 200 2 "-" "Mozilla/5.0 (Macintosh; U; PPC Mac OS X; en-us) AppleWebKit/416.12 (KHTML, like Gecko) Safari/416.13"
135.181.166.38 - - [19/May/2026:16:55:54 +0000] "GET /056029266 HTTP/1.1" 200 2 "-" "Mozilla/5.0 (compatible; SERankingBacklinksBot/1.0; +https://seranking.com/backlinks-crawler)"
135.181.166.38 - - [19/May/2026:16:55:59 +0000] "GET /166033198 HTTP/1.1" 200 2 "-" "Mozilla/5.0 (compatible; SERankingBacklinksBot/1.0; +https://seranking.com/backlinks-crawler)"
135.181.166.38 - - [19/May/2026:16:56:05 +0000] "GET /221041157 HTTP/1.1" 200 2 "-" "Mozilla/5.0 (compatible; SERankingBacklinksBot/1.0; +https://seranking.com/backlinks-crawler)"
135.181.166.38 - - [19/May/2026:16:56:14 +0000] "GET /111029171 HTTP/1.1" 200 2 "-" "Mozilla/5.0 (compatible; SERankingBacklinksBot/1.0; +https://seranking.com/backlinks-crawler)"
54.39.136.31 - - [19/May/2026:16:56:15 +0000] "GET /797658613?product=0796831270 HTTP/1.1" 200 6 "-" "Mozilla/5.0 (compatible; AhrefsBot/7.0; +http://ahrefs.com/robot/)"
187.143.40.120 - - [19/May/2026:16:56:16 +0000] "GET /130049652 HTTP/1.1" 200 2 "-" "Mozilla/5.0 (Macintosh; Intel Mac OS X 15_2_0) AppleWebKit/537.36 (KHTML, like Gecko) Chrome/125.0.6422.60 Safari/537.36"
135.181.166.38 - - [19/May/2026:16:56:17 +0000] "GET /277010207 HTTP/1.1" 200 2 "-" "Mozilla/5.0 (compatible; SERankingBacklinksBot/1.0; +https://seranking.com/backlinks-crawler)"
135.181.166.38 - - [19/May/2026:16:56:23 +0000] "GET /005045433 HTTP/1.1" 200 2 "-" "Mozilla/5.0 (compatible; SERankingBacklinksBot/1.0; +https://seranking.com/backlinks-crawler)"
135.181.166.38 - - [19/May/2026:16:56:30 +0000] "GET /056029312 HTTP/1.1" 200 2 "-" "Mozilla/5.0 (compatible; SERankingBacklinksBot/1.0; +https://seranking.com/backlinks-crawler)"
135.181.166.38 - - [19/May/2026:16:56:38 +0000] "GET /166033462 HTTP/1.1" 200 2 "-" "Mozilla/5.0 (compatible; SERankingBacklinksBot/1.0; +https://seranking.com/backlinks-crawler)"
221.132.8.78 - - [19/May/2026:16:56:41 +0000] "GET /132022222 HTTP/1.1" 200 2 "-" "Mozilla/5.0 (Macintosh; Intel Mac OS X 10_15_7) AppleWebKit/537.36 (KHTML, like Gecko) Chrome/134.0.6998.88 Safari/537.36"
135.181.166.38 - - [19/May/2026:16:56:43 +0000] "GET /221041209 HTTP/1.1" 200 2 "-" "Mozilla/5.0 (compatible; SERankingBacklinksBot/1.0; +https://seranking.com/backlinks-crawler)"
135.181.166.38 - - [19/May/2026:16:56:47 +0000] "GET /111029333 HTTP/1.1" 200 2 "-" "Mozilla/5.0 (compatible; SERankingBacklinksBot/1.0; +https://seranking.com/backlinks-crawler)"
54.39.136.109 - - [19/May/2026:16:56:49 +0000] "GET /563747774?product=0563163330 HTTP/1.1" 200 6 "-" "Mozilla/5.0 (compatible; AhrefsBot/7.0; +http://ahrefs.com/robot/)"
173.252.69.19 - - [19/May/2026:16:56:49 +0000] "GET /data/news/news-506-1503906514-2404.jpg HTTP/1.1" 200 2 "-" "facebookexternalhit/1.1 (+http://www.facebook.com/externalhit_uatext.php)"
135.181.166.38 - - [19/May/2026:16:56:53 +0000] "GET /277010495 HTTP/1.1" 200 2 "-" "Mozilla/5.0 (compatible; SERankingBacklinksBot/1.0; +https://seranking.com/backlinks-crawler)"
135.181.166.38 - - [19/May/2026:16:56:57 +0000] "GET /005045459 HTTP/1.1" 200 2 "-" "Mozilla/5.0 (compatible; SERankingBacklinksBot/1.0; +https://seranking.com/backlinks-crawler)"
54.39.210.52 - - [19/May/2026:16:56:58 +0000] "GET /563736860?product=0563152426 HTTP/1.1" 200 6 "-" "Mozilla/5.0 (compatible; AhrefsBot/7.0; +http://ahrefs.com/robot/)"
135.181.166.38 - - [19/May/2026:16:57:05 +0000] "GET /056029418 HTTP/1.1" 200 2 "-" "Mozilla/5.0 (compatible; SERankingBacklinksBot/1.0; +https://seranking.com/backlinks-crawler)"
202.76.185.144 - - [19/May/2026:16:57:06 +0000] "GET /140038508 HTTP/1.1" 200 2 "-" "Mozilla/5.0 (Macintosh; Intel Mac OS X 13.5; rv:136.0) Gecko/20100101 Firefox/136.0"
54.39.0.9 - - [19/May/2026:16:57:07 +0000] "GET /563721580?product=0563137162 HTTP/1.1" 200 6 "-" "Mozilla/5.0 (compatible; AhrefsBot/7.0; +http://ahrefs.com/robot/)"
135.181.166.38 - - [19/May/2026:16:57:11 +0000] "GET /166033580 HTTP/1.1" 200 2 "-" "Mozilla/5.0 (compatible; SERankingBacklinksBot/1.0; +https://seranking.com/backlinks-crawler)"
167.114.139.60 - - [19/May/2026:16:57:19 +0000] "GET /563567311?product=0562983054 HTTP/1.1" 200 6 "-" "Mozilla/5.0 (compatible; AhrefsBot/7.0; +http://ahrefs.com/robot/)"
135.181.166.38 - - [19/May/2026:16:57:21 +0000] "GET /221041321 HTTP/1.1" 200 2 "-" "Mozilla/5.0 (compatible; SERankingBacklinksBot/1.0; +https://seranking.com/backlinks-crawler)"
148.113.128.171 - - [19/May/2026:16:57:28 +0000] "GET /563461318?product=0562877170 HTTP/1.1" 200 6 "-" "Mozilla/5.0 (compatible; AhrefsBot/7.0; +http://ahrefs.com/robot/)"
202.76.165.250 - - [19/May/2026:16:57:29 +0000] "GET /147006019 HTTP/1.1" 200 2 "-" "Mozilla/5.0 (Macintosh; Intel Mac OS X 10_15_7) AppleWebKit/537.36 (KHTML, like Gecko) Chrome/128.0.6613.36 Safari/537.36"
135.181.166.38 - - [19/May/2026:16:57:31 +0000] "GET /111029611 HTTP/1.1" 200 2 "-" "Mozilla/5.0 (compatible; SERankingBacklinksBot/1.0; +https://seranking.com/backlinks-crawler)"
135.181.166.38 - - [19/May/2026:16:57:40 +0000] "GET /277010657 HTTP/1.1" 200 2 "-" "Mozilla/5.0 (compatible; SERankingBacklinksBot/1.0; +https://seranking.com/backlinks-crawler)"
135.181.166.38 - - [19/May/2026:16:57:45 +0000] "GET /005045465 HTTP/1.1" 200 2 "-" "Mozilla/5.0 (compatible; SERankingBacklinksBot/1.0; +https://seranking.com/backlinks-crawler)"
142.44.233.36 - - [19/May/2026:16:57:49 +0000] "GET /563236100?product=0562652186 HTTP/1.1" 200 6 "-" "Mozilla/5.0 (compatible; AhrefsBot/7.0; +http://ahrefs.com/robot/)"
135.181.166.38 - - [19/May/2026:16:57:51 +0000] "GET /056029544 HTTP/1.1" 200 2 "-" "Mozilla/5.0 (compatible; SERankingBacklinksBot/1.0; +https://seranking.com/backlinks-crawler)"
135.181.166.38 - - [19/May/2026:16:57:54 +0000] "GET /166033750 HTTP/1.1" 200 2 "-" "Mozilla/5.0 (compatible; SERankingBacklinksBot/1.0; +https://seranking.com/backlinks-crawler)"
2.157.85.171 - - [19/May/2026:16:57:55 +0000] "GET /147015097 HTTP/1.1" 200 2 "-" "Mozilla/5.0 (Macintosh; Intel Mac OS X 12.4; rv:130.0) Gecko/20100101 Firefox/130.0"
135.181.166.38 - - [19/May/2026:16:58:06 +0000] "GET /221041575 HTTP/1.1" 200 2 "-" "Mozilla/5.0 (compatible; SERankingBacklinksBot/1.0; +https://seranking.com/backlinks-crawler)"
148.113.130.86 - - [19/May/2026:16:58:13 +0000] "GET /563215233?product=0562631342 HTTP/1.1" 200 6 "-" "Mozilla/5.0 (compatible; AhrefsBot/7.0; +http://ahrefs.com/robot/)"
135.181.166.38 - - [19/May/2026:16:58:15 +0000] "GET /111029631 HTTP/1.1" 200 2 "-" "Mozilla/5.0 (compatible; SERankingBacklinksBot/1.0; +https://seranking.com/backlinks-crawler)"
177.12.25.54 - - [19/May/2026:16:58:21 +0000] "GET /154021608 HTTP/1.1" 200 2 "-" "Mozilla/5.0 (Macintosh; Intel Mac OS X 13_1_0) AppleWebKit/537.36 (KHTML, like Gecko) Chrome/129.0.6668.29 Safari/537.36"
135.181.166.38 - - [19/May/2026:16:58:22 +0000] "GET /277010733 HTTP/1.1" 200 2 "-" "Mozilla/5.0 (compatible; SERankingBacklinksBot/1.0; +https://seranking.com/backlinks-crawler)"
135.181.166.38 - - [19/May/2026:16:58:27 +0000] "GET /005045565 HTTP/1.1" 200 2 "-" "Mozilla/5.0 (compatible; SERankingBacklinksBot/1.0; +https://seranking.com/backlinks-crawler)"
135.181.166.38 - - [19/May/2026:16:58:32 +0000] "GET /056029936 HTTP/1.1" 200 2 "-" "Mozilla/5.0 (compatible; SERankingBacklinksBot/1.0; +https://seranking.com/backlinks-crawler)"
51.161.65.237 - - [19/May/2026:16:58:35 +0000] "GET /563168438?product=0562584594 HTTP/1.1" 200 6 "-" "Mozilla/5.0 (compatible; AhrefsBot/7.0; +http://ahrefs.com/robot/)"
135.181.166.38 - - [19/May/2026:16:58:41 +0000] "GET /166033752 HTTP/1.1" 200 2 "-" "Mozilla/5.0 (compatible; SERankingBacklinksBot/1.0; +https://seranking.com/backlinks-crawler)"
106.1.118.75 - - [19/May/2026:16:58:45 +0000] "GET /155032517 HTTP/1.1" 200 2 "-" "Mozilla/5.0 (Windows NT 10.0; Win64; x64) AppleWebKit/537.36 (KHTML, like Gecko) Chrome/125.0.6422.176 Safari/537.36"
135.181.166.38 - - [19/May/2026:16:58:49 +0000] "GET /221041899 HTTP/1.1" 200 2 "-" "Mozilla/5.0 (compatible; SERankingBacklinksBot/1.0; +https://seranking.com/backlinks-crawler)"
135.181.166.38 - - [19/May/2026:16:58:56 +0000] "GET /111030407 HTTP/1.1" 200 2 "-" "Mozilla/5.0 (compatible; SERankingBacklinksBot/1.0; +https://seranking.com/backlinks-crawler)"
54.39.136.233 - - [19/May/2026:16:58:57 +0000] "GET /563141021?product=0562557206 HTTP/1.1" 200 6 "-" "Mozilla/5.0 (compatible; AhrefsBot/7.0; +http://ahrefs.com/robot/)"
135.181.166.38 - - [19/May/2026:16:59:03 +0000] "GET /277010837 HTTP/1.1" 200 2 "-" "Mozilla/5.0 (compatible; SERankingBacklinksBot/1.0; +https://seranking.com/backlinks-crawler)"
135.181.166.38 - - [19/May/2026:16:59:07 +0000] "GET /005045653 HTTP/1.1" 200 2 "-" "Mozilla/5.0 (compatible; SERankingBacklinksBot/1.0; +https://seranking.com/backlinks-crawler)"
81.177.186.110 - - [19/May/2026:16:59:11 +0000] "GET /160037006 HTTP/1.1" 200 2 "-" "Mozilla/5.0 (Macintosh; Intel Mac OS X 11.2; rv:129.0) Gecko/20100101 Firefox/129.0"
54.39.0.26 - - [19/May/2026:16:59:12 +0000] "GET /562936540?product=0562352938 HTTP/1.1" 200 6 "-" "Mozilla/5.0 (compatible; AhrefsBot/7.0; +http://ahrefs.com/robot/)"
135.181.166.38 - - [19/May/2026:16:59:14 +0000] "GET /056030050 HTTP/1.1" 200 2 "-" "Mozilla/5.0 (compatible; SERankingBacklinksBot/1.0; +https://seranking.com/backlinks-crawler)"
135.181.166.38 - - [19/May/2026:16:59:22 +0000] "GET /166033920 HTTP/1.1" 200 2 "-" "Mozilla/5.0 (compatible; SERankingBacklinksBot/1.0; +https://seranking.com/backlinks-crawler)"
66.249.64.131 - - [19/May/2026:16:59:27 +0000] "GET /3830680?product=0003827666 HTTP/1.1" 200 6 "-" "Mozilla/5.0 (Linux; Android 6.0.1; Nexus 5X Build/MMB29P) AppleWebKit/537.36 (KHTML, like Gecko) Chrome/148.0.7778.96 Mobile Safari/537.36 (compatible; Googlebot/2.1; +http://www.google.com/bot.html)"
135.181.166.38 - - [19/May/2026:16:59:28 +0000] "GET /221041923 HTTP/1.1" 200 2 "-" "Mozilla/5.0 (compatible; SERankingBacklinksBot/1.0; +https://seranking.com/backlinks-crawler)"
135.181.166.38 - - [19/May/2026:16:59:35 +0000] "GET /111030445 HTTP/1.1" 200 2 "-" "Mozilla/5.0 (compatible; SERankingBacklinksBot/1.0; +https://seranking.com/backlinks-crawler)"
176.222.60.110 - - [19/May/2026:16:59:36 +0000] "GET /161018765 HTTP/1.1" 200 2 "-" "Mozilla/5.0 (Windows NT 10.0; Win64; x64) AppleWebKit/537.36 (KHTML, like Gecko) Chrome/129.0.6668.29 Safari/537.36"
135.181.166.38 - - [19/May/2026:16:59:40 +0000] "GET /277011067 HTTP/1.1" 200 2 "-" "Mozilla/5.0 (compatible; SERankingBacklinksBot/1.0; +https://seranking.com/backlinks-crawler)"
135.181.166.38 - - [19/May/2026:16:59:45 +0000] "GET /005045743 HTTP/1.1" 200 2 "-" "Mozilla/5.0 (compatible; SERankingBacklinksBot/1.0; +https://seranking.com/backlinks-crawler)"
135.181.166.38 - - [19/May/2026:16:59:53 +0000] "GET /056030234 HTTP/1.1" 200 2 "-" "Mozilla/5.0 (compatible; SERankingBacklinksBot/1.0; +https://seranking.com/backlinks-crawler)"
135.181.166.38 - - [19/May/2026:16:59:57 +0000] "GET /166034022 HTTP/1.1" 200 2 "-" "Mozilla/5.0 (compatible; SERankingBacklinksBot/1.0; +https://seranking.com/backlinks-crawler)"
181.237.138.230 - - [19/May/2026:17:00:01 +0000] "GET /1638833 HTTP/1.1" 200 2 "-" "Mozilla/5.0 (Macintosh; Intel Mac OS X 13_5_1) AppleWebKit/537.36 (KHTML, like Gecko) Chrome/125.0.6422.60 Safari/537.36"
135.181.166.38 - - [19/May/2026:17:00:01 +0000] "GET /221042047 HTTP/1.1" 200 2 "-" "Mozilla/5.0 (compatible; SERankingBacklinksBot/1.0; +https://seranking.com/backlinks-crawler)"
135.181.166.38 - - [19/May/2026:17:00:06 +0000] "GET /111030693 HTTP/1.1" 200 2 "-" "Mozilla/5.0 (compatible; SERankingBacklinksBot/1.0; +https://seranking.com/backlinks-crawler)"
135.181.166.38 - - [19/May/2026:17:00:11 +0000] "GET /277011591 HTTP/1.1" 200 2 "-" "Mozilla/5.0 (compatible; SERankingBacklinksBot/1.0; +https://seranking.com/backlinks-crawler)"
135.181.166.38 - - [19/May/2026:17:00:15 +0000] "GET /005045819 HTTP/1.1" 200 2 "-" "Mozilla/5.0 (compatible; SERankingBacklinksBot/1.0; +https://seranking.com/backlinks-crawler)"
135.181.166.38 - - [19/May/2026:17:00:21 +0000] "GET /056030382 HTTP/1.1" 200 2 "-" "Mozilla/5.0 (compatible; SERankingBacklinksBot/1.0; +https://seranking.com/backlinks-crawler)"
