135.181.166.38 - - [19/May/2026:15:07:05 +0000] "GET /276036152 HTTP/1.1" 200 2 "-" "Mozilla/5.0 (compatible; SERankingBacklinksBot/1.0; +https://seranking.com/backlinks-crawler)"
135.181.166.38 - - [19/May/2026:15:07:15 +0000] "GET /005023631 HTTP/1.1" 200 2 "-" "Mozilla/5.0 (compatible; SERankingBacklinksBot/1.0; +https://seranking.com/backlinks-crawler)"
14.169.27.112 - - [19/May/2026:15:07:17 +0000] "GET /179022461 HTTP/1.1" 200 2 "-" "Mozilla/5.0 (Windows NT 10.0; Win64; x64) AppleWebKit/537.36 (KHTML, like Gecko) Chrome/131.0.6778.139 Safari/537.36"
40.77.167.56 - - [19/May/2026:15:07:17 +0000] "GET /1072489760?product=1071377026 HTTP/1.1" 200 6 "-" "Mozilla/5.0 AppleWebKit/537.36 (KHTML, like Gecko; compatible; bingbot/2.0; +http://www.bing.com/bingbot.htm) Chrome/116.0.1938.76 Safari/537.36"
135.181.166.38 - - [19/May/2026:15:07:20 +0000] "GET /056003096 HTTP/1.1" 200 2 "-" "Mozilla/5.0 (compatible; SERankingBacklinksBot/1.0; +https://seranking.com/backlinks-crawler)"
135.181.166.38 - - [19/May/2026:15:07:27 +0000] "GET /166007922 HTTP/1.1" 200 2 "-" "Mozilla/5.0 (compatible; SERankingBacklinksBot/1.0; +https://seranking.com/backlinks-crawler)"
216.244.66.241 - - [19/May/2026:15:07:30 +0000] "GET /robots.txt HTTP/1.1" 200 398 "-" "Mozilla/5.0 (compatible; DotBot/1.2; +https://opensiteexplorer.org/dotbot; help@moz.com)"
15.235.96.215 - - [19/May/2026:15:07:33 +0000] "GET /1259133798?product=1257827250 HTTP/1.1" 200 6 "-" "Mozilla/5.0 (compatible; AhrefsBot/7.0; +http://ahrefs.com/robot/)"
135.181.166.38 - - [19/May/2026:15:07:36 +0000] "GET /221015449 HTTP/1.1" 200 2 "-" "Mozilla/5.0 (compatible; SERankingBacklinksBot/1.0; +https://seranking.com/backlinks-crawler)"
135.181.166.38 - - [19/May/2026:15:07:42 +0000] "GET /111007279 HTTP/1.1" 200 2 "-" "Mozilla/5.0 (compatible; SERankingBacklinksBot/1.0; +https://seranking.com/backlinks-crawler)"
94.73.33.218 - - [19/May/2026:15:07:46 +0000] "GET /181015157 HTTP/1.1" 200 2 "-" "Mozilla/5.0 (Macintosh; Intel Mac OS X 14_7_0) AppleWebKit/537.36 (KHTML, like Gecko) Chrome/134.0.6998.45 Safari/537.36"
135.181.166.38 - - [19/May/2026:15:07:46 +0000] "GET /276036360 HTTP/1.1" 200 2 "-" "Mozilla/5.0 (compatible; SERankingBacklinksBot/1.0; +https://seranking.com/backlinks-crawler)"
135.181.166.38 - - [19/May/2026:15:07:50 +0000] "GET /005023915 HTTP/1.1" 200 2 "-" "Mozilla/5.0 (compatible; SERankingBacklinksBot/1.0; +https://seranking.com/backlinks-crawler)"
135.181.166.38 - - [19/May/2026:15:07:54 +0000] "GET /056003664 HTTP/1.1" 200 2 "-" "Mozilla/5.0 (compatible; SERankingBacklinksBot/1.0; +https://seranking.com/backlinks-crawler)"
135.181.166.38 - - [19/May/2026:15:07:57 +0000] "GET /166007952 HTTP/1.1" 200 2 "-" "Mozilla/5.0 (compatible; SERankingBacklinksBot/1.0; +https://seranking.com/backlinks-crawler)"
135.181.166.38 - - [19/May/2026:15:08:02 +0000] "GET /221015483 HTTP/1.1" 200 2 "-" "Mozilla/5.0 (compatible; SERankingBacklinksBot/1.0; +https://seranking.com/backlinks-crawler)"
135.181.166.38 - - [19/May/2026:15:08:06 +0000] "GET /111007363 HTTP/1.1" 200 2 "-" "Mozilla/5.0 (compatible; SERankingBacklinksBot/1.0; +https://seranking.com/backlinks-crawler)"
135.181.166.38 - - [19/May/2026:15:08:12 +0000] "GET /276036460 HTTP/1.1" 200 2 "-" "Mozilla/5.0 (compatible; SERankingBacklinksBot/1.0; +https://seranking.com/backlinks-crawler)"
123.20.133.214 - - [19/May/2026:15:08:15 +0000] "GET /185005075 HTTP/1.1" 200 2 "-" "Mozilla/5.0 (Macintosh; Intel Mac OS X 12_2_1) AppleWebKit/537.36 (KHTML, like Gecko) Chrome/126.0.6478.55 Safari/537.36"
135.181.166.38 - - [19/May/2026:15:08:16 +0000] "GET /005024347 HTTP/1.1" 200 2 "-" "Mozilla/5.0 (compatible; SERankingBacklinksBot/1.0; +https://seranking.com/backlinks-crawler)"
135.181.166.38 - - [19/May/2026:15:08:21 +0000] "GET /056003670 HTTP/1.1" 200 2 "-" "Mozilla/5.0 (compatible; SERankingBacklinksBot/1.0; +https://seranking.com/backlinks-crawler)"
54.39.89.6 - - [19/May/2026:15:08:23 +0000] "GET /1259111968?product=1257805442 HTTP/1.1" 200 6 "-" "Mozilla/5.0 (compatible; AhrefsBot/7.0; +http://ahrefs.com/robot/)"
179.6.170.56 - - [19/May/2026:15:08:27 +0000] "GET http://beritamuslimmag.com/7792724?product=0007785594 HTTP/1.1" 200 2 "-" "Mozilla/5.0 (Macintosh; Intel Mac OS X 10_15_6) AppleWebKit/537.36 (KHTML, like Gecko) Chrome/88.0.4324.150 Safari/537.36"
135.181.166.38 - - [19/May/2026:15:08:27 +0000] "GET /166007998 HTTP/1.1" 200 2 "-" "Mozilla/5.0 (compatible; SERankingBacklinksBot/1.0; +https://seranking.com/backlinks-crawler)"
135.181.166.38 - - [19/May/2026:15:08:33 +0000] "GET /221015505 HTTP/1.1" 200 2 "-" "Mozilla/5.0 (compatible; SERankingBacklinksBot/1.0; +https://seranking.com/backlinks-crawler)"
135.181.166.38 - - [19/May/2026:15:08:40 +0000] "GET /111007417 HTTP/1.1" 200 2 "-" "Mozilla/5.0 (compatible; SERankingBacklinksBot/1.0; +https://seranking.com/backlinks-crawler)"
135.181.166.38 - - [19/May/2026:15:08:44 +0000] "GET /276036522 HTTP/1.1" 200 2 "-" "Mozilla/5.0 (compatible; SERankingBacklinksBot/1.0; +https://seranking.com/backlinks-crawler)"
78.81.137.138 - - [19/May/2026:15:08:44 +0000] "GET /189039007 HTTP/1.1" 200 2 "-" "Mozilla/5.0 (Macintosh; Intel Mac OS X 13_3_1) AppleWebKit/537.36 (KHTML, like Gecko) Chrome/131.0.6778.139 Safari/537.36"
135.181.166.38 - - [19/May/2026:15:08:47 +0000] "GET /005024411 HTTP/1.1" 200 2 "-" "Mozilla/5.0 (compatible; SERankingBacklinksBot/1.0; +https://seranking.com/backlinks-crawler)"
135.181.166.38 - - [19/May/2026:15:08:51 +0000] "GET /056003766 HTTP/1.1" 200 2 "-" "Mozilla/5.0 (compatible; SERankingBacklinksBot/1.0; +https://seranking.com/backlinks-crawler)"
135.181.166.38 - - [19/May/2026:15:08:57 +0000] "GET /166008000 HTTP/1.1" 200 2 "-" "Mozilla/5.0 (compatible; SERankingBacklinksBot/1.0; +https://seranking.com/backlinks-crawler)"
135.181.166.38 - - [19/May/2026:15:09:02 +0000] "GET /221015555 HTTP/1.1" 200 2 "-" "Mozilla/5.0 (compatible; SERankingBacklinksBot/1.0; +https://seranking.com/backlinks-crawler)"
142.44.220.0 - - [19/May/2026:15:09:08 +0000] "GET /1049408?product=0001049282 HTTP/1.1" 200 6 "-" "Mozilla/5.0 (compatible; AhrefsBot/7.0; +http://ahrefs.com/robot/)"
135.181.166.38 - - [19/May/2026:15:09:08 +0000] "GET /111007525 HTTP/1.1" 200 2 "-" "Mozilla/5.0 (compatible; SERankingBacklinksBot/1.0; +https://seranking.com/backlinks-crawler)"
135.181.166.38 - - [19/May/2026:15:09:14 +0000] "GET /276036582 HTTP/1.1" 200 2 "-" "Mozilla/5.0 (compatible; SERankingBacklinksBot/1.0; +https://seranking.com/backlinks-crawler)"
2.83.163.142 - - [19/May/2026:15:09:17 +0000] "GET /191010017 HTTP/1.1" 200 2 "-" "Mozilla/5.0 (Macintosh; Intel Mac OS X 11.6; rv:129.0) Gecko/20100101 Firefox/129.0"
135.181.166.38 - - [19/May/2026:15:09:20 +0000] "GET /005024689 HTTP/1.1" 200 2 "-" "Mozilla/5.0 (compatible; SERankingBacklinksBot/1.0; +https://seranking.com/backlinks-crawler)"
69.171.234.11 - - [19/May/2026:15:09:21 +0000] "GET /newsmuslim/1151/%E0%B8%AA%E0%B8%B8%E0%B8%94%E0%B8%A2%E0%B8%AD%E0%B8%94%E0%B8%A1%E0%B8%B8%E0%B8%AA%E0%B8%A5%E0%B8%B4%E0%B8%A1%E0%B8%88%E0%B8%B1%E0%B8%87%E0%B8%AB%E0%B8%A7%E0%B8%B1%E0%B8%94%E0%B8%A2%E0%B8%B0%E0%B8%A5%E0%B8%B2+%E0%B8%88%E0%B8%9A%E0%B9%81%E0%B8%9E%E0%B8%97%E0%B8%A2%E0%B9%8C%E0%B8%AD%E0%B8%B4%E0%B8%A2%E0%B8%B4%E0%B8%9B%E0%B8%95%E0%B9%8C%E0%B9%80%E0%B8%81%E0%B8%B5%E0%B8%A2%E0%B8%A3%E0%B8%95%E0%B8%B4%E0%B8%99%E0%B8%B4%E0%B8%A2%E0%B8%A1%E0%B8%AD%E0%B8%B1%E0%B8%99%E0%B8%94%E0%B8%B1%E0%B8%9A+1.html HTTP/1.1" 200 2 "-" "facebookexternalhit/1.1 (+http://www.facebook.com/externalhit_uatext.php)"
135.181.166.38 - - [19/May/2026:15:09:26 +0000] "GET /056003940 HTTP/1.1" 200 2 "-" "Mozilla/5.0 (compatible; SERankingBacklinksBot/1.0; +https://seranking.com/backlinks-crawler)"
66.249.64.132 - - [19/May/2026:15:09:28 +0000] "GET /4221047026?product=4216664762 HTTP/1.1" 200 6 "-" "Mozilla/5.0 (Linux; Android 6.0.1; Nexus 5X Build/MMB29P) AppleWebKit/537.36 (KHTML, like Gecko) Chrome/148.0.7778.96 Mobile Safari/537.36 (compatible; Googlebot/2.1; +http://www.google.com/bot.html)"
135.181.166.38 - - [19/May/2026:15:09:29 +0000] "GET /166008036 HTTP/1.1" 200 2 "-" "Mozilla/5.0 (compatible; SERankingBacklinksBot/1.0; +https://seranking.com/backlinks-crawler)"
135.181.166.38 - - [19/May/2026:15:09:34 +0000] "GET /221015627 HTTP/1.1" 200 2 "-" "Mozilla/5.0 (compatible; SERankingBacklinksBot/1.0; +https://seranking.com/backlinks-crawler)"
135.181.166.38 - - [19/May/2026:15:09:38 +0000] "GET /111007531 HTTP/1.1" 200 2 "-" "Mozilla/5.0 (compatible; SERankingBacklinksBot/1.0; +https://seranking.com/backlinks-crawler)"
135.181.166.38 - - [19/May/2026:15:09:41 +0000] "GET /276036712 HTTP/1.1" 200 2 "-" "Mozilla/5.0 (compatible; SERankingBacklinksBot/1.0; +https://seranking.com/backlinks-crawler)"
173.252.87.16 - - [19/May/2026:15:09:42 +0000] "GET /Muslimlife/315/page.html HTTP/1.1" 200 2 "-" "facebookexternalhit/1.1 (+http://www.facebook.com/externalhit_uatext.php)"
173.252.87.12 - - [19/May/2026:15:09:43 +0000] "GET /Muslimlife/315/page.html HTTP/1.1" 200 2 "-" "facebookexternalhit/1.1 (+http://www.facebook.com/externalhit_uatext.php)"
14.167.96.54 - - [19/May/2026:15:09:43 +0000] "GET /192049322 HTTP/1.1" 200 2 "-" "Mozilla/5.0 (Macintosh; Intel Mac OS X 15_1_1) AppleWebKit/537.36 (KHTML, like Gecko) Chrome/133.0.6943.53 Safari/537.36"
57.141.18.59 - - [19/May/2026:15:09:44 +0000] "GET /newsmuslim/1151/%E0%B8%AA%E0%B8%B8%E0%B8%94%E0%B8%A2%E0%B8%AD%E0%B8%94%E0%B8%A1%E0%B8%B8%E0%B8%AA%E0%B8%A5%E0%B8%B4%E0%B8%A1%E0%B8%88%E0%B8%B1%E0%B8%87%E0%B8%AB%E0%B8%A7%E0%B8%B1%E0%B8%94%E0%B8%A2%E0%B8%B0%E0%B8%A5%E0%B8%B2+%E0%B8%88%E0%B8%9A%E0%B9%81%E0%B8%9E%E0%B8%97%E0%B8%A2%E0%B9%8C%E0%B8%AD%E0%B8%B4%E0%B8%A2%E0%B8%B4%E0%B8%9B%E0%B8%95%E0%B9%8C%E0%B9%80%E0%B8%81%E0%B8%B5%E0%B8%A2%E0%B8%A3%E0%B8%95%E0%B8%B4%E0%B8%99%E0%B8%B4%E0%B8%A2%E0%B8%A1%E0%B8%AD%E0%B8%B1%E0%B8%99%E0%B8%94%E0%B8%B1%E0%B8%9A+1.html HTTP/1.1" 200 2 "-" "facebookexternalhit/1.1 (+http://www.facebook.com/externalhit_uatext.php)"
69.171.237.101 - - [19/May/2026:15:09:44 +0000] "GET /data/news/news-315-1503906052-4407.jpg HTTP/1.1" 200 2 "-" "facebookexternalhit/1.1 (+http://www.facebook.com/externalhit_uatext.php)"
57.141.18.74 - - [19/May/2026:15:09:44 +0000] "GET /newsmuslim/1151/%E0%B8%AA%E0%B8%B8%E0%B8%94%E0%B8%A2%E0%B8%AD%E0%B8%94%E0%B8%A1%E0%B8%B8%E0%B8%AA%E0%B8%A5%E0%B8%B4%E0%B8%A1%E0%B8%88%E0%B8%B1%E0%B8%87%E0%B8%AB%E0%B8%A7%E0%B8%B1%E0%B8%94%E0%B8%A2%E0%B8%B0%E0%B8%A5%E0%B8%B2+%E0%B8%88%E0%B8%9A%E0%B9%81%E0%B8%9E%E0%B8%97%E0%B8%A2%E0%B9%8C%E0%B8%AD%E0%B8%B4%E0%B8%A2%E0%B8%B4%E0%B8%9B%E0%B8%95%E0%B9%8C%E0%B9%80%E0%B8%81%E0%B8%B5%E0%B8%A2%E0%B8%A3%E0%B8%95%E0%B8%B4%E0%B8%99%E0%B8%B4%E0%B8%A2%E0%B8%A1%E0%B8%AD%E0%B8%B1%E0%B8%99%E0%B8%94%E0%B8%B1%E0%B8%9A+1.html HTTP/1.1" 200 2 "-" "facebookexternalhit/1.1 (+http://www.facebook.com/externalhit_uatext.php)"
173.252.107.115 - - [19/May/2026:15:09:46 +0000] "GET /newsmuslim/1151/%E0%B8%AA%E0%B8%B8%E0%B8%94%E0%B8%A2%E0%B8%AD%E0%B8%94%E0%B8%A1%E0%B8%B8%E0%B8%AA%E0%B8%A5%E0%B8%B4%E0%B8%A1%E0%B8%88%E0%B8%B1%E0%B8%87%E0%B8%AB%E0%B8%A7%E0%B8%B1%E0%B8%94%E0%B8%A2%E0%B8%B0%E0%B8%A5%E0%B8%B2+%E0%B8%88%E0%B8%9A%E0%B9%81%E0%B8%9E%E0%B8%97%E0%B8%A2%E0%B9%8C%E0%B8%AD%E0%B8%B4%E0%B8%A2%E0%B8%B4%E0%B8%9B%E0%B8%95%E0%B9%8C%E0%B9%80%E0%B8%81%E0%B8%B5%E0%B8%A2%E0%B8%A3%E0%B8%95%E0%B8%B4%E0%B8%99%E0%B8%B4%E0%B8%A2%E0%B8%A1%E0%B8%AD%E0%B8%B1%E0%B8%99%E0%B8%94%E0%B8%B1%E0%B8%9A+1.html HTTP/1.1" 200 2 "-" "facebookexternalhit/1.1 (+http://www.facebook.com/externalhit_uatext.php)"
135.181.166.38 - - [19/May/2026:15:09:51 +0000] "GET /005024749 HTTP/1.1" 200 2 "-" "Mozilla/5.0 (compatible; SERankingBacklinksBot/1.0; +https://seranking.com/backlinks-crawler)"
113.172.114.217 - - [19/May/2026:15:09:54 +0000] "GET /sitemap626.xml HTTP/1.1" 200 2 "-" "Mozilla/5.0 (Macintosh; Intel Mac OS X 14_1_0) AppleWebKit/537.36 (KHTML, like Gecko) Chrome/129.0.6668.58 Safari/537.36"
135.181.166.38 - - [19/May/2026:15:09:55 +0000] "GET /056003992 HTTP/1.1" 200 2 "-" "Mozilla/5.0 (compatible; SERankingBacklinksBot/1.0; +https://seranking.com/backlinks-crawler)"
167.114.139.237 - - [19/May/2026:15:09:55 +0000] "GET /1026398274?product=1025333402 HTTP/1.1" 200 6 "-" "Mozilla/5.0 (compatible; AhrefsBot/7.0; +http://ahrefs.com/robot/)"
135.181.166.38 - - [19/May/2026:15:10:00 +0000] "GET /166008178 HTTP/1.1" 200 2 "-" "Mozilla/5.0 (compatible; SERankingBacklinksBot/1.0; +https://seranking.com/backlinks-crawler)"
135.181.166.38 - - [19/May/2026:15:10:05 +0000] "GET /221016077 HTTP/1.1" 200 2 "-" "Mozilla/5.0 (compatible; SERankingBacklinksBot/1.0; +https://seranking.com/backlinks-crawler)"
135.181.166.38 - - [19/May/2026:15:10:10 +0000] "GET /111007605 HTTP/1.1" 200 2 "-" "Mozilla/5.0 (compatible; SERankingBacklinksBot/1.0; +https://seranking.com/backlinks-crawler)"
123.26.211.191 - - [19/May/2026:15:10:12 +0000] "GET /202027612 HTTP/1.1" 200 2 "-" "Mozilla/5.0 (Macintosh; Intel Mac OS X 12.5; rv:136.0) Gecko/20100101 Firefox/136.0"
54.39.136.187 - - [19/May/2026:15:10:12 +0000] "GET /1026391722?product=1025326858 HTTP/1.1" 200 6 "-" "Mozilla/5.0 (compatible; AhrefsBot/7.0; +http://ahrefs.com/robot/)"
135.181.166.38 - - [19/May/2026:15:10:14 +0000] "GET /276036868 HTTP/1.1" 200 2 "-" "Mozilla/5.0 (compatible; SERankingBacklinksBot/1.0; +https://seranking.com/backlinks-crawler)"
135.181.166.38 - - [19/May/2026:15:10:19 +0000] "GET /005025045 HTTP/1.1" 200 2 "-" "Mozilla/5.0 (compatible; SERankingBacklinksBot/1.0; +https://seranking.com/backlinks-crawler)"
51.222.95.227 - - [19/May/2026:15:10:23 +0000] "GET /1026364305?product=1025299470 HTTP/1.1" 200 6 "-" "Mozilla/5.0 (compatible; AhrefsBot/7.0; +http://ahrefs.com/robot/)"
135.181.166.38 - - [19/May/2026:15:10:27 +0000] "GET /056004176 HTTP/1.1" 200 2 "-" "Mozilla/5.0 (compatible; SERankingBacklinksBot/1.0; +https://seranking.com/backlinks-crawler)"
135.181.166.38 - - [19/May/2026:15:10:32 +0000] "GET /166008878 HTTP/1.1" 200 2 "-" "Mozilla/5.0 (compatible; SERankingBacklinksBot/1.0; +https://seranking.com/backlinks-crawler)"
135.181.166.38 - - [19/May/2026:15:10:38 +0000] "GET /221016105 HTTP/1.1" 200 2 "-" "Mozilla/5.0 (compatible; SERankingBacklinksBot/1.0; +https://seranking.com/backlinks-crawler)"
40.77.167.56 - - [19/May/2026:15:10:38 +0000] "GET /82303181?product=0082218678 HTTP/1.1" 200 6 "-" "Mozilla/5.0 AppleWebKit/537.36 (KHTML, like Gecko; compatible; bingbot/2.0; +http://www.bing.com/bingbot.htm) Chrome/116.0.1938.76 Safari/537.36"
142.44.225.29 - - [19/May/2026:15:10:39 +0000] "GET /1026341390?product=1025276578 HTTP/1.1" 200 6 "-" "Mozilla/5.0 (compatible; AhrefsBot/7.0; +http://ahrefs.com/robot/)"
109.31.26.127 - - [19/May/2026:15:10:41 +0000] "GET /204005882 HTTP/1.1" 200 2 "-" "Mozilla/5.0 (Macintosh; Intel Mac OS X 14_4_1) AppleWebKit/537.36 (KHTML, like Gecko) Chrome/124.0.6367.207 Safari/537.36"
135.181.166.38 - - [19/May/2026:15:10:44 +0000] "GET /111007643 HTTP/1.1" 200 2 "-" "Mozilla/5.0 (compatible; SERankingBacklinksBot/1.0; +https://seranking.com/backlinks-crawler)"
54.39.203.179 - - [19/May/2026:15:10:50 +0000] "GET /1026299916?product=1025235146 HTTP/1.1" 200 6 "-" "Mozilla/5.0 (compatible; AhrefsBot/7.0; +http://ahrefs.com/robot/)"
135.181.166.38 - - [19/May/2026:15:10:51 +0000] "GET /276036886 HTTP/1.1" 200 2 "-" "Mozilla/5.0 (compatible; SERankingBacklinksBot/1.0; +https://seranking.com/backlinks-crawler)"
54.39.136.2 - - [19/May/2026:15:10:56 +0000] "GET /1026290093?product=1025225334 HTTP/1.1" 200 6 "-" "Mozilla/5.0 (compatible; AhrefsBot/7.0; +http://ahrefs.com/robot/)"
135.181.166.38 - - [19/May/2026:15:10:58 +0000] "GET /005025127 HTTP/1.1" 200 2 "-" "Mozilla/5.0 (compatible; SERankingBacklinksBot/1.0; +https://seranking.com/backlinks-crawler)"
142.44.228.21 - - [19/May/2026:15:11:01 +0000] "GET /1026281235?product=1025216486 HTTP/1.1" 200 6 "-" "Mozilla/5.0 (compatible; AhrefsBot/7.0; +http://ahrefs.com/robot/)"
135.181.166.38 - - [19/May/2026:15:11:03 +0000] "GET /056004352 HTTP/1.1" 200 2 "-" "Mozilla/5.0 (compatible; SERankingBacklinksBot/1.0; +https://seranking.com/backlinks-crawler)"
142.44.233.189 - - [19/May/2026:15:11:05 +0000] "GET /1026268133?product=1025203398 HTTP/1.1" 200 6 "-" "Mozilla/5.0 (compatible; AhrefsBot/7.0; +http://ahrefs.com/robot/)"
135.181.166.38 - - [19/May/2026:15:11:07 +0000] "GET /166008926 HTTP/1.1" 200 2 "-" "Mozilla/5.0 (compatible; SERankingBacklinksBot/1.0; +https://seranking.com/backlinks-crawler)"
14.229.253.2 - - [19/May/2026:15:11:10 +0000] "GET /209011207 HTTP/1.1" 200 2 "-" "Mozilla/5.0 (Macintosh; Intel Mac OS X 14_5_0) AppleWebKit/537.36 (KHTML, like Gecko) Chrome/130.0.6723.69 Safari/537.36"
135.181.166.38 - - [19/May/2026:15:11:12 +0000] "GET /221016575 HTTP/1.1" 200 2 "-" "Mozilla/5.0 (compatible; SERankingBacklinksBot/1.0; +https://seranking.com/backlinks-crawler)"
167.114.139.101 - - [19/May/2026:15:11:13 +0000] "GET /1026260498?product=1025195770 HTTP/1.1" 200 6 "-" "Mozilla/5.0 (compatible; AhrefsBot/7.0; +http://ahrefs.com/robot/)"
135.181.166.38 - - [19/May/2026:15:11:16 +0000] "GET /111007681 HTTP/1.1" 200 2 "-" "Mozilla/5.0 (compatible; SERankingBacklinksBot/1.0; +https://seranking.com/backlinks-crawler)"
142.44.233.239 - - [19/May/2026:15:11:17 +0000] "GET /1026236352?product=1025171650 HTTP/1.1" 200 6 "-" "Mozilla/5.0 (compatible; AhrefsBot/7.0; +http://ahrefs.com/robot/)"
57.141.18.87 - - [19/May/2026:15:11:18 +0000] "GET /Muslimlife/315/page.html HTTP/1.1" 200 2 "-" "facebookexternalhit/1.1 (+http://www.facebook.com/externalhit_uatext.php)"
135.181.166.38 - - [19/May/2026:15:11:20 +0000] "GET /276037184 HTTP/1.1" 200 2 "-" "Mozilla/5.0 (compatible; SERankingBacklinksBot/1.0; +https://seranking.com/backlinks-crawler)"
135.181.166.38 - - [19/May/2026:15:11:25 +0000] "GET /005025257 HTTP/1.1" 200 2 "-" "Mozilla/5.0 (compatible; SERankingBacklinksBot/1.0; +https://seranking.com/backlinks-crawler)"
54.39.210.130 - - [19/May/2026:15:11:26 +0000] "GET /1026221210?product=1025156522 HTTP/1.1" 200 6 "-" "Mozilla/5.0 (compatible; AhrefsBot/7.0; +http://ahrefs.com/robot/)"
135.181.166.38 - - [19/May/2026:15:11:30 +0000] "GET /056004504 HTTP/1.1" 200 2 "-" "Mozilla/5.0 (compatible; SERankingBacklinksBot/1.0; +https://seranking.com/backlinks-crawler)"
54.39.203.93 - - [19/May/2026:15:11:32 +0000] "GET /1026209201?product=1025144526 HTTP/1.1" 200 6 "-" "Mozilla/5.0 (compatible; AhrefsBot/7.0; +http://ahrefs.com/robot/)"
135.181.166.38 - - [19/May/2026:15:11:34 +0000] "GET /166009202 HTTP/1.1" 200 2 "-" "Mozilla/5.0 (compatible; SERankingBacklinksBot/1.0; +https://seranking.com/backlinks-crawler)"
142.44.228.236 - - [19/May/2026:15:11:39 +0000] "GET /1026152317?product=1025087702 HTTP/1.1" 200 6 "-" "Mozilla/5.0 (compatible; AhrefsBot/7.0; +http://ahrefs.com/robot/)"
135.181.166.38 - - [19/May/2026:15:11:42 +0000] "GET /221016665 HTTP/1.1" 200 2 "-" "Mozilla/5.0 (compatible; SERankingBacklinksBot/1.0; +https://seranking.com/backlinks-crawler)"
91.164.135.155 - - [19/May/2026:15:11:44 +0000] "GET /211034207 HTTP/1.1" 200 2 "-" "Mozilla/5.0 (Macintosh; Intel Mac OS X 11.7; rv:136.0) Gecko/20100101 Firefox/136.0"
142.44.220.225 - - [19/May/2026:15:11:46 +0000] "GET /1026142496?product=1025077890 HTTP/1.1" 200 6 "-" "Mozilla/5.0 (compatible; AhrefsBot/7.0; +http://ahrefs.com/robot/)"
135.181.166.38 - - [19/May/2026:15:11:46 +0000] "GET /111007851 HTTP/1.1" 200 2 "-" "Mozilla/5.0 (compatible; SERankingBacklinksBot/1.0; +https://seranking.com/backlinks-crawler)"
135.181.166.38 - - [19/May/2026:15:11:49 +0000] "GET /276037510 HTTP/1.1" 200 2 "-" "Mozilla/5.0 (compatible; SERankingBacklinksBot/1.0; +https://seranking.com/backlinks-crawler)"
142.44.225.81 - - [19/May/2026:15:11:54 +0000] "GET /1026116172?product=1025051594 HTTP/1.1" 200 6 "-" "Mozilla/5.0 (compatible; AhrefsBot/7.0; +http://ahrefs.com/robot/)"
135.181.166.38 - - [19/May/2026:15:11:55 +0000] "GET /005025437 HTTP/1.1" 200 2 "-" "Mozilla/5.0 (compatible; SERankingBacklinksBot/1.0; +https://seranking.com/backlinks-crawler)"
135.181.166.38 - - [19/May/2026:15:12:00 +0000] "GET /056004614 HTTP/1.1" 200 2 "-" "Mozilla/5.0 (compatible; SERankingBacklinksBot/1.0; +https://seranking.com/backlinks-crawler)"
15.235.27.1 - - [19/May/2026:15:12:02 +0000] "GET /1026111808?product=1025047234 HTTP/1.1" 200 6 "-" "Mozilla/5.0 (compatible; AhrefsBot/7.0; +http://ahrefs.com/robot/)"
135.181.166.38 - - [19/May/2026:15:12:04 +0000] "GET /166009222 HTTP/1.1" 200 2 "-" "Mozilla/5.0 (compatible; SERankingBacklinksBot/1.0; +https://seranking.com/backlinks-crawler)"
181.50.40.45 - - [19/May/2026:15:12:08 +0000] "GET /219007737 HTTP/1.1" 200 2 "-" "Mozilla/5.0 (Macintosh; Intel Mac OS X 14.3; rv:132.0) Gecko/20100101 Firefox/132.0"
135.181.166.38 - - [19/May/2026:15:12:08 +0000] "GET /221016883 HTTP/1.1" 200 2 "-" "Mozilla/5.0 (compatible; SERankingBacklinksBot/1.0; +https://seranking.com/backlinks-crawler)"
167.114.139.92 - - [19/May/2026:15:12:09 +0000] "GET /1026110723?product=1025046150 HTTP/1.1" 200 6 "-" "Mozilla/5.0 (compatible; AhrefsBot/7.0; +http://ahrefs.com/robot/)"
135.181.166.38 - - [19/May/2026:15:12:12 +0000] "GET /111008035 HTTP/1.1" 200 2 "-" "Mozilla/5.0 (compatible; SERankingBacklinksBot/1.0; +https://seranking.com/backlinks-crawler)"
54.39.0.34 - - [19/May/2026:15:12:15 +0000] "GET /1026089021?product=1025024470 HTTP/1.1" 200 6 "-" "Mozilla/5.0 (compatible; AhrefsBot/7.0; +http://ahrefs.com/robot/)"
135.181.166.38 - - [19/May/2026:15:12:16 +0000] "GET /276037568 HTTP/1.1" 200 2 "-" "Mozilla/5.0 (compatible; SERankingBacklinksBot/1.0; +https://seranking.com/backlinks-crawler)"
135.181.166.38 - - [19/May/2026:15:12:20 +0000] "GET /005025541 HTTP/1.1" 200 2 "-" "Mozilla/5.0 (compatible; SERankingBacklinksBot/1.0; +https://seranking.com/backlinks-crawler)"
51.161.37.42 - - [19/May/2026:15:12:25 +0000] "GET /1026084527?product=1025019982 HTTP/1.1" 200 6 "-" "Mozilla/5.0 (compatible; AhrefsBot/7.0; +http://ahrefs.com/robot/)"
135.181.166.38 - - [19/May/2026:15:12:29 +0000] "GET /056004886 HTTP/1.1" 200 2 "-" "Mozilla/5.0 (compatible; SERankingBacklinksBot/1.0; +https://seranking.com/backlinks-crawler)"
135.181.166.38 - - [19/May/2026:15:12:33 +0000] "GET /166009302 HTTP/1.1" 200 2 "-" "Mozilla/5.0 (compatible; SERankingBacklinksBot/1.0; +https://seranking.com/backlinks-crawler)"
15.235.96.96 - - [19/May/2026:15:12:34 +0000] "GET /1026080163?product=1025015622 HTTP/1.1" 200 6 "-" "Mozilla/5.0 (compatible; AhrefsBot/7.0; +http://ahrefs.com/robot/)"
14.187.214.50 - - [19/May/2026:15:12:36 +0000] "GET /219015923 HTTP/1.1" 200 2 "-" "Mozilla/5.0 (Macintosh; Intel Mac OS X 15.3; rv:134.0) Gecko/20100101 Firefox/134.0"
135.181.166.38 - - [19/May/2026:15:12:39 +0000] "GET /221016903 HTTP/1.1" 200 2 "-" "Mozilla/5.0 (compatible; SERankingBacklinksBot/1.0; +https://seranking.com/backlinks-crawler)"
54.39.136.158 - - [19/May/2026:15:12:41 +0000] "GET /1026051653?product=1024987142 HTTP/1.1" 200 6 "-" "Mozilla/5.0 (compatible; AhrefsBot/7.0; +http://ahrefs.com/robot/)"
135.181.166.38 - - [19/May/2026:15:12:43 +0000] "GET /111008089 HTTP/1.1" 200 2 "-" "Mozilla/5.0 (compatible; SERankingBacklinksBot/1.0; +https://seranking.com/backlinks-crawler)"
135.181.166.38 - - [19/May/2026:15:12:48 +0000] "GET /276037990 HTTP/1.1" 200 2 "-" "Mozilla/5.0 (compatible; SERankingBacklinksBot/1.0; +https://seranking.com/backlinks-crawler)"
142.44.220.107 - - [19/May/2026:15:12:48 +0000] "GET /1026017822?product=1024953346 HTTP/1.1" 200 6 "-" "Mozilla/5.0 (compatible; AhrefsBot/7.0; +http://ahrefs.com/robot/)"
135.181.166.38 - - [19/May/2026:15:12:53 +0000] "GET /005025591 HTTP/1.1" 200 2 "-" "Mozilla/5.0 (compatible; SERankingBacklinksBot/1.0; +https://seranking.com/backlinks-crawler)"
135.181.166.38 - - [19/May/2026:15:12:57 +0000] "GET /227028987 HTTP/1.1" 200 2 "-" "Mozilla/5.0 (compatible; SERankingBacklinksBot/1.0; +https://seranking.com/backlinks-crawler)"
135.181.166.38 - - [19/May/2026:15:13:05 +0000] "GET /056004960 HTTP/1.1" 200 2 "-" "Mozilla/5.0 (compatible; SERankingBacklinksBot/1.0; +https://seranking.com/backlinks-crawler)"
31.185.5.160 - - [19/May/2026:15:13:06 +0000] "GET /220044446 HTTP/1.1" 200 2 "-" "Mozilla/5.0 (Macintosh; U; PPC Mac OS X; en) AppleWebKit/312.5.1 (KHTML, like Gecko) Safari/125.9"
135.181.166.38 - - [19/May/2026:15:13:09 +0000] "GET /166009702 HTTP/1.1" 200 2 "-" "Mozilla/5.0 (compatible; SERankingBacklinksBot/1.0; +https://seranking.com/backlinks-crawler)"
153.3.233.69 - - [19/May/2026:15:13:09 +0000] "GET /q-~11BFS97Fs3IXS9Q1k3XPUR9rB49LWRdp13756/ HTTP/1.1" 200 2 "-" "Mozilla/5.0 (Windows NT 10.0; Win64; x64) AppleWebKit/537.36 (KHTML, like Gecko) Chrome/144.0.0.0 Safari/537.36"
135.181.166.38 - - [19/May/2026:15:13:16 +0000] "GET /221016937 HTTP/1.1" 200 2 "-" "Mozilla/5.0 (compatible; SERankingBacklinksBot/1.0; +https://seranking.com/backlinks-crawler)"
15.235.98.244 - - [19/May/2026:15:13:20 +0000] "GET /1025993814?product=1024929362 HTTP/1.1" 200 6 "-" "Mozilla/5.0 (compatible; AhrefsBot/7.0; +http://ahrefs.com/robot/)"
135.181.166.38 - - [19/May/2026:15:13:22 +0000] "GET /111008193 HTTP/1.1" 200 2 "-" "Mozilla/5.0 (compatible; SERankingBacklinksBot/1.0; +https://seranking.com/backlinks-crawler)"
152.42.254.190 - - [19/May/2026:15:13:22 +0000] "GET / HTTP/1.1" 200 2 "-" "Mozilla/5.0 (Windows NT 10.0; Win64; x64) AppleWebKit/537.36 (KHTML, like Gecko) Chrome/78.0.3904.108 Safari/537.36"
152.42.254.190 - - [19/May/2026:15:13:23 +0000] "GET / HTTP/1.1" 200 2 "-" "Mozilla/5.0 (Windows NT 10.0; Win64; x64) AppleWebKit/537.36 (KHTML, like Gecko) Chrome/78.0.3904.108 Safari/537.36"
152.42.254.190 - - [19/May/2026:15:13:23 +0000] "GET /wp-includes/wlwmanifest.xml HTTP/1.1" 200 2 "-" "Mozilla/5.0 (Windows NT 10.0; Win64; x64) AppleWebKit/537.36 (KHTML, like Gecko) Chrome/78.0.3904.108 Safari/537.36"
152.42.254.190 - - [19/May/2026:15:13:23 +0000] "GET /xmlrpc.php?rsd HTTP/1.1" 200 2 "-" "Mozilla/5.0 (Windows NT 10.0; Win64; x64) AppleWebKit/537.36 (KHTML, like Gecko) Chrome/78.0.3904.108 Safari/537.36"
152.42.254.190 - - [19/May/2026:15:13:23 +0000] "GET / HTTP/1.1" 200 2 "-" "Mozilla/5.0 (Windows NT 10.0; Win64; x64) AppleWebKit/537.36 (KHTML, like Gecko) Chrome/78.0.3904.108 Safari/537.36"
152.42.254.190 - - [19/May/2026:15:13:24 +0000] "GET /blog/wp-includes/wlwmanifest.xml HTTP/1.1" 200 2 "-" "Mozilla/5.0 (Windows NT 10.0; Win64; x64) AppleWebKit/537.36 (KHTML, like Gecko) Chrome/78.0.3904.108 Safari/537.36"
152.42.254.190 - - [19/May/2026:15:13:24 +0000] "GET /web/wp-includes/wlwmanifest.xml HTTP/1.1" 200 2 "-" "Mozilla/5.0 (Windows NT 10.0; Win64; x64) AppleWebKit/537.36 (KHTML, like Gecko) Chrome/78.0.3904.108 Safari/537.36"
152.42.254.190 - - [19/May/2026:15:13:24 +0000] "GET /wordpress/wp-includes/wlwmanifest.xml HTTP/1.1" 200 2 "-" "Mozilla/5.0 (Windows NT 10.0; Win64; x64) AppleWebKit/537.36 (KHTML, like Gecko) Chrome/78.0.3904.108 Safari/537.36"
152.42.254.190 - - [19/May/2026:15:13:24 +0000] "GET /website/wp-includes/wlwmanifest.xml HTTP/1.1" 200 2 "-" "Mozilla/5.0 (Windows NT 10.0; Win64; x64) AppleWebKit/537.36 (KHTML, like Gecko) Chrome/78.0.3904.108 Safari/537.36"
152.42.254.190 - - [19/May/2026:15:13:25 +0000] "GET /wp/wp-includes/wlwmanifest.xml HTTP/1.1" 200 2 "-" "Mozilla/5.0 (Windows NT 10.0; Win64; x64) AppleWebKit/537.36 (KHTML, like Gecko) Chrome/78.0.3904.108 Safari/537.36"
152.42.254.190 - - [19/May/2026:15:13:25 +0000] "GET /news/wp-includes/wlwmanifest.xml HTTP/1.1" 200 2 "-" "Mozilla/5.0 (Windows NT 10.0; Win64; x64) AppleWebKit/537.36 (KHTML, like Gecko) Chrome/78.0.3904.108 Safari/537.36"
152.42.254.190 - - [19/May/2026:15:13:25 +0000] "GET /2018/wp-includes/wlwmanifest.xml HTTP/1.1" 200 2 "-" "Mozilla/5.0 (Windows NT 10.0; Win64; x64) AppleWebKit/537.36 (KHTML, like Gecko) Chrome/78.0.3904.108 Safari/537.36"
152.42.254.190 - - [19/May/2026:15:13:25 +0000] "GET /2019/wp-includes/wlwmanifest.xml HTTP/1.1" 200 2 "-" "Mozilla/5.0 (Windows NT 10.0; Win64; x64) AppleWebKit/537.36 (KHTML, like Gecko) Chrome/78.0.3904.108 Safari/537.36"
152.42.254.190 - - [19/May/2026:15:13:26 +0000] "GET /shop/wp-includes/wlwmanifest.xml HTTP/1.1" 200 2 "-" "Mozilla/5.0 (Windows NT 10.0; Win64; x64) AppleWebKit/537.36 (KHTML, like Gecko) Chrome/78.0.3904.108 Safari/537.36"
152.42.254.190 - - [19/May/2026:15:13:26 +0000] "GET /wp1/wp-includes/wlwmanifest.xml HTTP/1.1" 200 2 "-" "Mozilla/5.0 (Windows NT 10.0; Win64; x64) AppleWebKit/537.36 (KHTML, like Gecko) Chrome/78.0.3904.108 Safari/537.36"
152.42.254.190 - - [19/May/2026:15:13:26 +0000] "GET /test/wp-includes/wlwmanifest.xml HTTP/1.1" 200 2 "-" "Mozilla/5.0 (Windows NT 10.0; Win64; x64) AppleWebKit/537.36 (KHTML, like Gecko) Chrome/78.0.3904.108 Safari/537.36"
152.42.254.190 - - [19/May/2026:15:13:27 +0000] "GET /media/wp-includes/wlwmanifest.xml HTTP/1.1" 200 2 "-" "Mozilla/5.0 (Windows NT 10.0; Win64; x64) AppleWebKit/537.36 (KHTML, like Gecko) Chrome/78.0.3904.108 Safari/537.36"
152.42.254.190 - - [19/May/2026:15:13:27 +0000] "GET /wp2/wp-includes/wlwmanifest.xml HTTP/1.1" 200 2 "-" "Mozilla/5.0 (Windows NT 10.0; Win64; x64) AppleWebKit/537.36 (KHTML, like Gecko) Chrome/78.0.3904.108 Safari/537.36"
152.42.254.190 - - [19/May/2026:15:13:27 +0000] "GET /site/wp-includes/wlwmanifest.xml HTTP/1.1" 200 2 "-" "Mozilla/5.0 (Windows NT 10.0; Win64; x64) AppleWebKit/537.36 (KHTML, like Gecko) Chrome/78.0.3904.108 Safari/537.36"
152.42.254.190 - - [19/May/2026:15:13:27 +0000] "GET /cms/wp-includes/wlwmanifest.xml HTTP/1.1" 200 2 "-" "Mozilla/5.0 (Windows NT 10.0; Win64; x64) AppleWebKit/537.36 (KHTML, like Gecko) Chrome/78.0.3904.108 Safari/537.36"
152.42.254.190 - - [19/May/2026:15:13:28 +0000] "GET /sito/wp-includes/wlwmanifest.xml HTTP/1.1" 200 2 "-" "Mozilla/5.0 (Windows NT 10.0; Win64; x64) AppleWebKit/537.36 (KHTML, like Gecko) Chrome/78.0.3904.108 Safari/537.36"
135.181.166.38 - - [19/May/2026:15:13:28 +0000] "GET /276037994 HTTP/1.1" 200 2 "-" "Mozilla/5.0 (compatible; SERankingBacklinksBot/1.0; +https://seranking.com/backlinks-crawler)"
135.181.166.38 - - [19/May/2026:15:13:32 +0000] "GET /005025593 HTTP/1.1" 200 2 "-" "Mozilla/5.0 (compatible; SERankingBacklinksBot/1.0; +https://seranking.com/backlinks-crawler)"
14.191.211.57 - - [19/May/2026:15:13:35 +0000] "GET /224031874 HTTP/1.1" 200 2 "-" "Mozilla/5.0 (Macintosh; Intel Mac OS X 14.4; rv:127.0) Gecko/20100101 Firefox/127.0"
15.235.98.98 - - [19/May/2026:15:13:37 +0000] "GET /1025976348?product=1024911914 HTTP/1.1" 200 6 "-" "Mozilla/5.0 (compatible; AhrefsBot/7.0; +http://ahrefs.com/robot/)"
135.181.166.38 - - [19/May/2026:15:13:38 +0000] "GET /056005024 HTTP/1.1" 200 2 "-" "Mozilla/5.0 (compatible; SERankingBacklinksBot/1.0; +https://seranking.com/backlinks-crawler)"
135.181.166.38 - - [19/May/2026:15:13:42 +0000] "GET /166009736 HTTP/1.1" 200 2 "-" "Mozilla/5.0 (compatible; SERankingBacklinksBot/1.0; +https://seranking.com/backlinks-crawler)"
135.181.166.38 - - [19/May/2026:15:13:49 +0000] "GET /221017087 HTTP/1.1" 200 2 "-" "Mozilla/5.0 (compatible; SERankingBacklinksBot/1.0; +https://seranking.com/backlinks-crawler)"
135.181.166.38 - - [19/May/2026:15:13:53 +0000] "GET /111008253 HTTP/1.1" 200 2 "-" "Mozilla/5.0 (compatible; SERankingBacklinksBot/1.0; +https://seranking.com/backlinks-crawler)"
135.181.166.38 - - [19/May/2026:15:13:58 +0000] "GET /276038038 HTTP/1.1" 200 2 "-" "Mozilla/5.0 (compatible; SERankingBacklinksBot/1.0; +https://seranking.com/backlinks-crawler)"
135.181.166.38 - - [19/May/2026:15:14:02 +0000] "GET /005025623 HTTP/1.1" 200 2 "-" "Mozilla/5.0 (compatible; SERankingBacklinksBot/1.0; +https://seranking.com/backlinks-crawler)"
101.108.73.218 - - [19/May/2026:15:14:03 +0000] "GET /224047916 HTTP/1.1" 200 2 "-" "Mozilla/5.0 (Macintosh; Intel Mac OS X 13_5_2) AppleWebKit/537.36 (KHTML, like Gecko) Chrome/129.0.6668.100 Safari/537.36"
135.181.166.38 - - [19/May/2026:15:14:06 +0000] "GET /056005162 HTTP/1.1" 200 2 "-" "Mozilla/5.0 (compatible; SERankingBacklinksBot/1.0; +https://seranking.com/backlinks-crawler)"
135.181.166.38 - - [19/May/2026:15:14:11 +0000] "GET /166009810 HTTP/1.1" 200 2 "-" "Mozilla/5.0 (compatible; SERankingBacklinksBot/1.0; +https://seranking.com/backlinks-crawler)"
135.181.166.38 - - [19/May/2026:15:14:15 +0000] "GET /221017511 HTTP/1.1" 200 2 "-" "Mozilla/5.0 (compatible; SERankingBacklinksBot/1.0; +https://seranking.com/backlinks-crawler)"
135.181.166.38 - - [19/May/2026:15:14:20 +0000] "GET /111008283 HTTP/1.1" 200 2 "-" "Mozilla/5.0 (compatible; SERankingBacklinksBot/1.0; +https://seranking.com/backlinks-crawler)"
135.181.166.38 - - [19/May/2026:15:14:25 +0000] "GET /276038432 HTTP/1.1" 200 2 "-" "Mozilla/5.0 (compatible; SERankingBacklinksBot/1.0; +https://seranking.com/backlinks-crawler)"
135.181.166.38 - - [19/May/2026:15:14:29 +0000] "GET /005025673 HTTP/1.1" 200 2 "-" "Mozilla/5.0 (compatible; SERankingBacklinksBot/1.0; +https://seranking.com/backlinks-crawler)"
87.235.96.183 - - [19/May/2026:15:14:32 +0000] "GET /226042300 HTTP/1.1" 200 2 "-" "Mozilla/5.0 (Macintosh; Intel Mac OS X 11.2; rv:129.0) Gecko/20100101 Firefox/129.0"
135.181.166.38 - - [19/May/2026:15:14:33 +0000] "GET /056005426 HTTP/1.1" 200 2 "-" "Mozilla/5.0 (compatible; SERankingBacklinksBot/1.0; +https://seranking.com/backlinks-crawler)"
135.181.166.38 - - [19/May/2026:15:14:40 +0000] "GET /166010210 HTTP/1.1" 200 2 "-" "Mozilla/5.0 (compatible; SERankingBacklinksBot/1.0; +https://seranking.com/backlinks-crawler)"
135.181.166.38 - - [19/May/2026:15:14:45 +0000] "GET /221018105 HTTP/1.1" 200 2 "-" "Mozilla/5.0 (compatible; SERankingBacklinksBot/1.0; +https://seranking.com/backlinks-crawler)"
135.181.166.38 - - [19/May/2026:15:14:55 +0000] "GET /111008431 HTTP/1.1" 200 2 "-" "Mozilla/5.0 (compatible; SERankingBacklinksBot/1.0; +https://seranking.com/backlinks-crawler)"
14.240.48.121 - - [19/May/2026:15:15:01 +0000] "GET /227014657 HTTP/1.1" 200 2 "-" "Mozilla/5.0 (Macintosh; Intel Mac OS X 12.7; rv:133.0) Gecko/20100101 Firefox/133.0"
135.181.166.38 - - [19/May/2026:15:15:02 +0000] "GET /276038512 HTTP/1.1" 200 2 "-" "Mozilla/5.0 (compatible; SERankingBacklinksBot/1.0; +https://seranking.com/backlinks-crawler)"
135.181.166.38 - - [19/May/2026:15:15:14 +0000] "GET /005026161 HTTP/1.1" 200 2 "-" "Mozilla/5.0 (compatible; SERankingBacklinksBot/1.0; +https://seranking.com/backlinks-crawler)"
135.181.166.38 - - [19/May/2026:15:15:18 +0000] "GET /056005570 HTTP/1.1" 200 2 "-" "Mozilla/5.0 (compatible; SERankingBacklinksBot/1.0; +https://seranking.com/backlinks-crawler)"
135.181.166.38 - - [19/May/2026:15:15:22 +0000] "GET /166010338 HTTP/1.1" 200 2 "-" "Mozilla/5.0 (compatible; SERankingBacklinksBot/1.0; +https://seranking.com/backlinks-crawler)"
146.174.184.45 - - [19/May/2026:15:15:31 +0000] "GET /236005830 HTTP/1.1" 200 2 "-" "Mozilla/5.0 (Windows NT 10.0; Win64; x64) AppleWebKit/537.36 (KHTML, like Gecko) Chrome/126.0.6478.126 Safari/537.36"
135.181.166.38 - - [19/May/2026:15:15:33 +0000] "GET /221018219 HTTP/1.1" 200 2 "-" "Mozilla/5.0 (compatible; SERankingBacklinksBot/1.0; +https://seranking.com/backlinks-crawler)"
135.181.166.38 - - [19/May/2026:15:15:37 +0000] "GET /111008565 HTTP/1.1" 200 2 "-" "Mozilla/5.0 (compatible; SERankingBacklinksBot/1.0; +https://seranking.com/backlinks-crawler)"
135.181.166.38 - - [19/May/2026:15:15:44 +0000] "GET /276039008 HTTP/1.1" 200 2 "-" "Mozilla/5.0 (compatible; SERankingBacklinksBot/1.0; +https://seranking.com/backlinks-crawler)"
113.180.173.152 - - [19/May/2026:15:15:49 +0000] "GET /sitemap904.xml HTTP/1.1" 200 2 "-" "Mozilla/5.0 (Macintosh; Intel Mac OS X 14.3; rv:132.0) Gecko/20100101 Firefox/132.0"
135.181.166.38 - - [19/May/2026:15:15:50 +0000] "GET /005027373 HTTP/1.1" 200 2 "-" "Mozilla/5.0 (compatible; SERankingBacklinksBot/1.0; +https://seranking.com/backlinks-crawler)"
135.181.166.38 - - [19/May/2026:15:15:56 +0000] "GET /056005598 HTTP/1.1" 200 2 "-" "Mozilla/5.0 (compatible; SERankingBacklinksBot/1.0; +https://seranking.com/backlinks-crawler)"
146.174.167.134 - - [19/May/2026:15:15:59 +0000] "GET /238013228 HTTP/1.1" 200 2 "-" "Mozilla/5.0 (Windows NT 10.0; Win64; x64) AppleWebKit/537.36 (KHTML, like Gecko) Chrome/132.0.6834.110 Safari/537.36"
135.181.166.38 - - [19/May/2026:15:16:04 +0000] "GET /166010420 HTTP/1.1" 200 2 "-" "Mozilla/5.0 (compatible; SERankingBacklinksBot/1.0; +https://seranking.com/backlinks-crawler)"
135.181.166.38 - - [19/May/2026:15:16:08 +0000] "GET /221018373 HTTP/1.1" 200 2 "-" "Mozilla/5.0 (compatible; SERankingBacklinksBot/1.0; +https://seranking.com/backlinks-crawler)"
135.181.166.38 - - [19/May/2026:15:16:13 +0000] "GET /111008851 HTTP/1.1" 200 2 "-" "Mozilla/5.0 (compatible; SERankingBacklinksBot/1.0; +https://seranking.com/backlinks-crawler)"
135.181.166.38 - - [19/May/2026:15:16:17 +0000] "GET /276039138 HTTP/1.1" 200 2 "-" "Mozilla/5.0 (compatible; SERankingBacklinksBot/1.0; +https://seranking.com/backlinks-crawler)"
135.181.166.38 - - [19/May/2026:15:16:23 +0000] "GET /005027395 HTTP/1.1" 200 2 "-" "Mozilla/5.0 (compatible; SERankingBacklinksBot/1.0; +https://seranking.com/backlinks-crawler)"
14.172.250.94 - - [19/May/2026:15:16:28 +0000] "GET /241006139 HTTP/1.1" 200 2 "-" "Mozilla/5.0 (Macintosh; Intel Mac OS X 10_15_7) AppleWebKit/537.36 (KHTML, like Gecko) Chrome/130.0.6723.69 Safari/537.36"
135.181.166.38 - - [19/May/2026:15:16:29 +0000] "GET /056005734 HTTP/1.1" 200 2 "-" "Mozilla/5.0 (compatible; SERankingBacklinksBot/1.0; +https://seranking.com/backlinks-crawler)"
135.181.166.38 - - [19/May/2026:15:16:36 +0000] "GET /166010446 HTTP/1.1" 200 2 "-" "Mozilla/5.0 (compatible; SERankingBacklinksBot/1.0; +https://seranking.com/backlinks-crawler)"
135.181.166.38 - - [19/May/2026:15:16:41 +0000] "GET /221018437 HTTP/1.1" 200 2 "-" "Mozilla/5.0 (compatible; SERankingBacklinksBot/1.0; +https://seranking.com/backlinks-crawler)"
135.181.166.38 - - [19/May/2026:15:16:45 +0000] "GET /111008977 HTTP/1.1" 200 2 "-" "Mozilla/5.0 (compatible; SERankingBacklinksBot/1.0; +https://seranking.com/backlinks-crawler)"
52.167.144.220 - - [19/May/2026:15:16:49 +0000] "GET /4251638320?product=4247224290 HTTP/1.1" 200 6 "-" "Mozilla/5.0 AppleWebKit/537.36 (KHTML, like Gecko; compatible; bingbot/2.0; +http://www.bing.com/bingbot.htm) Chrome/116.0.1938.76 Safari/537.36"
135.181.166.38 - - [19/May/2026:15:16:50 +0000] "GET /276039200 HTTP/1.1" 200 2 "-" "Mozilla/5.0 (compatible; SERankingBacklinksBot/1.0; +https://seranking.com/backlinks-crawler)"
135.181.166.38 - - [19/May/2026:15:16:55 +0000] "GET /005027759 HTTP/1.1" 200 2 "-" "Mozilla/5.0 (compatible; SERankingBacklinksBot/1.0; +https://seranking.com/backlinks-crawler)"
113.189.104.53 - - [19/May/2026:15:16:57 +0000] "GET /241014657 HTTP/1.1" 200 2 "-" "Mozilla/5.0 (Macintosh; Intel Mac OS X 11_7_0) AppleWebKit/537.36 (KHTML, like Gecko) Chrome/129.0.6668.29 Safari/537.36"
135.181.166.38 - - [19/May/2026:15:16:59 +0000] "GET /056005814 HTTP/1.1" 200 2 "-" "Mozilla/5.0 (compatible; SERankingBacklinksBot/1.0; +https://seranking.com/backlinks-crawler)"
135.181.166.38 - - [19/May/2026:15:17:03 +0000] "GET /166010602 HTTP/1.1" 200 2 "-" "Mozilla/5.0 (compatible; SERankingBacklinksBot/1.0; +https://seranking.com/backlinks-crawler)"
135.181.166.38 - - [19/May/2026:15:17:09 +0000] "GET /221018465 HTTP/1.1" 200 2 "-" "Mozilla/5.0 (compatible; SERankingBacklinksBot/1.0; +https://seranking.com/backlinks-crawler)"
135.181.166.38 - - [19/May/2026:15:17:15 +0000] "GET /111009417 HTTP/1.1" 200 2 "-" "Mozilla/5.0 (compatible; SERankingBacklinksBot/1.0; +https://seranking.com/backlinks-crawler)"
216.244.66.241 - - [19/May/2026:15:17:16 +0000] "GET /goto?target=eyJpdiI6IjkzSmFxRHpZZy8wMkRBU1hhaHRVdWc9PSIsInZhbHVlIjoiMy8xdE5ibWMrMGgwRGZtL0pIUVFQd0lrNDFmb2JMVUZqVmgyNlhnUDdHamp0cU1Hb2ZUb1VuR2tNcXFuL3ZBNiIsIm1hYyI6IjMyOGNkY2UxY2M4YmQ3MmNlMjg0MTgzNDhkYTE1ZTYxYzE4OTQ3OTVhODVmMDBkNDEzZGQyYzRkMDE5MTBlZDIiLCJ0YWciOiIifQ%3D%3D&category=1&app=adirondackinabox.com&jeib=a&kgej=2687 HTTP/1.1" 200 2 "-" "Mozilla/5.0 (compatible; DotBot/1.2; +https://opensiteexplorer.org/dotbot; help@moz.com)"
216.244.66.241 - - [19/May/2026:15:17:21 +0000] "GET /goto?target=eyJpdiI6Ik5mYXBrZDdZZnBWVXExU0ZGNmJQZ3c9PSIsInZhbHVlIjoiTVNRdFhuMDM4ZUNDL0Z1SUtya0lZSEV6MEdBbHhWR2RRYnhaNGlZM2gxRmN3VnFMQkFtL3pLRFh3eEVsQUgvUiIsIm1hYyI6IjA4N2EzOTAwNmU0ZjM1NjcwZjlhMzQ4NDdkZjE0ZGYwMmJiMzAzY2U5ZGE5MDA1MzRlZDFjZmZmZGEwZjFiMTAiLCJ0YWciOiIifQ%3D%3D&category=1&app=adirondackinabox.com&jeib=a&kgej=2090 HTTP/1.1" 200 2 "-" "Mozilla/5.0 (compatible; DotBot/1.2; +https://opensiteexplorer.org/dotbot; help@moz.com)"
135.181.166.38 - - [19/May/2026:15:17:22 +0000] "GET /276039216 HTTP/1.1" 200 2 "-" "Mozilla/5.0 (compatible; SERankingBacklinksBot/1.0; +https://seranking.com/backlinks-crawler)"
216.244.66.241 - - [19/May/2026:15:17:25 +0000] "GET /goto?target=eyJpdiI6IkdJaWgxYktMejhWd002UHlpckpPRGc9PSIsInZhbHVlIjoidEl4VURlZno5MFlkOHNlQkJpYmp5ZlcvY1JIK2UxRVY1ZG9mcm5KUE1HcVNjMEIyMUVvOGtTdkpFa3MycThzdiIsIm1hYyI6IjA3ODliNzFjNTJiYTUwZjhhNjRmNzBhMmUyMDExNDA5Y2IyMTQ0NDBiYmIyYWRjZTllZGM1YTIzYTNiZjcxNjYiLCJ0YWciOiIifQ%3D%3D&category=1&app=adirondackinabox.com&jeib=a&kgej=1942 HTTP/1.1" 200 2 "-" "Mozilla/5.0 (compatible; DotBot/1.2; +https://opensiteexplorer.org/dotbot; help@moz.com)"
135.181.166.38 - - [19/May/2026:15:17:27 +0000] "GET /005028391 HTTP/1.1" 200 2 "-" "Mozilla/5.0 (compatible; SERankingBacklinksBot/1.0; +https://seranking.com/backlinks-crawler)"
216.244.66.241 - - [19/May/2026:15:17:28 +0000] "GET /goto?target=eyJpdiI6ImVndGZJY0JaSFN4RDg3ZkY1dXB6UHc9PSIsInZhbHVlIjoiNENOZHVqRzlRZklVRmEvOWF5MU4zTnVZSmg1cEZXTlNLK2RycTdvUUgxWVJIVTRFS2NXcEk0b0VYL0xmZ2lnSiIsIm1hYyI6ImYxODczM2YwMTk3YjI5YmQwY2JhZmQ5NGZkNDMxYmZiNWYzOTE5NjI4NzNhMjFhZDdiYmI3NTE4ZmJkZWVjZWQiLCJ0YWciOiIifQ%3D%3D&category=1&app=adirondackinabox.com&jeib=a&kgej=1988 HTTP/1.1" 200 2 "-" "Mozilla/5.0 (compatible; DotBot/1.2; +https://opensiteexplorer.org/dotbot; help@moz.com)"
216.244.66.241 - - [19/May/2026:15:17:31 +0000] "GET /goto?target=eyJpdiI6ImcrMWl2YVVURmxDQzNpWjNXY1JoUGc9PSIsInZhbHVlIjoiTXk1R0QrQXJNcjlwa2JPbGVvRVFlUDFUQXdmRitYKy9rdVRjc0dUdXZNMG4yN1lLeVhHYUhBcnZyMDA1QnhZMyIsIm1hYyI6IjRkOTMxNDhiY2RiMjU5ODgyYmUwMjczNjgwOWU5YmZhMjIyYmNlZDMxYzU0ZDQ0OGVmMGZjZDJlZmI0YzZkODYiLCJ0YWciOiIifQ%3D%3D&category=1&app=adirondackinabox.com&jeib=a&kgej=122 HTTP/1.1" 200 2 "-" "Mozilla/5.0 (compatible; DotBot/1.2; +https://opensiteexplorer.org/dotbot; help@moz.com)"
135.181.166.38 - - [19/May/2026:15:17:32 +0000] "GET /056005862 HTTP/1.1" 200 2 "-" "Mozilla/5.0 (compatible; SERankingBacklinksBot/1.0; +https://seranking.com/backlinks-crawler)"
93.56.142.191 - - [19/May/2026:15:17:32 +0000] "GET /241019455 HTTP/1.1" 200 2 "-" "Mozilla/5.0 (Macintosh; Intel Mac OS X 14_5_1) AppleWebKit/537.36 (KHTML, like Gecko) Chrome/130.0.6723.191 Safari/537.36"
216.244.66.241 - - [19/May/2026:15:17:33 +0000] "GET /goto?target=eyJpdiI6ImtFYXc1YXZzQlVaT0RNS1RwcTdVUXc9PSIsInZhbHVlIjoiN2ZheFlyNTlPNkdqaWVMOC9OMEIvSmhSVFVWNzlWejgyNUlWNktBaDN1QktCeWl6eC8vOU9WZEdTdUQvY0FNOCIsIm1hYyI6ImViZGYxNTlhYWQ3YThmNDMzOTY2N2FhOGYxMGM4NzNjZDFkODEzMTdjYTQ0ZDkzMGJjMzU1OWRiYzNhZTA5NzUiLCJ0YWciOiIifQ%3D%3D&category=1&app=adirondackinabox.com&jeib=a&kgej=58 HTTP/1.1" 200 2 "-" "Mozilla/5.0 (compatible; DotBot/1.2; +https://opensiteexplorer.org/dotbot; help@moz.com)"
216.244.66.241 - - [19/May/2026:15:17:35 +0000] "GET /goto?target=eyJpdiI6InMxd2FIQlptYllsMWFzd0R6aWtocHc9PSIsInZhbHVlIjoiS05YVG1pSWY4L1hnSS91RXQ1R1RRNFZ3Y3BPS3dUb3F6SWxZdlZIb3pkOWV3S09RaWtwR3ZKendjMm4wVXhBYSIsIm1hYyI6IjNjZWIxZWQxZWQ2NzhiMjJkYTYyMmE1YzhkZTgzOTljYWJmYzY2MjljMDlmZWE3YjU4ZGI0ZTgyNzljYTdlZWIiLCJ0YWciOiIifQ%3D%3D&category=1&app=adirondackinabox.com&jeib=a&kgej=2011 HTTP/1.1" 200 2 "-" "Mozilla/5.0 (compatible; DotBot/1.2; +https://opensiteexplorer.org/dotbot; help@moz.com)"
216.244.66.241 - - [19/May/2026:15:17:36 +0000] "GET /goto?target=eyJpdiI6Inhya1Mvb3dMZjkyOEJQRTZYSGtWd0E9PSIsInZhbHVlIjoiM05rMExjVE5ROHI2d05FQTJRQlc3ZENPN044ZEhEdWxYbWFLRm9BMGIrNG0wWjVPamRRZk42OUd5aWcwN0dXcSIsIm1hYyI6IjZiMmU5OTVhOGE0M2I0OTNmN2E1MTU5YTc1MDljZGMxMjhhZTdmY2ExNjQ1ODI5ODY4NTc4Y2IyOGNiMWY3MmYiLCJ0YWciOiIifQ%3D%3D&category=1&app=adirondackinabox.com&jeib=a&kgej=243 HTTP/1.1" 200 2 "-" "Mozilla/5.0 (compatible; DotBot/1.2; +https://opensiteexplorer.org/dotbot; help@moz.com)"
135.181.166.38 - - [19/May/2026:15:17:37 +0000] "GET /166010878 HTTP/1.1" 200 2 "-" "Mozilla/5.0 (compatible; SERankingBacklinksBot/1.0; +https://seranking.com/backlinks-crawler)"
216.244.66.241 - - [19/May/2026:15:17:38 +0000] "GET /goto?target=eyJpdiI6Ii84Qjl3R3gvdFVsVFhhOGRqWCs3SFE9PSIsInZhbHVlIjoiOWl4OER3UjNQTVlHZUVuTHBTR05tR1p0RU9YYndLTFI1NE9DTjZ1S1dINDlQZXdvczFrZDFtRGN5TzYwb3B6Q3cvNnI4Zk5IdGpiODJIbzBzTXpmaGc9PSIsIm1hYyI6IjdjNmVkNjZiMmUyYzg3MzQzZDAxN2FkMmM4MWU4NmVhNjBiODkyYzNjODUyYjZmN2FjOWMwOGQ5MjMzNGIzMjMiLCJ0YWciOiIifQ%3D%3D&category=1&app=adirondackinabox.com&jeib=a&kgej=1949 HTTP/1.1" 200 2 "-" "Mozilla/5.0 (compatible; DotBot/1.2; +https://opensiteexplorer.org/dotbot; help@moz.com)"
216.244.66.241 - - [19/May/2026:15:17:39 +0000] "GET /goto?target=eyJpdiI6IitYQWZVbXpCSi9HdERIU1VmWWZXZUE9PSIsInZhbHVlIjoiVmppR0tiZEFpU0lYa3hSalYrOStxZG9MVHNZdVB5ek9vL0pMT3NaU0FSUXFFRjRid2FEOUJWbDlmSUJkOFI0V2dUMkJOd2xidVN4ZU16TE5sU3IzZVE9PSIsIm1hYyI6ImE1NDRlMDdkMmMyYjg0NWNmODg4NTk2MzZmNzY0NWFlNjA3OTljMWQ5ZTc4MWIyMjIxNjU2M2U4OTc1YmIxMGYiLCJ0YWciOiIifQ%3D%3D&category=1&app=adirondackinabox.com&jeib=a&kgej=779 HTTP/1.1" 200 2 "-" "Mozilla/5.0 (compatible; DotBot/1.2; +https://opensiteexplorer.org/dotbot; help@moz.com)"
216.244.66.241 - - [19/May/2026:15:17:40 +0000] "GET /goto?target=eyJpdiI6IjNxajlKMEd6eTlROGlrcVJXZzQ2Q1E9PSIsInZhbHVlIjoiZStWL1BzRW4xWVJuV3FDeWZrYXc1UGRTeFlQbENlMTFDcGpnU1hiUW9zSHlQZldZcjllUEprQWNxbkVFbVJsOEVFU1JGUXF5ZVJIOUlwK3NmSzJxNHc9PSIsIm1hYyI6ImRiNDZkNTdkMTNkYmI4YmViZjM1NDQzZDQxMWRhMjM0N2VkOWYwODIyMWM3OGM2YmQ5OTM4NzUxMjgxNzIxZmIiLCJ0YWciOiIifQ%3D%3D&category=1&app=adirondackinabox.com&jeib=a&kgej=2127 HTTP/1.1" 200 2 "-" "Mozilla/5.0 (compatible; DotBot/1.2; +https://opensiteexplorer.org/dotbot; help@moz.com)"
216.244.66.241 - - [19/May/2026:15:17:41 +0000] "GET /goto?target=eyJpdiI6IjRPYnlOWXR3RXBVMk5RRDBzSDA5bXc9PSIsInZhbHVlIjoiVG40Qjd0S3EwakFkNERsM1huN2ZicXlSY0VoWG0yR014UThXaHdaOGZCY2xtU3lGcTduelUrVURSU0J0WG13SGE5amI4MlZydVRZSzA3dCtSaHp0TWc9PSIsIm1hYyI6ImI4OTcyM2YyODdiOWZhZjhkZjA1MjZlZmQxZGJiOTMyZDZlZTFmYzdmOTU0ZGUwNzE3NGFiZWM1NTJlMjdlYTUiLCJ0YWciOiIifQ%3D%3D&category=1&app=adirondackinabox.com&jeib=a&kgej=812 HTTP/1.1" 200 2 "-" "Mozilla/5.0 (compatible; DotBot/1.2; +https://opensiteexplorer.org/dotbot; help@moz.com)"
135.181.166.38 - - [19/May/2026:15:17:41 +0000] "GET /221018497 HTTP/1.1" 200 2 "-" "Mozilla/5.0 (compatible; SERankingBacklinksBot/1.0; +https://seranking.com/backlinks-crawler)"
216.244.66.241 - - [19/May/2026:15:17:42 +0000] "GET /goto?target=eyJpdiI6IjVWK0hjU2g2SW1hRjJFbDFsc1VxMFE9PSIsInZhbHVlIjoiSjZWNHVwK1JrcVQ2K3FhRG1ncVFiTWFHcyswYi9Ub1ZkVkd5VnY1VUlPdjYrTWtzWkxXWGtqUDNhU0ZQR2loQTFIUUhhdGpOUDk1cVFrYkZHazY5a1E9PSIsIm1hYyI6IjE1N2NmNDE0ODQ0ZGFkZDVjNTU4NTA1MjI0ODFmOTI1MWJkNzA3ZGRkN2VkZjRhYjBhNGYyYzVlMWYwNjZlZGIiLCJ0YWciOiIifQ%3D%3D&category=1&app=adirondackinabox.com&jeib=a&kgej=1476 HTTP/1.1" 200 2 "-" "Mozilla/5.0 (compatible; DotBot/1.2; +https://opensiteexplorer.org/dotbot; help@moz.com)"
216.244.66.241 - - [19/May/2026:15:17:42 +0000] "GET /goto?target=eyJpdiI6IjVld2RNOGRpUnB3cDRUbUp6bG5EbFE9PSIsInZhbHVlIjoid3E1SEIvV0tMeHVoOTkvOUdFMTQ1MDh5aGhxOUFDZTVoSlFJT1RtTS9hd3I4Z29KbFp3djZ0WjgrUXJpT2Q5Y2xKYjFEa1dkbDJGY0dFVGtUWDY3WVE9PSIsIm1hYyI6IjBiMzE3NmRhZTg0NDJkMzAwNTg5ZTA5MjQzMGJjOGYzNmJkMTUwNTAyNmIxM2MwZjA1ZWQ4ZDhkYzA0ODkyM2QiLCJ0YWciOiIifQ%3D%3D&category=1&app=adirondackinabox.com&jeib=a&kgej=568 HTTP/1.1" 200 2 "-" "Mozilla/5.0 (compatible; DotBot/1.2; +https://opensiteexplorer.org/dotbot; help@moz.com)"
216.244.66.241 - - [19/May/2026:15:17:43 +0000] "GET /goto?target=eyJpdiI6IjZLd3Ewdy8xV0FoME5ydmZnNTUvS2c9PSIsInZhbHVlIjoicnM4ako2aUllVDBybFJHZmlSYzc4ZUQvU2dUVllFYjdGd2UrNE9Gc2VnSlgxaEVjaG01NUlZeElRRVk1MHI2N0VscVVIb3BuUElUd1dDYUxXNkVjSkE9PSIsIm1hYyI6IjM2ZTNiMmYyMWQ1NjBmZWI5ZGQ3NzYyYjc0OWY4MDNjOWE1MWJjYTQ3YzBhNDNjNTBkOTJkNDIxMDg5ZjkwODIiLCJ0YWciOiIifQ%3D%3D&category=1&app=adirondackinabox.com&jeib=a&kgej=2103 HTTP/1.1" 200 2 "-" "Mozilla/5.0 (compatible; DotBot/1.2; +https://opensiteexplorer.org/dotbot; help@moz.com)"
216.244.66.241 - - [19/May/2026:15:17:44 +0000] "GET /goto?target=eyJpdiI6IjZNY1d4d3JtL2RIUmJ1eXVvdVJWeEE9PSIsInZhbHVlIjoiN0JNejJsZjdUT1ZxTktaWWMwWGV5eTJ2N0lwR3BUcVdMN2sybWdjcHkzZWl0MlF1VE9udHdJcVRzSFpaajNJYXBNMzNwVnlHMW03cFZoV0wyRGpVeHc9PSIsIm1hYyI6IjFjMzliMWFhMzQ2YjkxMDI3MDY1YTZmYTA0NDc1OGUyYjAwNzViZjk3YmQzZGVkN2RjNmM3OWRkNGE2ZTY5Y2UiLCJ0YWciOiIifQ%3D%3D&category=1&app=adirondackinabox.com&jeib=a&kgej=2130 HTTP/1.1" 200 2 "-" "Mozilla/5.0 (compatible; DotBot/1.2; +https://opensiteexplorer.org/dotbot; help@moz.com)"
216.244.66.241 - - [19/May/2026:15:17:44 +0000] "GET /goto?target=eyJpdiI6IkF4bWkxa2laRDhNUDhwREUvMVd3L2c9PSIsInZhbHVlIjoiZXBXdUFsWUxEdkdyWnlBS2VBMVA3cDRpR01zTzFlSVBCRTA1M2tHUHVETklSQVZxclpVZEZKRnQzRDlBTFJ3NnFTQmdjbmNmV3l5Mm92bmhtZ2dsTVE9PSIsIm1hYyI6IjY2YmVmNDJlNmQyNWE3MmJkYjI3MjQ3N2RlYTk5MDhiMmVkMGNhZjg0MDg2ZTZlZjVmY2Y3Y2IyNzdlNDY2NmYiLCJ0YWciOiIifQ%3D%3D&category=1&app=adirondackinabox.com&jeib=a&kgej=2175 HTTP/1.1" 200 2 "-" "Mozilla/5.0 (compatible; DotBot/1.2; +https://opensiteexplorer.org/dotbot; help@moz.com)"
216.244.66.241 - - [19/May/2026:15:17:45 +0000] "GET /goto?target=eyJpdiI6IkI5eWhFRkE5dHlZb3gvM3E3M3JLNHc9PSIsInZhbHVlIjoiclBvQUpQYnBkdUdGbTBtUytsV0NybUY4TFcrUmRmQWVhRTJzdmtIdURSd3h1T1Iwai80Y2hQYyt5Vk9rTHkyYjVkUllSUkZUaFRGLysvelNqK3MwdXc9PSIsIm1hYyI6ImFlNjYxNDZkMTU0MTdhMDk2NGZjZWI3Yjg4OWU4YWFiMTAzZDJhYWM4OWM2ZmZmYjhmM2IzN2JjODU5OTY3YTciLCJ0YWciOiIifQ%3D%3D&category=1&app=adirondackinabox.com&jeib=a&kgej=1958 HTTP/1.1" 200 2 "-" "Mozilla/5.0 (compatible; DotBot/1.2; +https://opensiteexplorer.org/dotbot; help@moz.com)"
